{"id":1216,"date":"2019-10-17T15:54:48","date_gmt":"2019-10-17T15:54:48","guid":{"rendered":"https:\/\/distribuidorpanelrey.com.mx\/?post_type=product&#038;p=1216"},"modified":"2025-12-05T15:15:34","modified_gmt":"2025-12-05T15:15:34","slug":"impac-wet-n-seal","status":"publish","type":"product","link":"https:\/\/distribuidorpanelrey.com.mx\/producto\/impac-wet-n-seal\/","title":{"rendered":"IMPAC WET N SEAL"},"content":{"rendered":"<p>IMPAC WET N SEAL<\/p>\n<p>&nbsp;<\/p>\n<h5><span style=\"color: #000080;\"><b>DESCRIPCI\u00d3N:<\/b><\/span><\/h5>\n<p>IMPAC Wet&#8217; n Seal es un sellador asf\u00e1ltico libre de asbesto, de apariencia fibrosa y de consistencia espesa, fabricado con asfalto, aceite plastificante, fibras sint\u00e9ticas, carga mineral y mezcla de aditivos que le permiten adherirse sobre superficies de concreto h\u00famedas para reparaciones urgentes. Solo llega a secar al tacto y permanece pl\u00e1stico durante tiempo indefinido. Cuenta con excelente adherencia y facilidad de aplicaci\u00f3n.<\/p>\n<p>&nbsp;<\/p>\n<h5><span style=\"color: #000080;\"><strong>USOS:<\/strong><\/span><\/h5>\n<ul>\n<li>Para sellado de grietas y fisuras en superficies de concreto humedas, a\u00fan en condici\u00f3n extrema de lluvia y encharcamiento.<\/li>\n<li>Para sellar y resanar en superficie humeda chaflanes, cuellos de tuber\u00edas, bajadas pluviales, y cualquier punto cr\u00edtico del sistema de impermeabilizaci\u00f3n.<\/li>\n<li>Se puede aplicar como tapagoteras y reparar techos recubiertos de asfalto y traslapes de membranas asf\u00e1lticas.<\/li>\n<li>Compatible solo con sistemas impermeabilizantes de asfalto.<\/li>\n<\/ul>\n<p>&nbsp;<\/p>\n<h5><span style=\"color: #000080;\"><b>APLICACI\u00d3N<\/b><strong>:<\/strong><\/span><\/h5>\n<ul>\n<li>La superficie a tratar debe estar limpia, humeda o seca, sin polvo, sin lodo, sin material falsamente adherido.<\/li>\n<li>Aplicar una capa de IMPAC\u00ae Primario H y deje secar. (consultar la hoja t\u00e9cnica).<\/li>\n<li>Mezcle IMPAC\u00ae Wet n seal antes de usarlo. No diluir el producto.<\/li>\n<li>Aplicar con esp\u00e1tula o llana met\u00e1lica.<\/li>\n<li>Para fisuras, abrir en forma de V. Aplicar IMPAC\u00ae<\/li>\n<li>Primario H, deje secar y rellenar con IMPAC\u00ae Wet n Seal<\/li>\n<li>Para sellar el chafl\u00e1n, imprima con IMPAC\u00ae Primario H, deje secar y aplique IMPAC\u00ae Wet n Seal.<\/li>\n<li>Si el sellador se encuentra expuesto a la intemperie, se deber\u00e1 proteger con arena<\/li>\n<\/ul>\n<p>&nbsp;<\/p>\n<h5><strong><span style=\"color: #000080;\">MEDIDAS<\/span>:<\/strong><\/h5>\n<ul>\n<li>1 L<\/li>\n<\/ul>\n<p>&nbsp;<\/p>\n<h5><span style=\"color: #000080;\"><strong>RECOMENDACIONES:<\/strong><\/span><\/h5>\n<ul>\n<li>No se deje al alcance de los ni\u00f1os.<\/li>\n<li>No se recomienda aplicarlo en sistemas acr\u00edlicos.<\/li>\n<li>Almacenar el producto bajo techo, en lugar fresco y seco.<\/li>\n<li>No se recomienda como sellador de techos de l\u00e1mina met\u00e1lica o de asbesto-cemento.<\/li>\n<li>No diluir el producto.<\/li>\n<\/ul>\n<p>&nbsp;<\/p>\n<p><span style=\"color: #000080;\"><strong>ALMACENAMIENTO:<\/strong><\/span><\/p>\n<ul>\n<li>Almacene en un lugar fresco y seco, con su tapa herm\u00e9ticamente colocada. No estibar m\u00e1s de tres cubetas.<\/li>\n<\/ul>\n<p>&nbsp;<\/p>\n<figure id=\"attachment_1230\" aria-describedby=\"caption-attachment-1230\" style=\"width: 374px\" class=\"wp-caption aligncenter\"><img fetchpriority=\"high\" decoding=\"async\" class=\"size-full wp-image-1230\" src=\"https:\/\/distribuidorpanelrey.com.mx\/wp-content\/uploads\/2019\/10\/Captura-2.png\" alt=\"\" width=\"374\" height=\"299\" srcset=\"https:\/\/distribuidorpanelrey.com.mx\/wp-content\/uploads\/2019\/10\/Captura-2.png 374w, https:\/\/distribuidorpanelrey.com.mx\/wp-content\/uploads\/2019\/10\/Captura-2-64x51.png 64w, https:\/\/distribuidorpanelrey.com.mx\/wp-content\/uploads\/2019\/10\/Captura-2-300x240.png 300w\" sizes=\"(max-width: 374px) 100vw, 374px\" \/><figcaption id=\"caption-attachment-1230\" class=\"wp-caption-text\">TABLA<\/figcaption><\/figure>\n<p>&nbsp;<\/p>\n<p style=\"text-align: center;\">*En Distribuidor <a href=\"https:\/\/distribuidorpanelrey.com.mx\/\">Panel Rey Mexico<\/a> nos esforzamos por ofrecerte los mejores productos de\u00a0<a href=\"https:\/\/distribuidorpanelrey.com.mx\/tienda\/\">IMPAC<\/a><br \/>\n*La imagen puede diferir un poco del producto final *Los precios pueden variar sin previo aviso<br \/>\n*Chatea con nosotros en nuestras redes sociales.<br \/>\n*Contactanos: Tel. 71-58-02-72 o WhatsApp: (55) 3734 6342<br \/>\nNuestro correo: ventas@distribuidorpanelrey.com<br \/>\nDistribuidor Panel Rey Mexico<\/p>\n","protected":false},"excerpt":{"rendered":"<h4 style=\"text-align: center;\">Env\u00edos de 24 a 48 hr CDMX Y EDO MEX<\/h4>\n<p style=\"text-align: center;\">Rese\u00f1as\u00a0\u2605\u2605\u2605\u2605\u2605\u00a0 Env\u00edos Garantizados<\/p>\n<p style=\"text-align: center;\">Paga a meses o en efectivo.<\/p>\n<h4 style=\"text-align: center;\">\ud83d\udd25LOS MEJORES PRECIOS \ud83d\udd25<\/h4>\n","protected":false},"featured_media":1221,"comment_status":"closed","ping_status":"closed","template":"","meta":[],"product_brand":[559],"product_cat":[348],"product_tag":[153,171,146,149,174,176,175,167,151,152,150],"class_list":{"0":"post-1216","1":"product","2":"type-product","3":"status-publish","4":"has-post-thumbnail","6":"product_brand-impac","7":"product_cat-impermeabilizante","8":"product_tag-goteras","9":"product_tag-humedad","10":"product_tag-impac","11":"product_tag-impermeabilizante","12":"product_tag-mojado","13":"product_tag-negro","14":"product_tag-resanar","15":"product_tag-salitre","16":"product_tag-seal","17":"product_tag-tapa-goteras","18":"product_tag-wetn","20":"first","21":"instock","22":"sale","23":"shipping-taxable","24":"purchasable","25":"product-type-variable"},"yoast_head":"<!-- This site is optimized with the Yoast SEO plugin v27.1.1 - https:\/\/yoast.com\/product\/yoast-seo-wordpress\/ -->\n<title>IMPAC WET N SEAL - PANEL REY MEXICO | \u00a1Adquierelo aqui!<\/title>\n<meta name=\"description\" content=\"IMPAC WET N SEAL. Es un sellador asf\u00e1ltico libre de asbesto, de apariencia fibrosa y de consistencia espesa, fabricado con asfalto, aceite plastificante.\" \/>\n<meta name=\"robots\" content=\"index, follow, max-snippet:-1, max-image-preview:large, max-video-preview:-1\" \/>\n<link rel=\"canonical\" href=\"https:\/\/distribuidorpanelrey.com.mx\/producto\/impac-wet-n-seal\/\" \/>\n<meta property=\"og:locale\" content=\"es_ES\" \/>\n<meta property=\"og:type\" content=\"article\" \/>\n<meta property=\"og:title\" content=\"IMPAC WET N SEAL - PANEL REY MEXICO | \u00a1Adquierelo aqui!\" \/>\n<meta property=\"og:description\" content=\"IMPAC WET N SEAL. Es un sellador asf\u00e1ltico libre de asbesto, de apariencia fibrosa y de consistencia espesa, fabricado con asfalto, aceite plastificante.\" \/>\n<meta property=\"og:url\" content=\"https:\/\/distribuidorpanelrey.com.mx\/producto\/impac-wet-n-seal\/\" \/>\n<meta property=\"og:site_name\" content=\"PANEL REY MEXICO\" \/>\n<meta property=\"article:publisher\" content=\"https:\/\/www.facebook.com\/mexicopanelrey\/?locale=es_LA\" \/>\n<meta property=\"article:modified_time\" content=\"2025-12-05T15:15:34+00:00\" \/>\n<meta property=\"og:image\" content=\"https:\/\/distribuidorpanelrey.com.mx\/wp-content\/uploads\/2019\/10\/IMPAC-WET-DISTRIBUIDOR-PANEL-REY.png\" \/>\n\t<meta property=\"og:image:width\" content=\"500\" \/>\n\t<meta property=\"og:image:height\" content=\"500\" \/>\n\t<meta property=\"og:image:type\" content=\"image\/png\" \/>\n<meta name=\"twitter:card\" content=\"summary_large_image\" \/>\n<meta name=\"twitter:label1\" content=\"Tiempo de lectura\" \/>\n\t<meta name=\"twitter:data1\" content=\"3 minutos\" \/>\n<script type=\"application\/ld+json\" class=\"yoast-schema-graph\">{\"@context\":\"https:\/\/schema.org\",\"@graph\":[{\"@type\":\"WebPage\",\"@id\":\"https:\/\/distribuidorpanelrey.com.mx\/producto\/impac-wet-n-seal\/\",\"url\":\"https:\/\/distribuidorpanelrey.com.mx\/producto\/impac-wet-n-seal\/\",\"name\":\"IMPAC WET N SEAL - PANEL REY MEXICO | \u00a1Adquierelo aqui!\",\"isPartOf\":{\"@id\":\"https:\/\/distribuidorpanelrey.com\/#website\"},\"primaryImageOfPage\":{\"@id\":\"https:\/\/distribuidorpanelrey.com.mx\/producto\/impac-wet-n-seal\/#primaryimage\"},\"image\":{\"@id\":\"https:\/\/distribuidorpanelrey.com.mx\/producto\/impac-wet-n-seal\/#primaryimage\"},\"thumbnailUrl\":\"https:\/\/distribuidorpanelrey.com.mx\/wp-content\/uploads\/2019\/10\/IMPAC-WET-DISTRIBUIDOR-PANEL-REY.png\",\"datePublished\":\"2019-10-17T15:54:48+00:00\",\"dateModified\":\"2025-12-05T15:15:34+00:00\",\"description\":\"IMPAC WET N SEAL. Es un sellador asf\u00e1ltico libre de asbesto, de apariencia fibrosa y de consistencia espesa, fabricado con asfalto, aceite plastificante.\",\"breadcrumb\":{\"@id\":\"https:\/\/distribuidorpanelrey.com.mx\/producto\/impac-wet-n-seal\/#breadcrumb\"},\"inLanguage\":\"es\",\"potentialAction\":[{\"@type\":\"ReadAction\",\"target\":[\"https:\/\/distribuidorpanelrey.com.mx\/producto\/impac-wet-n-seal\/\"]}]},{\"@type\":\"ImageObject\",\"inLanguage\":\"es\",\"@id\":\"https:\/\/distribuidorpanelrey.com.mx\/producto\/impac-wet-n-seal\/#primaryimage\",\"url\":\"https:\/\/distribuidorpanelrey.com.mx\/wp-content\/uploads\/2019\/10\/IMPAC-WET-DISTRIBUIDOR-PANEL-REY.png\",\"contentUrl\":\"https:\/\/distribuidorpanelrey.com.mx\/wp-content\/uploads\/2019\/10\/IMPAC-WET-DISTRIBUIDOR-PANEL-REY.png\",\"width\":500,\"height\":500,\"caption\":\"IMPAC-WET-DISTRIBUIDOR-PANEL-REY\"},{\"@type\":\"BreadcrumbList\",\"@id\":\"https:\/\/distribuidorpanelrey.com.mx\/producto\/impac-wet-n-seal\/#breadcrumb\",\"itemListElement\":[{\"@type\":\"ListItem\",\"position\":1,\"name\":\"Portada\",\"item\":\"https:\/\/distribuidorpanelrey.com.mx\/\"},{\"@type\":\"ListItem\",\"position\":2,\"name\":\"Productos\",\"item\":\"https:\/\/distribuidorpanelrey.com\/tienda\/\"},{\"@type\":\"ListItem\",\"position\":3,\"name\":\"IMPAC WET N SEAL\"}]},{\"@type\":\"WebSite\",\"@id\":\"https:\/\/distribuidorpanelrey.com\/#website\",\"url\":\"https:\/\/distribuidorpanelrey.com\/\",\"name\":\"PANEL REY MEXICO\",\"description\":\"DISTRIBUIDOR PANEL REY\",\"publisher\":{\"@id\":\"https:\/\/distribuidorpanelrey.com\/#organization\"},\"alternateName\":\"DISTRIBUIDOR PANEL REY\",\"potentialAction\":[{\"@type\":\"SearchAction\",\"target\":{\"@type\":\"EntryPoint\",\"urlTemplate\":\"https:\/\/distribuidorpanelrey.com\/?s={search_term_string}\"},\"query-input\":{\"@type\":\"PropertyValueSpecification\",\"valueRequired\":true,\"valueName\":\"search_term_string\"}}],\"inLanguage\":\"es\"},{\"@type\":\"Organization\",\"@id\":\"https:\/\/distribuidorpanelrey.com\/#organization\",\"name\":\"PANEL REY MEXICO\",\"url\":\"https:\/\/distribuidorpanelrey.com\/\",\"logo\":{\"@type\":\"ImageObject\",\"inLanguage\":\"es\",\"@id\":\"https:\/\/distribuidorpanelrey.com\/#\/schema\/logo\/image\/\",\"url\":\"https:\/\/distribuidorpanelrey.com.mx\/wp-content\/uploads\/2023\/11\/panelrey.webp\",\"contentUrl\":\"https:\/\/distribuidorpanelrey.com.mx\/wp-content\/uploads\/2023\/11\/panelrey.webp\",\"width\":400,\"height\":150,\"caption\":\"PANEL REY MEXICO\"},\"image\":{\"@id\":\"https:\/\/distribuidorpanelrey.com\/#\/schema\/logo\/image\/\"},\"sameAs\":[\"https:\/\/www.facebook.com\/mexicopanelrey\/?locale=es_LA\",\"https:\/\/www.instagram.com\/panel_rey_mexico\/?hl=es\"]}]}<\/script>\n<!-- \/ Yoast SEO plugin. -->","yoast_head_json":{"title":"IMPAC WET N SEAL - PANEL REY MEXICO | \u00a1Adquierelo aqui!","description":"IMPAC WET N SEAL. Es un sellador asf\u00e1ltico libre de asbesto, de apariencia fibrosa y de consistencia espesa, fabricado con asfalto, aceite plastificante.","robots":{"index":"index","follow":"follow","max-snippet":"max-snippet:-1","max-image-preview":"max-image-preview:large","max-video-preview":"max-video-preview:-1"},"canonical":"https:\/\/distribuidorpanelrey.com.mx\/producto\/impac-wet-n-seal\/","og_locale":"es_ES","og_type":"article","og_title":"IMPAC WET N SEAL - PANEL REY MEXICO | \u00a1Adquierelo aqui!","og_description":"IMPAC WET N SEAL. Es un sellador asf\u00e1ltico libre de asbesto, de apariencia fibrosa y de consistencia espesa, fabricado con asfalto, aceite plastificante.","og_url":"https:\/\/distribuidorpanelrey.com.mx\/producto\/impac-wet-n-seal\/","og_site_name":"PANEL REY MEXICO","article_publisher":"https:\/\/www.facebook.com\/mexicopanelrey\/?locale=es_LA","article_modified_time":"2025-12-05T15:15:34+00:00","og_image":[{"width":500,"height":500,"url":"https:\/\/distribuidorpanelrey.com.mx\/wp-content\/uploads\/2019\/10\/IMPAC-WET-DISTRIBUIDOR-PANEL-REY.png","type":"image\/png"}],"twitter_card":"summary_large_image","twitter_misc":{"Tiempo de lectura":"3 minutos"},"schema":{"@context":"https:\/\/schema.org","@graph":[{"@type":"WebPage","@id":"https:\/\/distribuidorpanelrey.com.mx\/producto\/impac-wet-n-seal\/","url":"https:\/\/distribuidorpanelrey.com.mx\/producto\/impac-wet-n-seal\/","name":"IMPAC WET N SEAL - PANEL REY MEXICO | \u00a1Adquierelo aqui!","isPartOf":{"@id":"https:\/\/distribuidorpanelrey.com\/#website"},"primaryImageOfPage":{"@id":"https:\/\/distribuidorpanelrey.com.mx\/producto\/impac-wet-n-seal\/#primaryimage"},"image":{"@id":"https:\/\/distribuidorpanelrey.com.mx\/producto\/impac-wet-n-seal\/#primaryimage"},"thumbnailUrl":"https:\/\/distribuidorpanelrey.com.mx\/wp-content\/uploads\/2019\/10\/IMPAC-WET-DISTRIBUIDOR-PANEL-REY.png","datePublished":"2019-10-17T15:54:48+00:00","dateModified":"2025-12-05T15:15:34+00:00","description":"IMPAC WET N SEAL. Es un sellador asf\u00e1ltico libre de asbesto, de apariencia fibrosa y de consistencia espesa, fabricado con asfalto, aceite plastificante.","breadcrumb":{"@id":"https:\/\/distribuidorpanelrey.com.mx\/producto\/impac-wet-n-seal\/#breadcrumb"},"inLanguage":"es","potentialAction":[{"@type":"ReadAction","target":["https:\/\/distribuidorpanelrey.com.mx\/producto\/impac-wet-n-seal\/"]}]},{"@type":"ImageObject","inLanguage":"es","@id":"https:\/\/distribuidorpanelrey.com.mx\/producto\/impac-wet-n-seal\/#primaryimage","url":"https:\/\/distribuidorpanelrey.com.mx\/wp-content\/uploads\/2019\/10\/IMPAC-WET-DISTRIBUIDOR-PANEL-REY.png","contentUrl":"https:\/\/distribuidorpanelrey.com.mx\/wp-content\/uploads\/2019\/10\/IMPAC-WET-DISTRIBUIDOR-PANEL-REY.png","width":500,"height":500,"caption":"IMPAC-WET-DISTRIBUIDOR-PANEL-REY"},{"@type":"BreadcrumbList","@id":"https:\/\/distribuidorpanelrey.com.mx\/producto\/impac-wet-n-seal\/#breadcrumb","itemListElement":[{"@type":"ListItem","position":1,"name":"Portada","item":"https:\/\/distribuidorpanelrey.com.mx\/"},{"@type":"ListItem","position":2,"name":"Productos","item":"https:\/\/distribuidorpanelrey.com\/tienda\/"},{"@type":"ListItem","position":3,"name":"IMPAC WET N SEAL"}]},{"@type":"WebSite","@id":"https:\/\/distribuidorpanelrey.com\/#website","url":"https:\/\/distribuidorpanelrey.com\/","name":"PANEL REY MEXICO","description":"DISTRIBUIDOR PANEL REY","publisher":{"@id":"https:\/\/distribuidorpanelrey.com\/#organization"},"alternateName":"DISTRIBUIDOR PANEL REY","potentialAction":[{"@type":"SearchAction","target":{"@type":"EntryPoint","urlTemplate":"https:\/\/distribuidorpanelrey.com\/?s={search_term_string}"},"query-input":{"@type":"PropertyValueSpecification","valueRequired":true,"valueName":"search_term_string"}}],"inLanguage":"es"},{"@type":"Organization","@id":"https:\/\/distribuidorpanelrey.com\/#organization","name":"PANEL REY MEXICO","url":"https:\/\/distribuidorpanelrey.com\/","logo":{"@type":"ImageObject","inLanguage":"es","@id":"https:\/\/distribuidorpanelrey.com\/#\/schema\/logo\/image\/","url":"https:\/\/distribuidorpanelrey.com.mx\/wp-content\/uploads\/2023\/11\/panelrey.webp","contentUrl":"https:\/\/distribuidorpanelrey.com.mx\/wp-content\/uploads\/2023\/11\/panelrey.webp","width":400,"height":150,"caption":"PANEL REY MEXICO"},"image":{"@id":"https:\/\/distribuidorpanelrey.com\/#\/schema\/logo\/image\/"},"sameAs":["https:\/\/www.facebook.com\/mexicopanelrey\/?locale=es_LA","https:\/\/www.instagram.com\/panel_rey_mexico\/?hl=es"]}]}},"_links":{"self":[{"href":"https:\/\/distribuidorpanelrey.com.mx\/wp-json\/wp\/v2\/product\/1216","targetHints":{"allow":["GET"]}}],"collection":[{"href":"https:\/\/distribuidorpanelrey.com.mx\/wp-json\/wp\/v2\/product"}],"about":[{"href":"https:\/\/distribuidorpanelrey.com.mx\/wp-json\/wp\/v2\/types\/product"}],"replies":[{"embeddable":true,"href":"https:\/\/distribuidorpanelrey.com.mx\/wp-json\/wp\/v2\/comments?post=1216"}],"version-history":[{"count":3,"href":"https:\/\/distribuidorpanelrey.com.mx\/wp-json\/wp\/v2\/product\/1216\/revisions"}],"predecessor-version":[{"id":6656,"href":"https:\/\/distribuidorpanelrey.com.mx\/wp-json\/wp\/v2\/product\/1216\/revisions\/6656"}],"wp:featuredmedia":[{"embeddable":true,"href":"https:\/\/distribuidorpanelrey.com.mx\/wp-json\/wp\/v2\/media\/1221"}],"wp:attachment":[{"href":"https:\/\/distribuidorpanelrey.com.mx\/wp-json\/wp\/v2\/media?parent=1216"}],"wp:term":[{"taxonomy":"product_brand","embeddable":true,"href":"https:\/\/distribuidorpanelrey.com.mx\/wp-json\/wp\/v2\/product_brand?post=1216"},{"taxonomy":"product_cat","embeddable":true,"href":"https:\/\/distribuidorpanelrey.com.mx\/wp-json\/wp\/v2\/product_cat?post=1216"},{"taxonomy":"product_tag","embeddable":true,"href":"https:\/\/distribuidorpanelrey.com.mx\/wp-json\/wp\/v2\/product_tag?post=1216"}],"curies":[{"name":"wp","href":"https:\/\/api.w.org\/{rel}","templated":true}]}}