{"id":1532,"date":"2021-02-25T23:04:49","date_gmt":"2021-02-25T23:04:49","guid":{"rendered":"https:\/\/distribuidorpanelrey.com.mx\/?post_type=product&#038;p=1532"},"modified":"2025-12-05T14:26:07","modified_gmt":"2025-12-05T14:26:07","slug":"niasa-kretbond-gris","status":"publish","type":"product","link":"https:\/\/distribuidorpanelrey.com.mx\/producto\/niasa-kretbond-gris\/","title":{"rendered":"NIASA KRETBOND GRIS"},"content":{"rendered":"<div class=\"wpb_text_column wpb_content_element \">\n<div class=\"wpb_text_column wpb_content_element \">\n<p>NIASA KRETBOND GRIS<\/p>\n<p>VENTAJAS<br \/>\nUso Interior y Exterior.<br \/>\nAdherencia qu\u00edmica superior.<br \/>\nReforzado con microfibras de f\u00e1cil dispersi\u00f3n para evitar agrietamientos.<br \/>\nResistente a vibraciones, flexiones y cambios de temperatura.<br \/>\nExcelentes valores de Ajustabilidad, Tiempo Abierto y Tiempo de Vida.<br \/>\nCumple Norma NMX-C-420.<br \/>\nProtege contra humedad.<\/p>\n<p>PREPARACI\u00d3N DE LA SUPERFICIE<\/p>\n<p>El sustrato deber\u00e1 estar limpio de polvo, grasa, pintura, \u00e1cidos, aceites y cualquier material que impida la adherencia del producto.<\/p>\n<p>&nbsp;<\/p>\n<p>PREPARACI\u00d3N DEL PRODUCTO<\/p>\n<p>1.\u00a0Para aplicaci\u00f3n con llana:\u00a0En una charola o cubeta de pl\u00e1stico limpia adicione 4.9 L de agua limpia para 20 kg de\u00a0Kretbond\u00a0batiendo bien la mezcla y asegur\u00e1ndose que no queden grumos. Deje reposar 10 minutos y bata nuevamente.<\/p>\n<p>NO AGREGUE M\u00c1S AGUA DE LA INDICADA. PERI\u00d3DICAMENTE REMEZCLE EL ADHESIVO YA PREPARADO PARA MANTENER SU CONSISTENCIA.<\/p>\n<p>2.\u00a0Para aplicaci\u00f3n con brocha o compresor:\u00a0En una charola o cubeta de pl\u00e1stico limpia adicione 6 L de agua limpia para 20 kg de\u00a0Kretbond\u00a0batiendo bien la mezcla y asegur\u00e1ndose que no queden grumos. Deje reposar 10 minutos y bata nuevamente.<\/p>\n<p>No agregue m\u00e1s agua de la indicada. peri\u00f3dicamente remezcle el adhesivo ya preparado para mantener su consistencia.<\/p>\n<p>&nbsp;<\/p>\n<h3><\/h3>\n<h3>FICHA T\u00c9CNICA\u00a0<a href=\"http:\/\/www.niasa.com.mx\/productos-niasa\/kretbond\/\">AQU\u00cd.\u00a0<\/a><\/h3>\n<p>&nbsp;<\/p>\n<p style=\"text-align: center;\">*En Distribuidor Panel Rey Mexico nos esforzamos por ofrecerte los mejores productos de\u00a0<a href=\"https:\/\/distribuidorpanelrey.com.mx\/categoria-producto\/complementos\/\">NIASA.<\/a><br \/>\n*La imagen puede diferir un poco del producto final *Los precios pueden variar sin previo aviso<br \/>\n*Los precios ya incluyen IVA *Se hacen env\u00edos a toda la Rep\u00fablica Mexicana, pregunte por nuestros descuentos en env\u00edos.<br \/>\n*Chatea con nosotros en nuestras redes sociales.<br \/>\n*Contactanos: Tel: 71-58-02-72.<br \/>\nNuestro correo: ventas@distribuidorpanelrey.com<br \/>\nDistribuidor Panel Rey Mexico<\/p>\n<\/div>\n<\/div>\n","protected":false},"excerpt":{"rendered":"<h4 style=\"text-align: center;\">Env\u00edos de 24 a 48 hr CDMX Y EDO MEX<\/h4>\n<p style=\"text-align: center;\">Rese\u00f1as\u00a0\u2605\u2605\u2605\u2605\u2605\u00a0 Env\u00edos Garantizados<\/p>\n<h4 style=\"text-align: center;\">\ud83d\udd25LOS MEJORES PRECIOS \ud83d\udd25<\/h4>\n","protected":false},"featured_media":1533,"comment_status":"closed","ping_status":"closed","template":"","meta":[],"product_brand":[567],"product_cat":[35],"product_tag":[306,259,307,305],"class_list":{"0":"post-1532","1":"product","2":"type-product","3":"status-publish","4":"has-post-thumbnail","6":"product_brand-niasa","7":"product_cat-compuestos-y-polvos","8":"product_tag-adhesivo-kretbond","9":"product_tag-basecoat","10":"product_tag-basecoat-gris-20-kg","11":"product_tag-niasa-kretbond-gris","13":"first","14":"outofstock","15":"shipping-taxable","16":"purchasable","17":"product-type-simple"},"yoast_head":"<!-- This site is optimized with the Yoast SEO plugin v27.1.1 - https:\/\/yoast.com\/product\/yoast-seo-wordpress\/ -->\n<title>NIASA KRETBOND GRIS - PANEL REY MEXICO<\/title>\n<meta name=\"description\" content=\"NIASA KRETBOND GRIS recubrimiento en polvo base cemento portland reforzado con resinas estiren-acr\u00edlicas y aditivos especiales\" \/>\n<meta name=\"robots\" content=\"index, follow, max-snippet:-1, max-image-preview:large, max-video-preview:-1\" \/>\n<link rel=\"canonical\" href=\"https:\/\/distribuidorpanelrey.com.mx\/producto\/niasa-kretbond-gris\/\" \/>\n<meta property=\"og:locale\" content=\"es_ES\" \/>\n<meta property=\"og:type\" content=\"article\" \/>\n<meta property=\"og:title\" content=\"NIASA KRETBOND GRIS - PANEL REY MEXICO\" \/>\n<meta property=\"og:description\" content=\"NIASA KRETBOND GRIS recubrimiento en polvo base cemento portland reforzado con resinas estiren-acr\u00edlicas y aditivos especiales\" \/>\n<meta property=\"og:url\" content=\"https:\/\/distribuidorpanelrey.com.mx\/producto\/niasa-kretbond-gris\/\" \/>\n<meta property=\"og:site_name\" content=\"PANEL REY MEXICO\" \/>\n<meta property=\"article:publisher\" content=\"https:\/\/www.facebook.com\/mexicopanelrey\/?locale=es_LA\" \/>\n<meta property=\"article:modified_time\" content=\"2025-12-05T14:26:07+00:00\" \/>\n<meta property=\"og:image\" content=\"https:\/\/distribuidorpanelrey.com.mx\/wp-content\/uploads\/2021\/02\/NIASA.jpg\" \/>\n\t<meta property=\"og:image:width\" content=\"1000\" \/>\n\t<meta property=\"og:image:height\" content=\"1000\" \/>\n\t<meta property=\"og:image:type\" content=\"image\/jpeg\" \/>\n<meta name=\"twitter:card\" content=\"summary_large_image\" \/>\n<meta name=\"twitter:label1\" content=\"Tiempo de lectura\" \/>\n\t<meta name=\"twitter:data1\" content=\"2 minutos\" \/>\n<script type=\"application\/ld+json\" class=\"yoast-schema-graph\">{\"@context\":\"https:\/\/schema.org\",\"@graph\":[{\"@type\":\"WebPage\",\"@id\":\"https:\/\/distribuidorpanelrey.com.mx\/producto\/niasa-kretbond-gris\/\",\"url\":\"https:\/\/distribuidorpanelrey.com.mx\/producto\/niasa-kretbond-gris\/\",\"name\":\"NIASA KRETBOND GRIS - PANEL REY MEXICO\",\"isPartOf\":{\"@id\":\"https:\/\/distribuidorpanelrey.com\/#website\"},\"primaryImageOfPage\":{\"@id\":\"https:\/\/distribuidorpanelrey.com.mx\/producto\/niasa-kretbond-gris\/#primaryimage\"},\"image\":{\"@id\":\"https:\/\/distribuidorpanelrey.com.mx\/producto\/niasa-kretbond-gris\/#primaryimage\"},\"thumbnailUrl\":\"https:\/\/distribuidorpanelrey.com.mx\/wp-content\/uploads\/2021\/02\/NIASA.jpg\",\"datePublished\":\"2021-02-25T23:04:49+00:00\",\"dateModified\":\"2025-12-05T14:26:07+00:00\",\"description\":\"NIASA KRETBOND GRIS recubrimiento en polvo base cemento portland reforzado con resinas estiren-acr\u00edlicas y aditivos especiales\",\"breadcrumb\":{\"@id\":\"https:\/\/distribuidorpanelrey.com.mx\/producto\/niasa-kretbond-gris\/#breadcrumb\"},\"inLanguage\":\"es\",\"potentialAction\":[{\"@type\":\"ReadAction\",\"target\":[\"https:\/\/distribuidorpanelrey.com.mx\/producto\/niasa-kretbond-gris\/\"]}]},{\"@type\":\"ImageObject\",\"inLanguage\":\"es\",\"@id\":\"https:\/\/distribuidorpanelrey.com.mx\/producto\/niasa-kretbond-gris\/#primaryimage\",\"url\":\"https:\/\/distribuidorpanelrey.com.mx\/wp-content\/uploads\/2021\/02\/NIASA.jpg\",\"contentUrl\":\"https:\/\/distribuidorpanelrey.com.mx\/wp-content\/uploads\/2021\/02\/NIASA.jpg\",\"width\":1000,\"height\":1000,\"caption\":\"NIASA KRETBOND GRIS\"},{\"@type\":\"BreadcrumbList\",\"@id\":\"https:\/\/distribuidorpanelrey.com.mx\/producto\/niasa-kretbond-gris\/#breadcrumb\",\"itemListElement\":[{\"@type\":\"ListItem\",\"position\":1,\"name\":\"Portada\",\"item\":\"https:\/\/distribuidorpanelrey.com.mx\/\"},{\"@type\":\"ListItem\",\"position\":2,\"name\":\"Productos\",\"item\":\"https:\/\/distribuidorpanelrey.com\/tienda\/\"},{\"@type\":\"ListItem\",\"position\":3,\"name\":\"NIASA KRETBOND GRIS\"}]},{\"@type\":\"WebSite\",\"@id\":\"https:\/\/distribuidorpanelrey.com\/#website\",\"url\":\"https:\/\/distribuidorpanelrey.com\/\",\"name\":\"PANEL REY MEXICO\",\"description\":\"DISTRIBUIDOR PANEL REY\",\"publisher\":{\"@id\":\"https:\/\/distribuidorpanelrey.com\/#organization\"},\"alternateName\":\"DISTRIBUIDOR PANEL REY\",\"potentialAction\":[{\"@type\":\"SearchAction\",\"target\":{\"@type\":\"EntryPoint\",\"urlTemplate\":\"https:\/\/distribuidorpanelrey.com\/?s={search_term_string}\"},\"query-input\":{\"@type\":\"PropertyValueSpecification\",\"valueRequired\":true,\"valueName\":\"search_term_string\"}}],\"inLanguage\":\"es\"},{\"@type\":\"Organization\",\"@id\":\"https:\/\/distribuidorpanelrey.com\/#organization\",\"name\":\"PANEL REY MEXICO\",\"url\":\"https:\/\/distribuidorpanelrey.com\/\",\"logo\":{\"@type\":\"ImageObject\",\"inLanguage\":\"es\",\"@id\":\"https:\/\/distribuidorpanelrey.com\/#\/schema\/logo\/image\/\",\"url\":\"https:\/\/distribuidorpanelrey.com.mx\/wp-content\/uploads\/2023\/11\/panelrey.webp\",\"contentUrl\":\"https:\/\/distribuidorpanelrey.com.mx\/wp-content\/uploads\/2023\/11\/panelrey.webp\",\"width\":400,\"height\":150,\"caption\":\"PANEL REY MEXICO\"},\"image\":{\"@id\":\"https:\/\/distribuidorpanelrey.com\/#\/schema\/logo\/image\/\"},\"sameAs\":[\"https:\/\/www.facebook.com\/mexicopanelrey\/?locale=es_LA\",\"https:\/\/www.instagram.com\/panel_rey_mexico\/?hl=es\"]}]}<\/script>\n<!-- \/ Yoast SEO plugin. -->","yoast_head_json":{"title":"NIASA KRETBOND GRIS - PANEL REY MEXICO","description":"NIASA KRETBOND GRIS recubrimiento en polvo base cemento portland reforzado con resinas estiren-acr\u00edlicas y aditivos especiales","robots":{"index":"index","follow":"follow","max-snippet":"max-snippet:-1","max-image-preview":"max-image-preview:large","max-video-preview":"max-video-preview:-1"},"canonical":"https:\/\/distribuidorpanelrey.com.mx\/producto\/niasa-kretbond-gris\/","og_locale":"es_ES","og_type":"article","og_title":"NIASA KRETBOND GRIS - PANEL REY MEXICO","og_description":"NIASA KRETBOND GRIS recubrimiento en polvo base cemento portland reforzado con resinas estiren-acr\u00edlicas y aditivos especiales","og_url":"https:\/\/distribuidorpanelrey.com.mx\/producto\/niasa-kretbond-gris\/","og_site_name":"PANEL REY MEXICO","article_publisher":"https:\/\/www.facebook.com\/mexicopanelrey\/?locale=es_LA","article_modified_time":"2025-12-05T14:26:07+00:00","og_image":[{"width":1000,"height":1000,"url":"https:\/\/distribuidorpanelrey.com.mx\/wp-content\/uploads\/2021\/02\/NIASA.jpg","type":"image\/jpeg"}],"twitter_card":"summary_large_image","twitter_misc":{"Tiempo de lectura":"2 minutos"},"schema":{"@context":"https:\/\/schema.org","@graph":[{"@type":"WebPage","@id":"https:\/\/distribuidorpanelrey.com.mx\/producto\/niasa-kretbond-gris\/","url":"https:\/\/distribuidorpanelrey.com.mx\/producto\/niasa-kretbond-gris\/","name":"NIASA KRETBOND GRIS - PANEL REY MEXICO","isPartOf":{"@id":"https:\/\/distribuidorpanelrey.com\/#website"},"primaryImageOfPage":{"@id":"https:\/\/distribuidorpanelrey.com.mx\/producto\/niasa-kretbond-gris\/#primaryimage"},"image":{"@id":"https:\/\/distribuidorpanelrey.com.mx\/producto\/niasa-kretbond-gris\/#primaryimage"},"thumbnailUrl":"https:\/\/distribuidorpanelrey.com.mx\/wp-content\/uploads\/2021\/02\/NIASA.jpg","datePublished":"2021-02-25T23:04:49+00:00","dateModified":"2025-12-05T14:26:07+00:00","description":"NIASA KRETBOND GRIS recubrimiento en polvo base cemento portland reforzado con resinas estiren-acr\u00edlicas y aditivos especiales","breadcrumb":{"@id":"https:\/\/distribuidorpanelrey.com.mx\/producto\/niasa-kretbond-gris\/#breadcrumb"},"inLanguage":"es","potentialAction":[{"@type":"ReadAction","target":["https:\/\/distribuidorpanelrey.com.mx\/producto\/niasa-kretbond-gris\/"]}]},{"@type":"ImageObject","inLanguage":"es","@id":"https:\/\/distribuidorpanelrey.com.mx\/producto\/niasa-kretbond-gris\/#primaryimage","url":"https:\/\/distribuidorpanelrey.com.mx\/wp-content\/uploads\/2021\/02\/NIASA.jpg","contentUrl":"https:\/\/distribuidorpanelrey.com.mx\/wp-content\/uploads\/2021\/02\/NIASA.jpg","width":1000,"height":1000,"caption":"NIASA KRETBOND GRIS"},{"@type":"BreadcrumbList","@id":"https:\/\/distribuidorpanelrey.com.mx\/producto\/niasa-kretbond-gris\/#breadcrumb","itemListElement":[{"@type":"ListItem","position":1,"name":"Portada","item":"https:\/\/distribuidorpanelrey.com.mx\/"},{"@type":"ListItem","position":2,"name":"Productos","item":"https:\/\/distribuidorpanelrey.com\/tienda\/"},{"@type":"ListItem","position":3,"name":"NIASA KRETBOND GRIS"}]},{"@type":"WebSite","@id":"https:\/\/distribuidorpanelrey.com\/#website","url":"https:\/\/distribuidorpanelrey.com\/","name":"PANEL REY MEXICO","description":"DISTRIBUIDOR PANEL REY","publisher":{"@id":"https:\/\/distribuidorpanelrey.com\/#organization"},"alternateName":"DISTRIBUIDOR PANEL REY","potentialAction":[{"@type":"SearchAction","target":{"@type":"EntryPoint","urlTemplate":"https:\/\/distribuidorpanelrey.com\/?s={search_term_string}"},"query-input":{"@type":"PropertyValueSpecification","valueRequired":true,"valueName":"search_term_string"}}],"inLanguage":"es"},{"@type":"Organization","@id":"https:\/\/distribuidorpanelrey.com\/#organization","name":"PANEL REY MEXICO","url":"https:\/\/distribuidorpanelrey.com\/","logo":{"@type":"ImageObject","inLanguage":"es","@id":"https:\/\/distribuidorpanelrey.com\/#\/schema\/logo\/image\/","url":"https:\/\/distribuidorpanelrey.com.mx\/wp-content\/uploads\/2023\/11\/panelrey.webp","contentUrl":"https:\/\/distribuidorpanelrey.com.mx\/wp-content\/uploads\/2023\/11\/panelrey.webp","width":400,"height":150,"caption":"PANEL REY MEXICO"},"image":{"@id":"https:\/\/distribuidorpanelrey.com\/#\/schema\/logo\/image\/"},"sameAs":["https:\/\/www.facebook.com\/mexicopanelrey\/?locale=es_LA","https:\/\/www.instagram.com\/panel_rey_mexico\/?hl=es"]}]}},"_links":{"self":[{"href":"https:\/\/distribuidorpanelrey.com.mx\/wp-json\/wp\/v2\/product\/1532","targetHints":{"allow":["GET"]}}],"collection":[{"href":"https:\/\/distribuidorpanelrey.com.mx\/wp-json\/wp\/v2\/product"}],"about":[{"href":"https:\/\/distribuidorpanelrey.com.mx\/wp-json\/wp\/v2\/types\/product"}],"replies":[{"embeddable":true,"href":"https:\/\/distribuidorpanelrey.com.mx\/wp-json\/wp\/v2\/comments?post=1532"}],"version-history":[{"count":4,"href":"https:\/\/distribuidorpanelrey.com.mx\/wp-json\/wp\/v2\/product\/1532\/revisions"}],"predecessor-version":[{"id":6633,"href":"https:\/\/distribuidorpanelrey.com.mx\/wp-json\/wp\/v2\/product\/1532\/revisions\/6633"}],"wp:featuredmedia":[{"embeddable":true,"href":"https:\/\/distribuidorpanelrey.com.mx\/wp-json\/wp\/v2\/media\/1533"}],"wp:attachment":[{"href":"https:\/\/distribuidorpanelrey.com.mx\/wp-json\/wp\/v2\/media?parent=1532"}],"wp:term":[{"taxonomy":"product_brand","embeddable":true,"href":"https:\/\/distribuidorpanelrey.com.mx\/wp-json\/wp\/v2\/product_brand?post=1532"},{"taxonomy":"product_cat","embeddable":true,"href":"https:\/\/distribuidorpanelrey.com.mx\/wp-json\/wp\/v2\/product_cat?post=1532"},{"taxonomy":"product_tag","embeddable":true,"href":"https:\/\/distribuidorpanelrey.com.mx\/wp-json\/wp\/v2\/product_tag?post=1532"}],"curies":[{"name":"wp","href":"https:\/\/api.w.org\/{rel}","templated":true}]}}