{"id":1754,"date":"2022-04-07T20:10:51","date_gmt":"2022-04-07T20:10:51","guid":{"rendered":"https:\/\/distribuidorpanelrey.com.mx\/?post_type=product&#038;p=1754"},"modified":"2025-08-18T04:24:01","modified_gmt":"2025-08-18T04:24:01","slug":"lijadora-orbital-ss30-b3","status":"publish","type":"product","link":"https:\/\/distribuidorpanelrey.com.mx\/producto\/lijadora-orbital-ss30-b3\/","title":{"rendered":"LIJADORA ORBITAL SS30-B3 | STANLEY"},"content":{"rendered":"<h1>LIJADORA ORBITAL SS30-B3<\/h1>\n<p>La \u00abLijadora Orbital SS30-B3\u00bb es una herramienta el\u00e9ctrica dise\u00f1ada para lijar superficies de manera eficiente y precisa. La palabra clave enfatiza el modelo espec\u00edfico ofrecido por la marca Stanley.<\/p>\n<p><strong>Descripci\u00f3n:<\/strong><\/p>\n<p>La \u00abLijadora Orbital SS30-B3\u00bb utiliza un movimiento orbital para proporcionar un acabado suave y uniforme en superficies de madera, metal y otros materiales. Es ideal para trabajos que requieren precisi\u00f3n y control durante el lijado.<\/p>\n<p>En panel rey encontraras una gran variedad de productos de herramientas electricas como la lijadora orbital SS30-B3 de la marca stanley<\/p>\n<p>CARACTERISTICAS:<\/p>\n<p><strong>Caracter\u00edsticas principales:<\/strong><\/p>\n<ol>\n<li><strong>Movimiento Orbital:<\/strong> La acci\u00f3n orbital proporciona un lijado eficiente y uniforme, reduciendo la posibilidad de marcas en la superficie.<\/li>\n<li><strong>Potencia del Motor:<\/strong> Equipada con un motor potente que ofrece la fuerza necesaria para lijar de manera efectiva.<\/li>\n<li><strong>Dise\u00f1o Ergon\u00f3mico:<\/strong> Mango ergon\u00f3mico que proporciona comodidad y control durante el uso prolongado.<\/li>\n<\/ol>\n<p>Detalles:<\/p>\n<div id=\"collapse1\" class=\"collapse in\" aria-labelledby=\"heading1\" data-parent=\"#accordion\">\n<div class=\"card-body\">\n<div class=\"sbd-featuresBenefits\">\n<ul>\n<li>Poderoso motor de 300W<\/li>\n<li>Dial de velocidad variable para velocidad \u00f3ptima en cada aplicaci\u00f3n<\/li>\n<li>Interruptor sellado contra polvo<\/li>\n<li>Disco con velcro para \u00f3ptima adhesi\u00f3n de lija<\/li>\n<li>Recolector de polvo<\/li>\n<li>Sistema de frenado para evitar da\u00f1os en la pieza de trabajo<\/li>\n<\/ul>\n<p>Especificaciones del producto:<\/p>\n<ul>\n<li>Embalaje: Caja de Cart\u00f3n<\/li>\n<li>Potencia (W): 300<\/li>\n<li>Velocidad de rotaci\u00f3n (opm): 0-13,000<\/li>\n<li>Peso unitario (kg): 1.46<\/li>\n<li>Incluye: Lijadora<\/li>\n<li>Bolsa Recolectora de Polvo<\/li>\n<li>VV<\/li>\n<li>Lijadora para acabado fino con base de lijado circular. Ideal para lijar en superficies curvas.<\/li>\n<\/ul>\n<p style=\"text-align: center;\">En\u00a0<strong data-start=\"82\" data-end=\"115\">Distribuidor Panel Rey M\u00e9xico<\/strong> encuentras calidad y confianza en productos <strong>Acero.<\/strong><br data-start=\"173\" data-end=\"176\" \/>\u2705 Env\u00edos a toda la Rep\u00fablica Mexicana. \u00a1Pregunta por nuestras promociones vigentes!<br data-start=\"259\" data-end=\"262\" data-is-only-node=\"\" \/>\u2705 Todos los precios incluyen IVA (sujetos a cambio sin previo aviso).<br data-start=\"331\" data-end=\"334\" \/>\u2705 Im\u00e1genes ilustrativas, el producto final puede presentar ligeras variaciones.<br data-start=\"413\" data-end=\"416\" \/>\ud83d\udcac \u00bfTienes dudas? Escr\u00edbenos por\u00a0<a href=\"https:\/\/www.facebook.com\/mexicopanelrey\">Facebook<\/a>\u00a0o\u00a0<a href=\"https:\/\/www.instagram.com\/panel_rey_mexico\/\">Instagram<\/a>.<br data-start=\"470\" data-end=\"473\" \/>\ud83d\udcde Tel:\u00a0<a href=\"tel:55 7397 6243\">55 7397 6243<\/a>\u00a0| WhatsApp:\u00a0<a href=\"https:\/\/api.whatsapp.com\/send?phone=525573976243\">5573976243<\/a><br data-start=\"518\" data-end=\"521\" \/>\ud83d\udce7\u00a0<a class=\"cursor-pointer\" href=\"mailto:ventas@distribuidorpanelrey.com\" rel=\"noopener\" data-start=\"524\" data-end=\"555\">ventas@distribuidorpanelrey.com<\/a><\/p>\n<\/div>\n<\/div>\n<\/div>\n","protected":false},"excerpt":{"rendered":"<h4 style=\"text-align: center;\">Env\u00edos de 24 a 48 hr CDMX Y EDO MEX<\/h4>\n<p style=\"text-align: center;\">Rese\u00f1as\u00a0\u2605\u2605\u2605\u2605\u2605\u00a0 Env\u00edos Garantizados<\/p>\n<h4 style=\"text-align: center;\">\ud83d\udd25LOS MEJORES PRECIOS \ud83d\udd25<\/h4>\n","protected":false},"featured_media":1763,"comment_status":"closed","ping_status":"closed","template":"","meta":[],"product_brand":[570],"product_cat":[324,704],"product_tag":[],"class_list":{"0":"post-1754","1":"product","2":"type-product","3":"status-publish","4":"has-post-thumbnail","6":"product_brand-stanley","7":"product_cat-herramientas-electricas","8":"product_cat-lijadora","10":"first","11":"instock","12":"shipping-taxable","13":"purchasable","14":"product-type-simple"},"yoast_head":"<!-- This site is optimized with the Yoast SEO plugin v27.1.1 - https:\/\/yoast.com\/product\/yoast-seo-wordpress\/ -->\n<title>LIJADORA ORBITAL SS30-B3 | stanley<\/title>\n<meta name=\"description\" content=\"LIJADORA ORBITAL SS30-B3 En distribuidor panel rey encontraras la mejor calidad en productos de herramientas electricas, Te esperamos en Panel Rey\" \/>\n<meta name=\"robots\" content=\"index, follow, max-snippet:-1, max-image-preview:large, max-video-preview:-1\" \/>\n<link rel=\"canonical\" href=\"https:\/\/distribuidorpanelrey.com.mx\/producto\/lijadora-orbital-ss30-b3\/\" \/>\n<meta property=\"og:locale\" content=\"es_ES\" \/>\n<meta property=\"og:type\" content=\"article\" \/>\n<meta property=\"og:title\" content=\"LIJADORA ORBITAL SS30-B3 | stanley\" \/>\n<meta property=\"og:description\" content=\"LIJADORA ORBITAL SS30-B3 En distribuidor panel rey encontraras la mejor calidad en productos de herramientas electricas, Te esperamos en Panel Rey\" \/>\n<meta property=\"og:url\" content=\"https:\/\/distribuidorpanelrey.com.mx\/producto\/lijadora-orbital-ss30-b3\/\" \/>\n<meta property=\"og:site_name\" content=\"PANEL REY MEXICO\" \/>\n<meta property=\"article:publisher\" content=\"https:\/\/www.facebook.com\/mexicopanelrey\/?locale=es_LA\" \/>\n<meta property=\"article:modified_time\" content=\"2025-08-18T04:24:01+00:00\" \/>\n<meta property=\"og:image\" content=\"https:\/\/distribuidorpanelrey.com.mx\/wp-content\/uploads\/2022\/04\/stanley-lijadora-orbital.jpg\" \/>\n\t<meta property=\"og:image:width\" content=\"500\" \/>\n\t<meta property=\"og:image:height\" content=\"500\" \/>\n\t<meta property=\"og:image:type\" content=\"image\/jpeg\" \/>\n<meta name=\"twitter:card\" content=\"summary_large_image\" \/>\n<meta name=\"twitter:label1\" content=\"Tiempo de lectura\" \/>\n\t<meta name=\"twitter:data1\" content=\"2 minutos\" \/>\n<script type=\"application\/ld+json\" class=\"yoast-schema-graph\">{\"@context\":\"https:\/\/schema.org\",\"@graph\":[{\"@type\":\"WebPage\",\"@id\":\"https:\/\/distribuidorpanelrey.com.mx\/producto\/lijadora-orbital-ss30-b3\/\",\"url\":\"https:\/\/distribuidorpanelrey.com.mx\/producto\/lijadora-orbital-ss30-b3\/\",\"name\":\"LIJADORA ORBITAL SS30-B3 | stanley\",\"isPartOf\":{\"@id\":\"https:\/\/distribuidorpanelrey.com\/#website\"},\"primaryImageOfPage\":{\"@id\":\"https:\/\/distribuidorpanelrey.com.mx\/producto\/lijadora-orbital-ss30-b3\/#primaryimage\"},\"image\":{\"@id\":\"https:\/\/distribuidorpanelrey.com.mx\/producto\/lijadora-orbital-ss30-b3\/#primaryimage\"},\"thumbnailUrl\":\"https:\/\/distribuidorpanelrey.com.mx\/wp-content\/uploads\/2022\/04\/stanley-lijadora-orbital.jpg\",\"datePublished\":\"2022-04-07T20:10:51+00:00\",\"dateModified\":\"2025-08-18T04:24:01+00:00\",\"description\":\"LIJADORA ORBITAL SS30-B3 En distribuidor panel rey encontraras la mejor calidad en productos de herramientas electricas, Te esperamos en Panel Rey\",\"breadcrumb\":{\"@id\":\"https:\/\/distribuidorpanelrey.com.mx\/producto\/lijadora-orbital-ss30-b3\/#breadcrumb\"},\"inLanguage\":\"es\",\"potentialAction\":[{\"@type\":\"ReadAction\",\"target\":[\"https:\/\/distribuidorpanelrey.com.mx\/producto\/lijadora-orbital-ss30-b3\/\"]}]},{\"@type\":\"ImageObject\",\"inLanguage\":\"es\",\"@id\":\"https:\/\/distribuidorpanelrey.com.mx\/producto\/lijadora-orbital-ss30-b3\/#primaryimage\",\"url\":\"https:\/\/distribuidorpanelrey.com.mx\/wp-content\/uploads\/2022\/04\/stanley-lijadora-orbital.jpg\",\"contentUrl\":\"https:\/\/distribuidorpanelrey.com.mx\/wp-content\/uploads\/2022\/04\/stanley-lijadora-orbital.jpg\",\"width\":500,\"height\":500,\"caption\":\"stanley-lijadora-orbital\"},{\"@type\":\"BreadcrumbList\",\"@id\":\"https:\/\/distribuidorpanelrey.com.mx\/producto\/lijadora-orbital-ss30-b3\/#breadcrumb\",\"itemListElement\":[{\"@type\":\"ListItem\",\"position\":1,\"name\":\"Portada\",\"item\":\"https:\/\/distribuidorpanelrey.com.mx\/\"},{\"@type\":\"ListItem\",\"position\":2,\"name\":\"Productos\",\"item\":\"https:\/\/distribuidorpanelrey.com\/tienda\/\"},{\"@type\":\"ListItem\",\"position\":3,\"name\":\"LIJADORA ORBITAL SS30-B3 | STANLEY\"}]},{\"@type\":\"WebSite\",\"@id\":\"https:\/\/distribuidorpanelrey.com\/#website\",\"url\":\"https:\/\/distribuidorpanelrey.com\/\",\"name\":\"PANEL REY MEXICO\",\"description\":\"DISTRIBUIDOR PANEL REY\",\"publisher\":{\"@id\":\"https:\/\/distribuidorpanelrey.com\/#organization\"},\"alternateName\":\"DISTRIBUIDOR PANEL REY\",\"potentialAction\":[{\"@type\":\"SearchAction\",\"target\":{\"@type\":\"EntryPoint\",\"urlTemplate\":\"https:\/\/distribuidorpanelrey.com\/?s={search_term_string}\"},\"query-input\":{\"@type\":\"PropertyValueSpecification\",\"valueRequired\":true,\"valueName\":\"search_term_string\"}}],\"inLanguage\":\"es\"},{\"@type\":\"Organization\",\"@id\":\"https:\/\/distribuidorpanelrey.com\/#organization\",\"name\":\"PANEL REY MEXICO\",\"url\":\"https:\/\/distribuidorpanelrey.com\/\",\"logo\":{\"@type\":\"ImageObject\",\"inLanguage\":\"es\",\"@id\":\"https:\/\/distribuidorpanelrey.com\/#\/schema\/logo\/image\/\",\"url\":\"https:\/\/distribuidorpanelrey.com.mx\/wp-content\/uploads\/2023\/11\/panelrey.webp\",\"contentUrl\":\"https:\/\/distribuidorpanelrey.com.mx\/wp-content\/uploads\/2023\/11\/panelrey.webp\",\"width\":400,\"height\":150,\"caption\":\"PANEL REY MEXICO\"},\"image\":{\"@id\":\"https:\/\/distribuidorpanelrey.com\/#\/schema\/logo\/image\/\"},\"sameAs\":[\"https:\/\/www.facebook.com\/mexicopanelrey\/?locale=es_LA\",\"https:\/\/www.instagram.com\/panel_rey_mexico\/?hl=es\"]}]}<\/script>\n<!-- \/ Yoast SEO plugin. -->","yoast_head_json":{"title":"LIJADORA ORBITAL SS30-B3 | stanley","description":"LIJADORA ORBITAL SS30-B3 En distribuidor panel rey encontraras la mejor calidad en productos de herramientas electricas, Te esperamos en Panel Rey","robots":{"index":"index","follow":"follow","max-snippet":"max-snippet:-1","max-image-preview":"max-image-preview:large","max-video-preview":"max-video-preview:-1"},"canonical":"https:\/\/distribuidorpanelrey.com.mx\/producto\/lijadora-orbital-ss30-b3\/","og_locale":"es_ES","og_type":"article","og_title":"LIJADORA ORBITAL SS30-B3 | stanley","og_description":"LIJADORA ORBITAL SS30-B3 En distribuidor panel rey encontraras la mejor calidad en productos de herramientas electricas, Te esperamos en Panel Rey","og_url":"https:\/\/distribuidorpanelrey.com.mx\/producto\/lijadora-orbital-ss30-b3\/","og_site_name":"PANEL REY MEXICO","article_publisher":"https:\/\/www.facebook.com\/mexicopanelrey\/?locale=es_LA","article_modified_time":"2025-08-18T04:24:01+00:00","og_image":[{"width":500,"height":500,"url":"https:\/\/distribuidorpanelrey.com.mx\/wp-content\/uploads\/2022\/04\/stanley-lijadora-orbital.jpg","type":"image\/jpeg"}],"twitter_card":"summary_large_image","twitter_misc":{"Tiempo de lectura":"2 minutos"},"schema":{"@context":"https:\/\/schema.org","@graph":[{"@type":"WebPage","@id":"https:\/\/distribuidorpanelrey.com.mx\/producto\/lijadora-orbital-ss30-b3\/","url":"https:\/\/distribuidorpanelrey.com.mx\/producto\/lijadora-orbital-ss30-b3\/","name":"LIJADORA ORBITAL SS30-B3 | stanley","isPartOf":{"@id":"https:\/\/distribuidorpanelrey.com\/#website"},"primaryImageOfPage":{"@id":"https:\/\/distribuidorpanelrey.com.mx\/producto\/lijadora-orbital-ss30-b3\/#primaryimage"},"image":{"@id":"https:\/\/distribuidorpanelrey.com.mx\/producto\/lijadora-orbital-ss30-b3\/#primaryimage"},"thumbnailUrl":"https:\/\/distribuidorpanelrey.com.mx\/wp-content\/uploads\/2022\/04\/stanley-lijadora-orbital.jpg","datePublished":"2022-04-07T20:10:51+00:00","dateModified":"2025-08-18T04:24:01+00:00","description":"LIJADORA ORBITAL SS30-B3 En distribuidor panel rey encontraras la mejor calidad en productos de herramientas electricas, Te esperamos en Panel Rey","breadcrumb":{"@id":"https:\/\/distribuidorpanelrey.com.mx\/producto\/lijadora-orbital-ss30-b3\/#breadcrumb"},"inLanguage":"es","potentialAction":[{"@type":"ReadAction","target":["https:\/\/distribuidorpanelrey.com.mx\/producto\/lijadora-orbital-ss30-b3\/"]}]},{"@type":"ImageObject","inLanguage":"es","@id":"https:\/\/distribuidorpanelrey.com.mx\/producto\/lijadora-orbital-ss30-b3\/#primaryimage","url":"https:\/\/distribuidorpanelrey.com.mx\/wp-content\/uploads\/2022\/04\/stanley-lijadora-orbital.jpg","contentUrl":"https:\/\/distribuidorpanelrey.com.mx\/wp-content\/uploads\/2022\/04\/stanley-lijadora-orbital.jpg","width":500,"height":500,"caption":"stanley-lijadora-orbital"},{"@type":"BreadcrumbList","@id":"https:\/\/distribuidorpanelrey.com.mx\/producto\/lijadora-orbital-ss30-b3\/#breadcrumb","itemListElement":[{"@type":"ListItem","position":1,"name":"Portada","item":"https:\/\/distribuidorpanelrey.com.mx\/"},{"@type":"ListItem","position":2,"name":"Productos","item":"https:\/\/distribuidorpanelrey.com\/tienda\/"},{"@type":"ListItem","position":3,"name":"LIJADORA ORBITAL SS30-B3 | STANLEY"}]},{"@type":"WebSite","@id":"https:\/\/distribuidorpanelrey.com\/#website","url":"https:\/\/distribuidorpanelrey.com\/","name":"PANEL REY MEXICO","description":"DISTRIBUIDOR PANEL REY","publisher":{"@id":"https:\/\/distribuidorpanelrey.com\/#organization"},"alternateName":"DISTRIBUIDOR PANEL REY","potentialAction":[{"@type":"SearchAction","target":{"@type":"EntryPoint","urlTemplate":"https:\/\/distribuidorpanelrey.com\/?s={search_term_string}"},"query-input":{"@type":"PropertyValueSpecification","valueRequired":true,"valueName":"search_term_string"}}],"inLanguage":"es"},{"@type":"Organization","@id":"https:\/\/distribuidorpanelrey.com\/#organization","name":"PANEL REY MEXICO","url":"https:\/\/distribuidorpanelrey.com\/","logo":{"@type":"ImageObject","inLanguage":"es","@id":"https:\/\/distribuidorpanelrey.com\/#\/schema\/logo\/image\/","url":"https:\/\/distribuidorpanelrey.com.mx\/wp-content\/uploads\/2023\/11\/panelrey.webp","contentUrl":"https:\/\/distribuidorpanelrey.com.mx\/wp-content\/uploads\/2023\/11\/panelrey.webp","width":400,"height":150,"caption":"PANEL REY MEXICO"},"image":{"@id":"https:\/\/distribuidorpanelrey.com\/#\/schema\/logo\/image\/"},"sameAs":["https:\/\/www.facebook.com\/mexicopanelrey\/?locale=es_LA","https:\/\/www.instagram.com\/panel_rey_mexico\/?hl=es"]}]}},"_links":{"self":[{"href":"https:\/\/distribuidorpanelrey.com.mx\/wp-json\/wp\/v2\/product\/1754","targetHints":{"allow":["GET"]}}],"collection":[{"href":"https:\/\/distribuidorpanelrey.com.mx\/wp-json\/wp\/v2\/product"}],"about":[{"href":"https:\/\/distribuidorpanelrey.com.mx\/wp-json\/wp\/v2\/types\/product"}],"replies":[{"embeddable":true,"href":"https:\/\/distribuidorpanelrey.com.mx\/wp-json\/wp\/v2\/comments?post=1754"}],"version-history":[{"count":4,"href":"https:\/\/distribuidorpanelrey.com.mx\/wp-json\/wp\/v2\/product\/1754\/revisions"}],"predecessor-version":[{"id":4610,"href":"https:\/\/distribuidorpanelrey.com.mx\/wp-json\/wp\/v2\/product\/1754\/revisions\/4610"}],"wp:featuredmedia":[{"embeddable":true,"href":"https:\/\/distribuidorpanelrey.com.mx\/wp-json\/wp\/v2\/media\/1763"}],"wp:attachment":[{"href":"https:\/\/distribuidorpanelrey.com.mx\/wp-json\/wp\/v2\/media?parent=1754"}],"wp:term":[{"taxonomy":"product_brand","embeddable":true,"href":"https:\/\/distribuidorpanelrey.com.mx\/wp-json\/wp\/v2\/product_brand?post=1754"},{"taxonomy":"product_cat","embeddable":true,"href":"https:\/\/distribuidorpanelrey.com.mx\/wp-json\/wp\/v2\/product_cat?post=1754"},{"taxonomy":"product_tag","embeddable":true,"href":"https:\/\/distribuidorpanelrey.com.mx\/wp-json\/wp\/v2\/product_tag?post=1754"}],"curies":[{"name":"wp","href":"https:\/\/api.w.org\/{rel}","templated":true}]}}