{"id":1759,"date":"2022-04-11T17:17:15","date_gmt":"2022-04-11T17:17:15","guid":{"rendered":"https:\/\/distribuidorpanelrey.com.mx\/?post_type=product&#038;p=1759"},"modified":"2025-08-18T04:23:51","modified_gmt":"2025-08-18T04:23:51","slug":"lijadora-de-banda-720w","status":"publish","type":"product","link":"https:\/\/distribuidorpanelrey.com.mx\/producto\/lijadora-de-banda-720w\/","title":{"rendered":"LIJADORA DE BANDA 720 W | STANLEY"},"content":{"rendered":"<h1 style=\"text-align: center;\">LIJADORA DE BANDA 720W<\/h1>\n<p>LIJADORA DE BANDA 720W es una herramienta el\u00e9ctrica dise\u00f1ada para lijar superficies de manera r\u00e1pida y eficiente. La palabra clave \u00abLijadora de Banda 720 W | Stanley\u00bb enfatiza el modelo espec\u00edfico ofrecido por la marca Stanley.<\/p>\n<p><strong>Descripci\u00f3n:<\/strong><\/p>\n<p>La \u00abLijadora de Banda 720 W | Stanley\u00bb est\u00e1 equipada con una banda abrasiva que gira continuamente para lijar superficies de madera, metal y otros materiales. Esta herramienta es ideal para trabajos que requieren un acabado liso y uniforme en grandes \u00e1reas.<\/p>\n<p>Termina m\u00e1s r\u00e1pido tus proyectos y con la misma calidad con ayuda de esta<strong>\u00a0lijadora de banda Stanley\u00a0SB90-B3<\/strong>, especial para uso profesional en carpinter\u00eda; te ayuda a realizar un lijado m\u00e1s eficiente y retira capas completas de pintura.<\/p>\n<p>Su medida es de 3&#8243; x 21&#8243; y cuenta con un potente motor de 900 Watts con velocidad variable, as\u00ed como interruptor de dos dedos con bot\u00f3n de bloqueo y palanca de tensi\u00f3n para cambio r\u00e1pido. Incluye bolsa recolectora de polvo para que mantengas limpia el \u00e1rea de trabajo.<\/p>\n<p>\u00a1Adquiere esta m\u00e1quina Stanley aqu\u00ed!<\/p>\n<p>&nbsp;<\/p>\n<p>Si requieres mayor informaci\u00f3n sobre la maquina te dejamos la ficha t\u00e9cnica <a href=\"https:\/\/www.dwmx.mx\/lijadora-banda-stanley-STGS7221\">aqu\u00ed<\/a><\/p>\n<p>&nbsp;<\/p>\n<p>&nbsp;<\/p>\n<p style=\"text-align: center;\">En\u00a0<strong data-start=\"82\" data-end=\"115\">Distribuidor Panel Rey M\u00e9xico<\/strong> encuentras calidad y confianza en productos <strong>Acero.<\/strong><br data-start=\"173\" data-end=\"176\" \/>\u2705 Env\u00edos a toda la Rep\u00fablica Mexicana. \u00a1Pregunta por nuestras promociones vigentes!<br data-start=\"259\" data-end=\"262\" data-is-only-node=\"\" \/>\u2705 Todos los precios incluyen IVA (sujetos a cambio sin previo aviso).<br data-start=\"331\" data-end=\"334\" \/>\u2705 Im\u00e1genes ilustrativas, el producto final puede presentar ligeras variaciones.<br data-start=\"413\" data-end=\"416\" \/>\ud83d\udcac \u00bfTienes dudas? Escr\u00edbenos por\u00a0<a href=\"https:\/\/www.facebook.com\/mexicopanelrey\">Facebook<\/a>\u00a0o\u00a0<a href=\"https:\/\/www.instagram.com\/panel_rey_mexico\/\">Instagram<\/a>.<br data-start=\"470\" data-end=\"473\" \/>\ud83d\udcde Tel:\u00a0<a href=\"tel:55 7397 6243\">55 7397 6243<\/a>\u00a0| WhatsApp:\u00a0<a href=\"https:\/\/api.whatsapp.com\/send?phone=525573976243\">5573976243<\/a><br data-start=\"518\" data-end=\"521\" \/>\ud83d\udce7\u00a0<a class=\"cursor-pointer\" href=\"mailto:ventas@distribuidorpanelrey.com\" rel=\"noopener\" data-start=\"524\" data-end=\"555\">ventas@distribuidorpanelrey.com<\/a><\/p>\n","protected":false},"excerpt":{"rendered":"<h4 style=\"text-align: center;\">Env\u00edos de 24 a 48 hr CDMX Y EDO MEX<\/h4>\n<p style=\"text-align: center;\">Rese\u00f1as\u00a0\u2605\u2605\u2605\u2605\u2605\u00a0 Env\u00edos Garantizados<\/p>\n<h4 style=\"text-align: center;\">\ud83d\udd25LOS MEJORES PRECIOS \ud83d\udd25<\/h4>\n","protected":false},"featured_media":1762,"comment_status":"closed","ping_status":"closed","template":"","meta":[],"product_brand":[570],"product_cat":[324,704],"product_tag":[322,326,327,329,328,111,319],"class_list":{"0":"post-1759","1":"product","2":"type-product","3":"status-publish","4":"has-post-thumbnail","6":"product_brand-stanley","7":"product_cat-herramientas-electricas","8":"product_cat-lijadora","9":"product_tag-herramienta-electrica","10":"product_tag-lijadora","11":"product_tag-lijadora-de-banda","12":"product_tag-lijadora-de-banda-900w","13":"product_tag-lijadora-stanley","14":"product_tag-panel-rey","15":"product_tag-stanley","17":"first","18":"instock","19":"shipping-taxable","20":"purchasable","21":"product-type-simple"},"yoast_head":"<!-- This site is optimized with the Yoast SEO plugin v27.1.1 - https:\/\/yoast.com\/product\/yoast-seo-wordpress\/ -->\n<title>LIJADORA DE BANDA 720W | FERREKASA MEXICO<\/title>\n<meta name=\"description\" content=\"LIJADORA DE BANDA 720W Termina m\u00e1s r\u00e1pido tus proyectos y con la misma calidad con ayuda de esta\u00a0lijadora de banda 720w Stanley\u00a0\" \/>\n<meta name=\"robots\" content=\"index, follow, max-snippet:-1, max-image-preview:large, max-video-preview:-1\" \/>\n<link rel=\"canonical\" href=\"https:\/\/distribuidorpanelrey.com.mx\/producto\/lijadora-de-banda-720w\/\" \/>\n<meta property=\"og:locale\" content=\"es_ES\" \/>\n<meta property=\"og:type\" content=\"article\" \/>\n<meta property=\"og:title\" content=\"LIJADORA DE BANDA 720W | FERREKASA MEXICO\" \/>\n<meta property=\"og:description\" content=\"LIJADORA DE BANDA 720W Termina m\u00e1s r\u00e1pido tus proyectos y con la misma calidad con ayuda de esta\u00a0lijadora de banda 720w Stanley\u00a0\" \/>\n<meta property=\"og:url\" content=\"https:\/\/distribuidorpanelrey.com.mx\/producto\/lijadora-de-banda-720w\/\" \/>\n<meta property=\"og:site_name\" content=\"PANEL REY MEXICO\" \/>\n<meta property=\"article:publisher\" content=\"https:\/\/www.facebook.com\/mexicopanelrey\/?locale=es_LA\" \/>\n<meta property=\"article:modified_time\" content=\"2025-08-18T04:23:51+00:00\" \/>\n<meta property=\"og:image\" content=\"https:\/\/distribuidorpanelrey.com.mx\/wp-content\/uploads\/2022\/04\/stanley-lijadora-de-banda.jpg\" \/>\n\t<meta property=\"og:image:width\" content=\"500\" \/>\n\t<meta property=\"og:image:height\" content=\"500\" \/>\n\t<meta property=\"og:image:type\" content=\"image\/jpeg\" \/>\n<meta name=\"twitter:card\" content=\"summary_large_image\" \/>\n<meta name=\"twitter:label1\" content=\"Tiempo de lectura\" \/>\n\t<meta name=\"twitter:data1\" content=\"2 minutos\" \/>\n<script type=\"application\/ld+json\" class=\"yoast-schema-graph\">{\"@context\":\"https:\/\/schema.org\",\"@graph\":[{\"@type\":\"WebPage\",\"@id\":\"https:\/\/distribuidorpanelrey.com.mx\/producto\/lijadora-de-banda-720w\/\",\"url\":\"https:\/\/distribuidorpanelrey.com.mx\/producto\/lijadora-de-banda-720w\/\",\"name\":\"LIJADORA DE BANDA 720W | FERREKASA MEXICO\",\"isPartOf\":{\"@id\":\"https:\/\/distribuidorpanelrey.com\/#website\"},\"primaryImageOfPage\":{\"@id\":\"https:\/\/distribuidorpanelrey.com.mx\/producto\/lijadora-de-banda-720w\/#primaryimage\"},\"image\":{\"@id\":\"https:\/\/distribuidorpanelrey.com.mx\/producto\/lijadora-de-banda-720w\/#primaryimage\"},\"thumbnailUrl\":\"https:\/\/distribuidorpanelrey.com.mx\/wp-content\/uploads\/2022\/04\/stanley-lijadora-de-banda.jpg\",\"datePublished\":\"2022-04-11T17:17:15+00:00\",\"dateModified\":\"2025-08-18T04:23:51+00:00\",\"description\":\"LIJADORA DE BANDA 720W Termina m\u00e1s r\u00e1pido tus proyectos y con la misma calidad con ayuda de esta\u00a0lijadora de banda 720w Stanley\u00a0\",\"breadcrumb\":{\"@id\":\"https:\/\/distribuidorpanelrey.com.mx\/producto\/lijadora-de-banda-720w\/#breadcrumb\"},\"inLanguage\":\"es\",\"potentialAction\":[{\"@type\":\"ReadAction\",\"target\":[\"https:\/\/distribuidorpanelrey.com.mx\/producto\/lijadora-de-banda-720w\/\"]}]},{\"@type\":\"ImageObject\",\"inLanguage\":\"es\",\"@id\":\"https:\/\/distribuidorpanelrey.com.mx\/producto\/lijadora-de-banda-720w\/#primaryimage\",\"url\":\"https:\/\/distribuidorpanelrey.com.mx\/wp-content\/uploads\/2022\/04\/stanley-lijadora-de-banda.jpg\",\"contentUrl\":\"https:\/\/distribuidorpanelrey.com.mx\/wp-content\/uploads\/2022\/04\/stanley-lijadora-de-banda.jpg\",\"width\":500,\"height\":500,\"caption\":\"stanley-lijadora-de-banda\"},{\"@type\":\"BreadcrumbList\",\"@id\":\"https:\/\/distribuidorpanelrey.com.mx\/producto\/lijadora-de-banda-720w\/#breadcrumb\",\"itemListElement\":[{\"@type\":\"ListItem\",\"position\":1,\"name\":\"Portada\",\"item\":\"https:\/\/distribuidorpanelrey.com.mx\/\"},{\"@type\":\"ListItem\",\"position\":2,\"name\":\"Productos\",\"item\":\"https:\/\/distribuidorpanelrey.com\/tienda\/\"},{\"@type\":\"ListItem\",\"position\":3,\"name\":\"LIJADORA DE BANDA 720 W | STANLEY\"}]},{\"@type\":\"WebSite\",\"@id\":\"https:\/\/distribuidorpanelrey.com\/#website\",\"url\":\"https:\/\/distribuidorpanelrey.com\/\",\"name\":\"PANEL REY MEXICO\",\"description\":\"DISTRIBUIDOR PANEL REY\",\"publisher\":{\"@id\":\"https:\/\/distribuidorpanelrey.com\/#organization\"},\"alternateName\":\"DISTRIBUIDOR PANEL REY\",\"potentialAction\":[{\"@type\":\"SearchAction\",\"target\":{\"@type\":\"EntryPoint\",\"urlTemplate\":\"https:\/\/distribuidorpanelrey.com\/?s={search_term_string}\"},\"query-input\":{\"@type\":\"PropertyValueSpecification\",\"valueRequired\":true,\"valueName\":\"search_term_string\"}}],\"inLanguage\":\"es\"},{\"@type\":\"Organization\",\"@id\":\"https:\/\/distribuidorpanelrey.com\/#organization\",\"name\":\"PANEL REY MEXICO\",\"url\":\"https:\/\/distribuidorpanelrey.com\/\",\"logo\":{\"@type\":\"ImageObject\",\"inLanguage\":\"es\",\"@id\":\"https:\/\/distribuidorpanelrey.com\/#\/schema\/logo\/image\/\",\"url\":\"https:\/\/distribuidorpanelrey.com.mx\/wp-content\/uploads\/2023\/11\/panelrey.webp\",\"contentUrl\":\"https:\/\/distribuidorpanelrey.com.mx\/wp-content\/uploads\/2023\/11\/panelrey.webp\",\"width\":400,\"height\":150,\"caption\":\"PANEL REY MEXICO\"},\"image\":{\"@id\":\"https:\/\/distribuidorpanelrey.com\/#\/schema\/logo\/image\/\"},\"sameAs\":[\"https:\/\/www.facebook.com\/mexicopanelrey\/?locale=es_LA\",\"https:\/\/www.instagram.com\/panel_rey_mexico\/?hl=es\"]}]}<\/script>\n<!-- \/ Yoast SEO plugin. -->","yoast_head_json":{"title":"LIJADORA DE BANDA 720W | FERREKASA MEXICO","description":"LIJADORA DE BANDA 720W Termina m\u00e1s r\u00e1pido tus proyectos y con la misma calidad con ayuda de esta\u00a0lijadora de banda 720w Stanley\u00a0","robots":{"index":"index","follow":"follow","max-snippet":"max-snippet:-1","max-image-preview":"max-image-preview:large","max-video-preview":"max-video-preview:-1"},"canonical":"https:\/\/distribuidorpanelrey.com.mx\/producto\/lijadora-de-banda-720w\/","og_locale":"es_ES","og_type":"article","og_title":"LIJADORA DE BANDA 720W | FERREKASA MEXICO","og_description":"LIJADORA DE BANDA 720W Termina m\u00e1s r\u00e1pido tus proyectos y con la misma calidad con ayuda de esta\u00a0lijadora de banda 720w Stanley\u00a0","og_url":"https:\/\/distribuidorpanelrey.com.mx\/producto\/lijadora-de-banda-720w\/","og_site_name":"PANEL REY MEXICO","article_publisher":"https:\/\/www.facebook.com\/mexicopanelrey\/?locale=es_LA","article_modified_time":"2025-08-18T04:23:51+00:00","og_image":[{"width":500,"height":500,"url":"https:\/\/distribuidorpanelrey.com.mx\/wp-content\/uploads\/2022\/04\/stanley-lijadora-de-banda.jpg","type":"image\/jpeg"}],"twitter_card":"summary_large_image","twitter_misc":{"Tiempo de lectura":"2 minutos"},"schema":{"@context":"https:\/\/schema.org","@graph":[{"@type":"WebPage","@id":"https:\/\/distribuidorpanelrey.com.mx\/producto\/lijadora-de-banda-720w\/","url":"https:\/\/distribuidorpanelrey.com.mx\/producto\/lijadora-de-banda-720w\/","name":"LIJADORA DE BANDA 720W | FERREKASA MEXICO","isPartOf":{"@id":"https:\/\/distribuidorpanelrey.com\/#website"},"primaryImageOfPage":{"@id":"https:\/\/distribuidorpanelrey.com.mx\/producto\/lijadora-de-banda-720w\/#primaryimage"},"image":{"@id":"https:\/\/distribuidorpanelrey.com.mx\/producto\/lijadora-de-banda-720w\/#primaryimage"},"thumbnailUrl":"https:\/\/distribuidorpanelrey.com.mx\/wp-content\/uploads\/2022\/04\/stanley-lijadora-de-banda.jpg","datePublished":"2022-04-11T17:17:15+00:00","dateModified":"2025-08-18T04:23:51+00:00","description":"LIJADORA DE BANDA 720W Termina m\u00e1s r\u00e1pido tus proyectos y con la misma calidad con ayuda de esta\u00a0lijadora de banda 720w Stanley\u00a0","breadcrumb":{"@id":"https:\/\/distribuidorpanelrey.com.mx\/producto\/lijadora-de-banda-720w\/#breadcrumb"},"inLanguage":"es","potentialAction":[{"@type":"ReadAction","target":["https:\/\/distribuidorpanelrey.com.mx\/producto\/lijadora-de-banda-720w\/"]}]},{"@type":"ImageObject","inLanguage":"es","@id":"https:\/\/distribuidorpanelrey.com.mx\/producto\/lijadora-de-banda-720w\/#primaryimage","url":"https:\/\/distribuidorpanelrey.com.mx\/wp-content\/uploads\/2022\/04\/stanley-lijadora-de-banda.jpg","contentUrl":"https:\/\/distribuidorpanelrey.com.mx\/wp-content\/uploads\/2022\/04\/stanley-lijadora-de-banda.jpg","width":500,"height":500,"caption":"stanley-lijadora-de-banda"},{"@type":"BreadcrumbList","@id":"https:\/\/distribuidorpanelrey.com.mx\/producto\/lijadora-de-banda-720w\/#breadcrumb","itemListElement":[{"@type":"ListItem","position":1,"name":"Portada","item":"https:\/\/distribuidorpanelrey.com.mx\/"},{"@type":"ListItem","position":2,"name":"Productos","item":"https:\/\/distribuidorpanelrey.com\/tienda\/"},{"@type":"ListItem","position":3,"name":"LIJADORA DE BANDA 720 W | STANLEY"}]},{"@type":"WebSite","@id":"https:\/\/distribuidorpanelrey.com\/#website","url":"https:\/\/distribuidorpanelrey.com\/","name":"PANEL REY MEXICO","description":"DISTRIBUIDOR PANEL REY","publisher":{"@id":"https:\/\/distribuidorpanelrey.com\/#organization"},"alternateName":"DISTRIBUIDOR PANEL REY","potentialAction":[{"@type":"SearchAction","target":{"@type":"EntryPoint","urlTemplate":"https:\/\/distribuidorpanelrey.com\/?s={search_term_string}"},"query-input":{"@type":"PropertyValueSpecification","valueRequired":true,"valueName":"search_term_string"}}],"inLanguage":"es"},{"@type":"Organization","@id":"https:\/\/distribuidorpanelrey.com\/#organization","name":"PANEL REY MEXICO","url":"https:\/\/distribuidorpanelrey.com\/","logo":{"@type":"ImageObject","inLanguage":"es","@id":"https:\/\/distribuidorpanelrey.com\/#\/schema\/logo\/image\/","url":"https:\/\/distribuidorpanelrey.com.mx\/wp-content\/uploads\/2023\/11\/panelrey.webp","contentUrl":"https:\/\/distribuidorpanelrey.com.mx\/wp-content\/uploads\/2023\/11\/panelrey.webp","width":400,"height":150,"caption":"PANEL REY MEXICO"},"image":{"@id":"https:\/\/distribuidorpanelrey.com\/#\/schema\/logo\/image\/"},"sameAs":["https:\/\/www.facebook.com\/mexicopanelrey\/?locale=es_LA","https:\/\/www.instagram.com\/panel_rey_mexico\/?hl=es"]}]}},"_links":{"self":[{"href":"https:\/\/distribuidorpanelrey.com.mx\/wp-json\/wp\/v2\/product\/1759","targetHints":{"allow":["GET"]}}],"collection":[{"href":"https:\/\/distribuidorpanelrey.com.mx\/wp-json\/wp\/v2\/product"}],"about":[{"href":"https:\/\/distribuidorpanelrey.com.mx\/wp-json\/wp\/v2\/types\/product"}],"replies":[{"embeddable":true,"href":"https:\/\/distribuidorpanelrey.com.mx\/wp-json\/wp\/v2\/comments?post=1759"}],"version-history":[{"count":6,"href":"https:\/\/distribuidorpanelrey.com.mx\/wp-json\/wp\/v2\/product\/1759\/revisions"}],"predecessor-version":[{"id":4612,"href":"https:\/\/distribuidorpanelrey.com.mx\/wp-json\/wp\/v2\/product\/1759\/revisions\/4612"}],"wp:featuredmedia":[{"embeddable":true,"href":"https:\/\/distribuidorpanelrey.com.mx\/wp-json\/wp\/v2\/media\/1762"}],"wp:attachment":[{"href":"https:\/\/distribuidorpanelrey.com.mx\/wp-json\/wp\/v2\/media?parent=1759"}],"wp:term":[{"taxonomy":"product_brand","embeddable":true,"href":"https:\/\/distribuidorpanelrey.com.mx\/wp-json\/wp\/v2\/product_brand?post=1759"},{"taxonomy":"product_cat","embeddable":true,"href":"https:\/\/distribuidorpanelrey.com.mx\/wp-json\/wp\/v2\/product_cat?post=1759"},{"taxonomy":"product_tag","embeddable":true,"href":"https:\/\/distribuidorpanelrey.com.mx\/wp-json\/wp\/v2\/product_tag?post=1759"}],"curies":[{"name":"wp","href":"https:\/\/api.w.org\/{rel}","templated":true}]}}