{"id":1903,"date":"2023-03-24T20:07:52","date_gmt":"2023-03-24T20:07:52","guid":{"rendered":"https:\/\/distribuidorpanelrey.com.mx\/?post_type=product&#038;p=1903"},"modified":"2026-02-21T23:26:27","modified_gmt":"2026-02-21T23:26:27","slug":"cemix-basecoat","status":"publish","type":"product","link":"https:\/\/distribuidorpanelrey.com.mx\/producto\/cemix-basecoat\/","title":{"rendered":"CEMIX BASECOAT"},"content":{"rendered":"<p>CEMIX BASECOAT<\/p>\n<h2>Descripci\u00f3n<\/h2>\n<p>Cemix Basecoat<\/p>\n<h4>DESCRIPCION:<\/h4>\n<p>Cemix Basecoat forma parte del sistema de aislamiento t\u00e9rmico a base de poliestireno. Utilizado para mantener la temperatura interior confortable. Est\u00e1 dise\u00f1ado a base de mezclas de cemento, agregados y aditivos qu\u00edmicos que al mezclarse con agua forman una pasta que puede utilizarse como adhesivo y recubrimiento de paneles de poliestireno. (FOAM)<\/p>\n<p>&nbsp;<\/p>\n<h4>BENEFICIOS:<\/h4>\n<ul>\n<li>Excelente adherencia al poliestireno.<\/li>\n<li>Acabado altamente resistente a golpes o abrasi\u00f3n.<\/li>\n<li>Al formar parte del sistema de aislamiento, contribuye a reducir el consumo el\u00e9ctrico al requerirse menos cantidad de energ\u00eda para mantener el confort en la temperatura interior.<\/li>\n<\/ul>\n<h4>USOS RECOMENDADOS:<\/h4>\n<ul>\n<li>Al utilizarse como adhesivo, pega paneles y elementos de poliestireno sobre superficies como block, barro block, ladrillo concreto celular, concreto colado, paneles de yeso, fibrocemento, mamposter\u00eda y paneles tradicionales base cemento-arena.<\/li>\n<li>Como recubrimiento, puede utilizarse sobre superficies como panel de poliestireno, molduras de poliestireno, concreto colado, concreto celular, paneles de yeso y fibrocemento.<\/li>\n<li>Uso interior y exterior<\/li>\n<\/ul>\n<h4>RENDIMIENTOS:<\/h4>\n<ul>\n<li>Como adhesivo y\/o recubrimiento sobre placas y molduras de poliestireno de 4 a 5 m\u00b2 por saco de 20 kg.<\/li>\n<li>Como recubrimiento de molduras de poliestireno (FOAM) con brocha o compresor (semil\u00edquido) de 12 a 13m\u00b2 por saco de 20 kg.NOTA: Estos rendimientos son aproximados y para fines de estimaci\u00f3n \u00fanicamente. Los rendimientos pueden variar dependiendo del tipo de llana usado, las condiciones de la superficie y los m\u00e9todos de instalaci\u00f3n utilizados.<\/li>\n<\/ul>\n<h4>RECOMENDACIONES:<\/h4>\n<ul>\n<li>No aplicar Cemix Basecoat cuando se espere que la temperatura baje de 4 \u00b0C o suba a 40 \u00b0C durante las 24 horas siguientes a su aplicaci\u00f3n, o cuando exista la posibilidad de lluvia.<\/li>\n<li>No agregar m\u00e1s agua despu\u00e9s de mezclado, ya que esto reduce la dureza final del material y resulta en manchas en el color blanco m\u00e1s claras que el resto del producto<\/li>\n<\/ul>\n<p style=\"text-align: center;\">*En Distribuidor Panel Rey nos esforzamos por ofrecerte los materiales de <a href=\"https:\/\/www.ferrekasamexico.com\/?s=holcim&amp;dgwt-wcas-search-submit=&amp;post_type=product&amp;dgwt_wcas=1\">Construcci\u00f3n<\/a><br \/>\n*La imagen puede diferir un poco del producto final *Los precios pueden variar sin previo aviso<\/p>\n<p style=\"text-align: center;\">*Chatea con nosotros en nuestras redes sociales.<br \/>\n*Cont\u00e1ctanos: Tel. 71-58-97-38 y 71-58-02-72.<br \/>\nNuestro correo: ventas@distribuidorpanelrey.com<br \/>\nDistribuidor Panel Rey Mexico<\/p>\n","protected":false},"excerpt":{"rendered":"<h4 style=\"text-align: center;\">Env\u00edos de 24 a 48 hr CDMX Y EDO MEX<\/h4>\n<p style=\"text-align: center;\">Rese\u00f1as\u00a0\u2605\u2605\u2605\u2605\u2605\u00a0 Env\u00edos Garantizados<\/p>\n<h4 style=\"text-align: center;\">\ud83d\udd25LOS MEJORES PRECIOS \ud83d\udd25<\/h4>\n","protected":false},"featured_media":1904,"comment_status":"closed","ping_status":"closed","template":"","meta":[],"product_brand":[552],"product_cat":[35],"product_tag":[259,340,338,334,335,339,317,318,111],"class_list":{"0":"post-1903","1":"product","2":"type-product","3":"status-publish","4":"has-post-thumbnail","6":"product_brand-cemix","7":"product_cat-compuestos-y-polvos","8":"product_tag-basecoat","9":"product_tag-ce","10":"product_tag-cemimx-basecoat","11":"product_tag-cemix","12":"product_tag-cemix-pegazulejo","13":"product_tag-complementos","14":"product_tag-ferrekasa","15":"product_tag-ferremex","16":"product_tag-panel-rey","18":"first","19":"instock","20":"shipping-taxable","21":"purchasable","22":"product-type-simple"},"yoast_head":"<!-- This site is optimized with the Yoast SEO plugin v27.1.1 - https:\/\/yoast.com\/product\/yoast-seo-wordpress\/ -->\n<title>CEMIX BASECOAT<\/title>\n<meta name=\"description\" content=\"EN PANEL REY TENEMOS TODO PARA TU CONSTRUCCION, ENCUENTRA CON NOSOTROS EL CEMIX BASECOAT A UN PRECIO INCREIBLE, APROVECHA\" \/>\n<meta name=\"robots\" content=\"index, follow, max-snippet:-1, max-image-preview:large, max-video-preview:-1\" \/>\n<link rel=\"canonical\" href=\"https:\/\/distribuidorpanelrey.com.mx\/producto\/cemix-basecoat\/\" \/>\n<meta property=\"og:locale\" content=\"es_ES\" \/>\n<meta property=\"og:type\" content=\"article\" \/>\n<meta property=\"og:title\" content=\"CEMIX BASECOAT\" \/>\n<meta property=\"og:description\" content=\"EN PANEL REY TENEMOS TODO PARA TU CONSTRUCCION, ENCUENTRA CON NOSOTROS EL CEMIX BASECOAT A UN PRECIO INCREIBLE, APROVECHA\" \/>\n<meta property=\"og:url\" content=\"https:\/\/distribuidorpanelrey.com.mx\/producto\/cemix-basecoat\/\" \/>\n<meta property=\"og:site_name\" content=\"PANEL REY MEXICO\" \/>\n<meta property=\"article:publisher\" content=\"https:\/\/www.facebook.com\/mexicopanelrey\/?locale=es_LA\" \/>\n<meta property=\"article:modified_time\" content=\"2026-02-21T23:26:27+00:00\" \/>\n<meta property=\"og:image\" content=\"https:\/\/distribuidorpanelrey.com.mx\/wp-content\/uploads\/2023\/03\/CEMIX-PEGAZULEJO-1.jpg\" \/>\n\t<meta property=\"og:image:width\" content=\"500\" \/>\n\t<meta property=\"og:image:height\" content=\"500\" \/>\n\t<meta property=\"og:image:type\" content=\"image\/jpeg\" \/>\n<meta name=\"twitter:card\" content=\"summary_large_image\" \/>\n<meta name=\"twitter:label1\" content=\"Tiempo de lectura\" \/>\n\t<meta name=\"twitter:data1\" content=\"2 minutos\" \/>\n<script type=\"application\/ld+json\" class=\"yoast-schema-graph\">{\"@context\":\"https:\/\/schema.org\",\"@graph\":[{\"@type\":\"WebPage\",\"@id\":\"https:\/\/distribuidorpanelrey.com.mx\/producto\/cemix-basecoat\/\",\"url\":\"https:\/\/distribuidorpanelrey.com.mx\/producto\/cemix-basecoat\/\",\"name\":\"CEMIX BASECOAT\",\"isPartOf\":{\"@id\":\"https:\/\/distribuidorpanelrey.com\/#website\"},\"primaryImageOfPage\":{\"@id\":\"https:\/\/distribuidorpanelrey.com.mx\/producto\/cemix-basecoat\/#primaryimage\"},\"image\":{\"@id\":\"https:\/\/distribuidorpanelrey.com.mx\/producto\/cemix-basecoat\/#primaryimage\"},\"thumbnailUrl\":\"https:\/\/distribuidorpanelrey.com.mx\/wp-content\/uploads\/2023\/03\/CEMIX-PEGAZULEJO-1.jpg\",\"datePublished\":\"2023-03-24T20:07:52+00:00\",\"dateModified\":\"2026-02-21T23:26:27+00:00\",\"description\":\"EN PANEL REY TENEMOS TODO PARA TU CONSTRUCCION, ENCUENTRA CON NOSOTROS EL CEMIX BASECOAT A UN PRECIO INCREIBLE, APROVECHA\",\"breadcrumb\":{\"@id\":\"https:\/\/distribuidorpanelrey.com.mx\/producto\/cemix-basecoat\/#breadcrumb\"},\"inLanguage\":\"es\",\"potentialAction\":[{\"@type\":\"ReadAction\",\"target\":[\"https:\/\/distribuidorpanelrey.com.mx\/producto\/cemix-basecoat\/\"]}]},{\"@type\":\"ImageObject\",\"inLanguage\":\"es\",\"@id\":\"https:\/\/distribuidorpanelrey.com.mx\/producto\/cemix-basecoat\/#primaryimage\",\"url\":\"https:\/\/distribuidorpanelrey.com.mx\/wp-content\/uploads\/2023\/03\/CEMIX-PEGAZULEJO-1.jpg\",\"contentUrl\":\"https:\/\/distribuidorpanelrey.com.mx\/wp-content\/uploads\/2023\/03\/CEMIX-PEGAZULEJO-1.jpg\",\"width\":500,\"height\":500,\"caption\":\"CEMIX-BASECOAT\"},{\"@type\":\"BreadcrumbList\",\"@id\":\"https:\/\/distribuidorpanelrey.com.mx\/producto\/cemix-basecoat\/#breadcrumb\",\"itemListElement\":[{\"@type\":\"ListItem\",\"position\":1,\"name\":\"Portada\",\"item\":\"https:\/\/distribuidorpanelrey.com.mx\/\"},{\"@type\":\"ListItem\",\"position\":2,\"name\":\"Productos\",\"item\":\"https:\/\/distribuidorpanelrey.com\/tienda\/\"},{\"@type\":\"ListItem\",\"position\":3,\"name\":\"CEMIX BASECOAT\"}]},{\"@type\":\"WebSite\",\"@id\":\"https:\/\/distribuidorpanelrey.com\/#website\",\"url\":\"https:\/\/distribuidorpanelrey.com\/\",\"name\":\"PANEL REY MEXICO\",\"description\":\"DISTRIBUIDOR PANEL REY\",\"publisher\":{\"@id\":\"https:\/\/distribuidorpanelrey.com\/#organization\"},\"alternateName\":\"DISTRIBUIDOR PANEL REY\",\"potentialAction\":[{\"@type\":\"SearchAction\",\"target\":{\"@type\":\"EntryPoint\",\"urlTemplate\":\"https:\/\/distribuidorpanelrey.com\/?s={search_term_string}\"},\"query-input\":{\"@type\":\"PropertyValueSpecification\",\"valueRequired\":true,\"valueName\":\"search_term_string\"}}],\"inLanguage\":\"es\"},{\"@type\":\"Organization\",\"@id\":\"https:\/\/distribuidorpanelrey.com\/#organization\",\"name\":\"PANEL REY MEXICO\",\"url\":\"https:\/\/distribuidorpanelrey.com\/\",\"logo\":{\"@type\":\"ImageObject\",\"inLanguage\":\"es\",\"@id\":\"https:\/\/distribuidorpanelrey.com\/#\/schema\/logo\/image\/\",\"url\":\"https:\/\/distribuidorpanelrey.com.mx\/wp-content\/uploads\/2023\/11\/panelrey.webp\",\"contentUrl\":\"https:\/\/distribuidorpanelrey.com.mx\/wp-content\/uploads\/2023\/11\/panelrey.webp\",\"width\":400,\"height\":150,\"caption\":\"PANEL REY MEXICO\"},\"image\":{\"@id\":\"https:\/\/distribuidorpanelrey.com\/#\/schema\/logo\/image\/\"},\"sameAs\":[\"https:\/\/www.facebook.com\/mexicopanelrey\/?locale=es_LA\",\"https:\/\/www.instagram.com\/panel_rey_mexico\/?hl=es\"]}]}<\/script>\n<!-- \/ Yoast SEO plugin. -->","yoast_head_json":{"title":"CEMIX BASECOAT","description":"EN PANEL REY TENEMOS TODO PARA TU CONSTRUCCION, ENCUENTRA CON NOSOTROS EL CEMIX BASECOAT A UN PRECIO INCREIBLE, APROVECHA","robots":{"index":"index","follow":"follow","max-snippet":"max-snippet:-1","max-image-preview":"max-image-preview:large","max-video-preview":"max-video-preview:-1"},"canonical":"https:\/\/distribuidorpanelrey.com.mx\/producto\/cemix-basecoat\/","og_locale":"es_ES","og_type":"article","og_title":"CEMIX BASECOAT","og_description":"EN PANEL REY TENEMOS TODO PARA TU CONSTRUCCION, ENCUENTRA CON NOSOTROS EL CEMIX BASECOAT A UN PRECIO INCREIBLE, APROVECHA","og_url":"https:\/\/distribuidorpanelrey.com.mx\/producto\/cemix-basecoat\/","og_site_name":"PANEL REY MEXICO","article_publisher":"https:\/\/www.facebook.com\/mexicopanelrey\/?locale=es_LA","article_modified_time":"2026-02-21T23:26:27+00:00","og_image":[{"width":500,"height":500,"url":"https:\/\/distribuidorpanelrey.com.mx\/wp-content\/uploads\/2023\/03\/CEMIX-PEGAZULEJO-1.jpg","type":"image\/jpeg"}],"twitter_card":"summary_large_image","twitter_misc":{"Tiempo de lectura":"2 minutos"},"schema":{"@context":"https:\/\/schema.org","@graph":[{"@type":"WebPage","@id":"https:\/\/distribuidorpanelrey.com.mx\/producto\/cemix-basecoat\/","url":"https:\/\/distribuidorpanelrey.com.mx\/producto\/cemix-basecoat\/","name":"CEMIX BASECOAT","isPartOf":{"@id":"https:\/\/distribuidorpanelrey.com\/#website"},"primaryImageOfPage":{"@id":"https:\/\/distribuidorpanelrey.com.mx\/producto\/cemix-basecoat\/#primaryimage"},"image":{"@id":"https:\/\/distribuidorpanelrey.com.mx\/producto\/cemix-basecoat\/#primaryimage"},"thumbnailUrl":"https:\/\/distribuidorpanelrey.com.mx\/wp-content\/uploads\/2023\/03\/CEMIX-PEGAZULEJO-1.jpg","datePublished":"2023-03-24T20:07:52+00:00","dateModified":"2026-02-21T23:26:27+00:00","description":"EN PANEL REY TENEMOS TODO PARA TU CONSTRUCCION, ENCUENTRA CON NOSOTROS EL CEMIX BASECOAT A UN PRECIO INCREIBLE, APROVECHA","breadcrumb":{"@id":"https:\/\/distribuidorpanelrey.com.mx\/producto\/cemix-basecoat\/#breadcrumb"},"inLanguage":"es","potentialAction":[{"@type":"ReadAction","target":["https:\/\/distribuidorpanelrey.com.mx\/producto\/cemix-basecoat\/"]}]},{"@type":"ImageObject","inLanguage":"es","@id":"https:\/\/distribuidorpanelrey.com.mx\/producto\/cemix-basecoat\/#primaryimage","url":"https:\/\/distribuidorpanelrey.com.mx\/wp-content\/uploads\/2023\/03\/CEMIX-PEGAZULEJO-1.jpg","contentUrl":"https:\/\/distribuidorpanelrey.com.mx\/wp-content\/uploads\/2023\/03\/CEMIX-PEGAZULEJO-1.jpg","width":500,"height":500,"caption":"CEMIX-BASECOAT"},{"@type":"BreadcrumbList","@id":"https:\/\/distribuidorpanelrey.com.mx\/producto\/cemix-basecoat\/#breadcrumb","itemListElement":[{"@type":"ListItem","position":1,"name":"Portada","item":"https:\/\/distribuidorpanelrey.com.mx\/"},{"@type":"ListItem","position":2,"name":"Productos","item":"https:\/\/distribuidorpanelrey.com\/tienda\/"},{"@type":"ListItem","position":3,"name":"CEMIX BASECOAT"}]},{"@type":"WebSite","@id":"https:\/\/distribuidorpanelrey.com\/#website","url":"https:\/\/distribuidorpanelrey.com\/","name":"PANEL REY MEXICO","description":"DISTRIBUIDOR PANEL REY","publisher":{"@id":"https:\/\/distribuidorpanelrey.com\/#organization"},"alternateName":"DISTRIBUIDOR PANEL REY","potentialAction":[{"@type":"SearchAction","target":{"@type":"EntryPoint","urlTemplate":"https:\/\/distribuidorpanelrey.com\/?s={search_term_string}"},"query-input":{"@type":"PropertyValueSpecification","valueRequired":true,"valueName":"search_term_string"}}],"inLanguage":"es"},{"@type":"Organization","@id":"https:\/\/distribuidorpanelrey.com\/#organization","name":"PANEL REY MEXICO","url":"https:\/\/distribuidorpanelrey.com\/","logo":{"@type":"ImageObject","inLanguage":"es","@id":"https:\/\/distribuidorpanelrey.com\/#\/schema\/logo\/image\/","url":"https:\/\/distribuidorpanelrey.com.mx\/wp-content\/uploads\/2023\/11\/panelrey.webp","contentUrl":"https:\/\/distribuidorpanelrey.com.mx\/wp-content\/uploads\/2023\/11\/panelrey.webp","width":400,"height":150,"caption":"PANEL REY MEXICO"},"image":{"@id":"https:\/\/distribuidorpanelrey.com\/#\/schema\/logo\/image\/"},"sameAs":["https:\/\/www.facebook.com\/mexicopanelrey\/?locale=es_LA","https:\/\/www.instagram.com\/panel_rey_mexico\/?hl=es"]}]}},"_links":{"self":[{"href":"https:\/\/distribuidorpanelrey.com.mx\/wp-json\/wp\/v2\/product\/1903","targetHints":{"allow":["GET"]}}],"collection":[{"href":"https:\/\/distribuidorpanelrey.com.mx\/wp-json\/wp\/v2\/product"}],"about":[{"href":"https:\/\/distribuidorpanelrey.com.mx\/wp-json\/wp\/v2\/types\/product"}],"replies":[{"embeddable":true,"href":"https:\/\/distribuidorpanelrey.com.mx\/wp-json\/wp\/v2\/comments?post=1903"}],"version-history":[{"count":3,"href":"https:\/\/distribuidorpanelrey.com.mx\/wp-json\/wp\/v2\/product\/1903\/revisions"}],"predecessor-version":[{"id":6632,"href":"https:\/\/distribuidorpanelrey.com.mx\/wp-json\/wp\/v2\/product\/1903\/revisions\/6632"}],"wp:featuredmedia":[{"embeddable":true,"href":"https:\/\/distribuidorpanelrey.com.mx\/wp-json\/wp\/v2\/media\/1904"}],"wp:attachment":[{"href":"https:\/\/distribuidorpanelrey.com.mx\/wp-json\/wp\/v2\/media?parent=1903"}],"wp:term":[{"taxonomy":"product_brand","embeddable":true,"href":"https:\/\/distribuidorpanelrey.com.mx\/wp-json\/wp\/v2\/product_brand?post=1903"},{"taxonomy":"product_cat","embeddable":true,"href":"https:\/\/distribuidorpanelrey.com.mx\/wp-json\/wp\/v2\/product_cat?post=1903"},{"taxonomy":"product_tag","embeddable":true,"href":"https:\/\/distribuidorpanelrey.com.mx\/wp-json\/wp\/v2\/product_tag?post=1903"}],"curies":[{"name":"wp","href":"https:\/\/api.w.org\/{rel}","templated":true}]}}