{"id":1907,"date":"2023-03-24T21:15:44","date_gmt":"2023-03-24T21:15:44","guid":{"rendered":"https:\/\/distribuidorpanelrey.com.mx\/?post_type=product&#038;p=1907"},"modified":"2026-02-21T23:25:50","modified_gmt":"2026-02-21T23:25:50","slug":"cemix-estuco-adeblock","status":"publish","type":"product","link":"https:\/\/distribuidorpanelrey.com.mx\/producto\/cemix-estuco-adeblock\/","title":{"rendered":"CEMIX ESTUCO ADEBLOCK"},"content":{"rendered":"<h2>CEMIX ESTUCO ADEBLOCK<\/h2>\n<p>USOS RECOMENDADOS<br \/>\nVENTAJAS<\/p>\n<p>Recubrimiento en polvo base cemento.<br \/>\nDise\u00f1ado para recubrir muros de block.<br \/>\nAdeblok sustituye al sistema tradicional<br \/>\nde zarpeo, afine, pintura y sellado de<br \/>\nmuros y cielos en un s\u00f3lo paso.<br \/>\nPara dar un acabado final en muros exteriores con<br \/>\nsuperficies porosas.<br \/>\nUsos en interior y exterior en construcciones residenciales<br \/>\no comerciales de todo tipo.<br \/>\nExcelente adherencia y resistencia al impacto en 24 horas.<br \/>\nAcabado de un solo paso, sustituyendo el metodo<br \/>\ntradicional de zarpeo, afine y sellado en los muros.<br \/>\nProducto altamente repelente al agua.<\/p>\n<p>PREPARACI\u00d3N DE LA SUPERFICIE<br \/>\nLa superficie de aplicaci\u00f3n debe estar limpia, libre de polvo,<br \/>\ngrasas, pintura, aceites, agentes desmoldantes, ceras o<br \/>\ncualquier otro material que pueda interferir con una correcta<br \/>\nadhesi\u00f3n. Se recomienda que la superficie est\u00e9 plomeada y<br \/>\nen buen estado estructural. A fin de mejorar el rendimiento<br \/>\nde Cemix Adeblok, se recomienda retirar los excesos de<br \/>\nmortero entre las juntas de los block o elementos que<br \/>\nformen el muro. Antes de aplicar es recomendable<br \/>\nhumedecer ligeramente la superficie, ya que esto asegurar\u00e1<br \/>\nun recubrimiento final de mejor apariencia y dureza.<\/p>\n<p>REQUERIMIENTOS ADICIONALES<br \/>\nEn caso de haber juntas de expansi\u00f3n se\u00f1aladas en la<br \/>\nsuperficie, estas no deberan taparse con ADEBLOK. Las<br \/>\njuntas de expansion deben estar debidamente se\u00f1aladas en<br \/>\nplanos o en la superficie por el responsable del dise\u00f1o del<br \/>\nproyecto.<\/p>\n<p>PARA MAS INFORMACION DA CLICK <a href=\"https:\/\/www.cemix.com\/wp-content\/uploads\/2021\/04\/cemix-adeblok-ft.pdf\">AQUI<\/a><\/p>\n<p style=\"text-align: center;\">*En Distribuidor Panel Rey Mexico nos esforzamos por ofrecerte los mejores productos de <a href=\"http:\/\/*En Distribuidor Panel Rey Mexico nos esforzamos por ofrecerte los mejores productos de FORTEC. *La imagen puede diferir un poco del producto final *Los precios pueden variar sin previo aviso *Los precios ya incluyen IVA *Se hacen env\u00edos a toda la Rep\u00fablica Mexicana, pregunte por nuestros descuentos en env\u00edos. *Chatea con nosotros en nuestras redes sociales. *Contactanos: Tel: 71-58-02-72. Nuestro correo: ventas@distribuidorpanelrey.com Distribuidor Panel Rey Mexico\">CEMIX<\/a>.<br \/>\n*La imagen puede diferir un poco del producto final *Los precios pueden variar sin previo aviso<br \/>\n*Los precios ya incluyen IVA *Se hacen env\u00edos a toda la Rep\u00fablica Mexicana, pregunte por nuestros descuentos en env\u00edos.<br \/>\n*Chatea con nosotros en nuestras redes sociales.<br \/>\n*Contactanos: Tel: 71-58-02-72.<br \/>\nNuestro correo: ventas@distribuidorpanelrey.com<br \/>\nDistribuidor Panel Rey Mexico<\/p>\n","protected":false},"excerpt":{"rendered":"<h4 style=\"text-align: center;\">Env\u00edos de 24 a 48 hr CDMX Y EDO MEX<\/h4>\n<p style=\"text-align: center;\">Rese\u00f1as\u00a0\u2605\u2605\u2605\u2605\u2605\u00a0 Env\u00edos Garantizados<\/p>\n<h4 style=\"text-align: center;\">\ud83d\udd25LOS MEJORES PRECIOS \ud83d\udd25<\/h4>\n","protected":false},"featured_media":1945,"comment_status":"closed","ping_status":"closed","template":"","meta":[],"product_brand":[552],"product_cat":[35],"product_tag":[342,334,343,341,339,311,317,318],"class_list":{"0":"post-1907","1":"product","2":"type-product","3":"status-publish","4":"has-post-thumbnail","6":"product_brand-cemix","7":"product_cat-compuestos-y-polvos","8":"product_tag-adeblock","9":"product_tag-cemix","10":"product_tag-cemix-adeblock","11":"product_tag-cemix-estuco","12":"product_tag-complementos","13":"product_tag-estuco","14":"product_tag-ferrekasa","15":"product_tag-ferremex","17":"first","18":"instock","19":"shipping-taxable","20":"purchasable","21":"product-type-simple"},"yoast_head":"<!-- This site is optimized with the Yoast SEO plugin v27.1.1 - https:\/\/yoast.com\/product\/yoast-seo-wordpress\/ -->\n<title>CEMIX ESTUCO ADEBLOCK<\/title>\n<meta name=\"description\" content=\"EN DISTRIBUIDOR PANEL REY ENCONTRARAS LAS MEJORES MARCAS DE COMPLEMENTOS PARA TUS PROYECTOS COMO CEMIX ESTUCO ADEBLOCK, COMPRA CON NOSOTROS\" \/>\n<meta name=\"robots\" content=\"index, follow, max-snippet:-1, max-image-preview:large, max-video-preview:-1\" \/>\n<link rel=\"canonical\" href=\"https:\/\/distribuidorpanelrey.com.mx\/producto\/cemix-estuco-adeblock\/\" \/>\n<meta property=\"og:locale\" content=\"es_ES\" \/>\n<meta property=\"og:type\" content=\"article\" \/>\n<meta property=\"og:title\" content=\"CEMIX ESTUCO ADEBLOCK\" \/>\n<meta property=\"og:description\" content=\"EN DISTRIBUIDOR PANEL REY ENCONTRARAS LAS MEJORES MARCAS DE COMPLEMENTOS PARA TUS PROYECTOS COMO CEMIX ESTUCO ADEBLOCK, COMPRA CON NOSOTROS\" \/>\n<meta property=\"og:url\" content=\"https:\/\/distribuidorpanelrey.com.mx\/producto\/cemix-estuco-adeblock\/\" \/>\n<meta property=\"og:site_name\" content=\"PANEL REY MEXICO\" \/>\n<meta property=\"article:publisher\" content=\"https:\/\/www.facebook.com\/mexicopanelrey\/?locale=es_LA\" \/>\n<meta property=\"article:modified_time\" content=\"2026-02-21T23:25:50+00:00\" \/>\n<meta property=\"og:image\" content=\"https:\/\/distribuidorpanelrey.com.mx\/wp-content\/uploads\/2023\/03\/CEMIX-ESTUCO-ADEBLOK.png\" \/>\n\t<meta property=\"og:image:width\" content=\"500\" \/>\n\t<meta property=\"og:image:height\" content=\"500\" \/>\n\t<meta property=\"og:image:type\" content=\"image\/png\" \/>\n<meta name=\"twitter:card\" content=\"summary_large_image\" \/>\n<meta name=\"twitter:label1\" content=\"Tiempo de lectura\" \/>\n\t<meta name=\"twitter:data1\" content=\"2 minutos\" \/>\n<script type=\"application\/ld+json\" class=\"yoast-schema-graph\">{\"@context\":\"https:\/\/schema.org\",\"@graph\":[{\"@type\":\"WebPage\",\"@id\":\"https:\/\/distribuidorpanelrey.com.mx\/producto\/cemix-estuco-adeblock\/\",\"url\":\"https:\/\/distribuidorpanelrey.com.mx\/producto\/cemix-estuco-adeblock\/\",\"name\":\"CEMIX ESTUCO ADEBLOCK\",\"isPartOf\":{\"@id\":\"https:\/\/distribuidorpanelrey.com\/#website\"},\"primaryImageOfPage\":{\"@id\":\"https:\/\/distribuidorpanelrey.com.mx\/producto\/cemix-estuco-adeblock\/#primaryimage\"},\"image\":{\"@id\":\"https:\/\/distribuidorpanelrey.com.mx\/producto\/cemix-estuco-adeblock\/#primaryimage\"},\"thumbnailUrl\":\"https:\/\/distribuidorpanelrey.com.mx\/wp-content\/uploads\/2023\/03\/CEMIX-ESTUCO-ADEBLOK.png\",\"datePublished\":\"2023-03-24T21:15:44+00:00\",\"dateModified\":\"2026-02-21T23:25:50+00:00\",\"description\":\"EN DISTRIBUIDOR PANEL REY ENCONTRARAS LAS MEJORES MARCAS DE COMPLEMENTOS PARA TUS PROYECTOS COMO CEMIX ESTUCO ADEBLOCK, COMPRA CON NOSOTROS\",\"breadcrumb\":{\"@id\":\"https:\/\/distribuidorpanelrey.com.mx\/producto\/cemix-estuco-adeblock\/#breadcrumb\"},\"inLanguage\":\"es\",\"potentialAction\":[{\"@type\":\"ReadAction\",\"target\":[\"https:\/\/distribuidorpanelrey.com.mx\/producto\/cemix-estuco-adeblock\/\"]}]},{\"@type\":\"ImageObject\",\"inLanguage\":\"es\",\"@id\":\"https:\/\/distribuidorpanelrey.com.mx\/producto\/cemix-estuco-adeblock\/#primaryimage\",\"url\":\"https:\/\/distribuidorpanelrey.com.mx\/wp-content\/uploads\/2023\/03\/CEMIX-ESTUCO-ADEBLOK.png\",\"contentUrl\":\"https:\/\/distribuidorpanelrey.com.mx\/wp-content\/uploads\/2023\/03\/CEMIX-ESTUCO-ADEBLOK.png\",\"width\":500,\"height\":500,\"caption\":\"CEMIX-ESTUCO-ADEBLOK\"},{\"@type\":\"BreadcrumbList\",\"@id\":\"https:\/\/distribuidorpanelrey.com.mx\/producto\/cemix-estuco-adeblock\/#breadcrumb\",\"itemListElement\":[{\"@type\":\"ListItem\",\"position\":1,\"name\":\"Portada\",\"item\":\"https:\/\/distribuidorpanelrey.com.mx\/\"},{\"@type\":\"ListItem\",\"position\":2,\"name\":\"Productos\",\"item\":\"https:\/\/distribuidorpanelrey.com\/tienda\/\"},{\"@type\":\"ListItem\",\"position\":3,\"name\":\"CEMIX ESTUCO ADEBLOCK\"}]},{\"@type\":\"WebSite\",\"@id\":\"https:\/\/distribuidorpanelrey.com\/#website\",\"url\":\"https:\/\/distribuidorpanelrey.com\/\",\"name\":\"PANEL REY MEXICO\",\"description\":\"DISTRIBUIDOR PANEL REY\",\"publisher\":{\"@id\":\"https:\/\/distribuidorpanelrey.com\/#organization\"},\"alternateName\":\"DISTRIBUIDOR PANEL REY\",\"potentialAction\":[{\"@type\":\"SearchAction\",\"target\":{\"@type\":\"EntryPoint\",\"urlTemplate\":\"https:\/\/distribuidorpanelrey.com\/?s={search_term_string}\"},\"query-input\":{\"@type\":\"PropertyValueSpecification\",\"valueRequired\":true,\"valueName\":\"search_term_string\"}}],\"inLanguage\":\"es\"},{\"@type\":\"Organization\",\"@id\":\"https:\/\/distribuidorpanelrey.com\/#organization\",\"name\":\"PANEL REY MEXICO\",\"url\":\"https:\/\/distribuidorpanelrey.com\/\",\"logo\":{\"@type\":\"ImageObject\",\"inLanguage\":\"es\",\"@id\":\"https:\/\/distribuidorpanelrey.com\/#\/schema\/logo\/image\/\",\"url\":\"https:\/\/distribuidorpanelrey.com.mx\/wp-content\/uploads\/2023\/11\/panelrey.webp\",\"contentUrl\":\"https:\/\/distribuidorpanelrey.com.mx\/wp-content\/uploads\/2023\/11\/panelrey.webp\",\"width\":400,\"height\":150,\"caption\":\"PANEL REY MEXICO\"},\"image\":{\"@id\":\"https:\/\/distribuidorpanelrey.com\/#\/schema\/logo\/image\/\"},\"sameAs\":[\"https:\/\/www.facebook.com\/mexicopanelrey\/?locale=es_LA\",\"https:\/\/www.instagram.com\/panel_rey_mexico\/?hl=es\"]}]}<\/script>\n<!-- \/ Yoast SEO plugin. -->","yoast_head_json":{"title":"CEMIX ESTUCO ADEBLOCK","description":"EN DISTRIBUIDOR PANEL REY ENCONTRARAS LAS MEJORES MARCAS DE COMPLEMENTOS PARA TUS PROYECTOS COMO CEMIX ESTUCO ADEBLOCK, COMPRA CON NOSOTROS","robots":{"index":"index","follow":"follow","max-snippet":"max-snippet:-1","max-image-preview":"max-image-preview:large","max-video-preview":"max-video-preview:-1"},"canonical":"https:\/\/distribuidorpanelrey.com.mx\/producto\/cemix-estuco-adeblock\/","og_locale":"es_ES","og_type":"article","og_title":"CEMIX ESTUCO ADEBLOCK","og_description":"EN DISTRIBUIDOR PANEL REY ENCONTRARAS LAS MEJORES MARCAS DE COMPLEMENTOS PARA TUS PROYECTOS COMO CEMIX ESTUCO ADEBLOCK, COMPRA CON NOSOTROS","og_url":"https:\/\/distribuidorpanelrey.com.mx\/producto\/cemix-estuco-adeblock\/","og_site_name":"PANEL REY MEXICO","article_publisher":"https:\/\/www.facebook.com\/mexicopanelrey\/?locale=es_LA","article_modified_time":"2026-02-21T23:25:50+00:00","og_image":[{"width":500,"height":500,"url":"https:\/\/distribuidorpanelrey.com.mx\/wp-content\/uploads\/2023\/03\/CEMIX-ESTUCO-ADEBLOK.png","type":"image\/png"}],"twitter_card":"summary_large_image","twitter_misc":{"Tiempo de lectura":"2 minutos"},"schema":{"@context":"https:\/\/schema.org","@graph":[{"@type":"WebPage","@id":"https:\/\/distribuidorpanelrey.com.mx\/producto\/cemix-estuco-adeblock\/","url":"https:\/\/distribuidorpanelrey.com.mx\/producto\/cemix-estuco-adeblock\/","name":"CEMIX ESTUCO ADEBLOCK","isPartOf":{"@id":"https:\/\/distribuidorpanelrey.com\/#website"},"primaryImageOfPage":{"@id":"https:\/\/distribuidorpanelrey.com.mx\/producto\/cemix-estuco-adeblock\/#primaryimage"},"image":{"@id":"https:\/\/distribuidorpanelrey.com.mx\/producto\/cemix-estuco-adeblock\/#primaryimage"},"thumbnailUrl":"https:\/\/distribuidorpanelrey.com.mx\/wp-content\/uploads\/2023\/03\/CEMIX-ESTUCO-ADEBLOK.png","datePublished":"2023-03-24T21:15:44+00:00","dateModified":"2026-02-21T23:25:50+00:00","description":"EN DISTRIBUIDOR PANEL REY ENCONTRARAS LAS MEJORES MARCAS DE COMPLEMENTOS PARA TUS PROYECTOS COMO CEMIX ESTUCO ADEBLOCK, COMPRA CON NOSOTROS","breadcrumb":{"@id":"https:\/\/distribuidorpanelrey.com.mx\/producto\/cemix-estuco-adeblock\/#breadcrumb"},"inLanguage":"es","potentialAction":[{"@type":"ReadAction","target":["https:\/\/distribuidorpanelrey.com.mx\/producto\/cemix-estuco-adeblock\/"]}]},{"@type":"ImageObject","inLanguage":"es","@id":"https:\/\/distribuidorpanelrey.com.mx\/producto\/cemix-estuco-adeblock\/#primaryimage","url":"https:\/\/distribuidorpanelrey.com.mx\/wp-content\/uploads\/2023\/03\/CEMIX-ESTUCO-ADEBLOK.png","contentUrl":"https:\/\/distribuidorpanelrey.com.mx\/wp-content\/uploads\/2023\/03\/CEMIX-ESTUCO-ADEBLOK.png","width":500,"height":500,"caption":"CEMIX-ESTUCO-ADEBLOK"},{"@type":"BreadcrumbList","@id":"https:\/\/distribuidorpanelrey.com.mx\/producto\/cemix-estuco-adeblock\/#breadcrumb","itemListElement":[{"@type":"ListItem","position":1,"name":"Portada","item":"https:\/\/distribuidorpanelrey.com.mx\/"},{"@type":"ListItem","position":2,"name":"Productos","item":"https:\/\/distribuidorpanelrey.com\/tienda\/"},{"@type":"ListItem","position":3,"name":"CEMIX ESTUCO ADEBLOCK"}]},{"@type":"WebSite","@id":"https:\/\/distribuidorpanelrey.com\/#website","url":"https:\/\/distribuidorpanelrey.com\/","name":"PANEL REY MEXICO","description":"DISTRIBUIDOR PANEL REY","publisher":{"@id":"https:\/\/distribuidorpanelrey.com\/#organization"},"alternateName":"DISTRIBUIDOR PANEL REY","potentialAction":[{"@type":"SearchAction","target":{"@type":"EntryPoint","urlTemplate":"https:\/\/distribuidorpanelrey.com\/?s={search_term_string}"},"query-input":{"@type":"PropertyValueSpecification","valueRequired":true,"valueName":"search_term_string"}}],"inLanguage":"es"},{"@type":"Organization","@id":"https:\/\/distribuidorpanelrey.com\/#organization","name":"PANEL REY MEXICO","url":"https:\/\/distribuidorpanelrey.com\/","logo":{"@type":"ImageObject","inLanguage":"es","@id":"https:\/\/distribuidorpanelrey.com\/#\/schema\/logo\/image\/","url":"https:\/\/distribuidorpanelrey.com.mx\/wp-content\/uploads\/2023\/11\/panelrey.webp","contentUrl":"https:\/\/distribuidorpanelrey.com.mx\/wp-content\/uploads\/2023\/11\/panelrey.webp","width":400,"height":150,"caption":"PANEL REY MEXICO"},"image":{"@id":"https:\/\/distribuidorpanelrey.com\/#\/schema\/logo\/image\/"},"sameAs":["https:\/\/www.facebook.com\/mexicopanelrey\/?locale=es_LA","https:\/\/www.instagram.com\/panel_rey_mexico\/?hl=es"]}]}},"_links":{"self":[{"href":"https:\/\/distribuidorpanelrey.com.mx\/wp-json\/wp\/v2\/product\/1907","targetHints":{"allow":["GET"]}}],"collection":[{"href":"https:\/\/distribuidorpanelrey.com.mx\/wp-json\/wp\/v2\/product"}],"about":[{"href":"https:\/\/distribuidorpanelrey.com.mx\/wp-json\/wp\/v2\/types\/product"}],"replies":[{"embeddable":true,"href":"https:\/\/distribuidorpanelrey.com.mx\/wp-json\/wp\/v2\/comments?post=1907"}],"version-history":[{"count":2,"href":"https:\/\/distribuidorpanelrey.com.mx\/wp-json\/wp\/v2\/product\/1907\/revisions"}],"predecessor-version":[{"id":6631,"href":"https:\/\/distribuidorpanelrey.com.mx\/wp-json\/wp\/v2\/product\/1907\/revisions\/6631"}],"wp:featuredmedia":[{"embeddable":true,"href":"https:\/\/distribuidorpanelrey.com.mx\/wp-json\/wp\/v2\/media\/1945"}],"wp:attachment":[{"href":"https:\/\/distribuidorpanelrey.com.mx\/wp-json\/wp\/v2\/media?parent=1907"}],"wp:term":[{"taxonomy":"product_brand","embeddable":true,"href":"https:\/\/distribuidorpanelrey.com.mx\/wp-json\/wp\/v2\/product_brand?post=1907"},{"taxonomy":"product_cat","embeddable":true,"href":"https:\/\/distribuidorpanelrey.com.mx\/wp-json\/wp\/v2\/product_cat?post=1907"},{"taxonomy":"product_tag","embeddable":true,"href":"https:\/\/distribuidorpanelrey.com.mx\/wp-json\/wp\/v2\/product_tag?post=1907"}],"curies":[{"name":"wp","href":"https:\/\/api.w.org\/{rel}","templated":true}]}}