{"id":1970,"date":"2023-03-28T21:14:43","date_gmt":"2023-03-28T21:14:43","guid":{"rendered":"https:\/\/distribuidorpanelrey.com.mx\/?post_type=product&#038;p=1970"},"modified":"2025-12-05T14:14:23","modified_gmt":"2025-12-05T14:14:23","slug":"cinta-de-aislar-18m","status":"publish","type":"product","link":"https:\/\/distribuidorpanelrey.com.mx\/producto\/cinta-de-aislar-18m\/","title":{"rendered":"CINTA DE AISLAR 18M TRUPER"},"content":{"rendered":"<h3>CINTA DE AISLAR 18M<\/h3>\n<p>La CINTA DE AISLAR 18M X 19MM TRUPER es una cinta fabricada en PVC con base de adhesivo acr\u00edlico, ideal como aislamiento el\u00e9ctrico en alambres y cables con capacidad nominal de hasta 500V.<\/p>\n<p>&nbsp;<\/p>\n<p>Las principales caracter\u00edsticas de la CINTA DE AISLAR 18M X 19MM son:<\/p>\n<ul>\n<li>cinta de aislar fabricada en PVC con base de adhesivo acr\u00edlico<\/li>\n<li>con una longitud de 19 m, con un ancho de 19 mm y un espesor de 0.18 mm<\/li>\n<li>con retardante de flama e inhibe la corrosi\u00f3n de conductores el\u00e9ctricos<\/li>\n<li>ideal como aislamiento el\u00e9ctrico en alambres y cables<\/li>\n<li>con una resistencia al voltaje de 5000V y una resistencia a la ruptura de 6.5Kgf<\/li>\n<li>disponible en varios modelos diferentes en los siguientes colores:\n<ul>\n<li>Negro | Blanco | Amarillo | Gris | Rojo | Azul | Verde<\/li>\n<\/ul>\n<\/li>\n<li>adem\u00e1s, todas las cintas presentan un porcentaje de elongaci\u00f3n de 240%<\/li>\n<\/ul>\n<p>&nbsp;<\/p>\n<p>Finalmente, para mayor informaci\u00f3n del producto, puede consultar la ficha t\u00e9cnica en el siguiente enlace:<\/p>\n<ul>\n<li>Cinta de aislar 18m x 19mm |\u00a0<a href=\"https:\/\/www.truper.com\/ficha_tecnica\/views\/ficha-print.php?id=9549\" target=\"_blank\" rel=\"noopener\">Ficha t\u00e9cnica<\/a><\/li>\n<\/ul>\n<p style=\"text-align: center;\">*En Distribuidor Panel Rey Mexico nos esforzamos por ofrecerte los mejores productos de\u00a0<a href=\"https:\/\/distribuidorpanelrey.com.mx\/categoria-producto\/cintas-y-mallas\/\">Cinta y mallas<\/a> como la Cinta de aislar de truper<br \/>\n*La imagen puede diferir un poco del producto final *Los precios pueden variar sin previo aviso<br \/>\n*Los precios ya incluyen IVA *Se hacen env\u00edos a toda la Rep\u00fablica Mexicana, pregunte por nuestros descuentos en env\u00edos.<br \/>\n*Chatea con nosotros en nuestras redes sociales.<br \/>\n*Contactanos: Tel. 71-58-97-38 y 71-58-02-72.<br \/>\nNuestro correo: ventas@distribuidorpanelrey.com<br \/>\nDistribuidor Panel Rey Mexico<\/p>\n","protected":false},"excerpt":{"rendered":"<h4 style=\"text-align: center;\">Env\u00edos de 24 a 48 hr CDMX Y EDO MEX<\/h4>\n<p style=\"text-align: center;\">Rese\u00f1as\u00a0\u2605\u2605\u2605\u2605\u2605\u00a0 Env\u00edos Garantizados<\/p>\n<h4 style=\"text-align: center;\">\ud83d\udd25LOS MEJORES PRECIOS \ud83d\udd25<\/h4>\n","protected":false},"featured_media":1971,"comment_status":"closed","ping_status":"closed","template":"","meta":[],"product_brand":[562],"product_cat":[96],"product_tag":[94,363,317,318,111,165,361],"class_list":{"0":"post-1970","1":"product","2":"type-product","3":"status-publish","4":"has-post-thumbnail","6":"product_brand-truper","7":"product_cat-cintas-y-mallas","8":"product_tag-cinta","9":"product_tag-cinta-de-aislar","10":"product_tag-ferrekasa","11":"product_tag-ferremex","12":"product_tag-panel-rey","13":"product_tag-panel-rey-mexico","14":"product_tag-truper","16":"first","17":"instock","18":"shipping-taxable","19":"purchasable","20":"product-type-simple"},"yoast_head":"<!-- This site is optimized with the Yoast SEO plugin v27.1.1 - https:\/\/yoast.com\/product\/yoast-seo-wordpress\/ -->\n<title>CINTA DE AISLAR 18M<\/title>\n<meta name=\"description\" content=\"EN ANEL REY MEXICO ENCONTRARAS LAA MEJOR CALIDAD EN PRODUCTOS PARA TUS PROYECTOS COMO LA CINTA DE AISLAR 18M DE LA MARCA TRUPER\" \/>\n<meta name=\"robots\" content=\"index, follow, max-snippet:-1, max-image-preview:large, max-video-preview:-1\" \/>\n<link rel=\"canonical\" href=\"https:\/\/distribuidorpanelrey.com.mx\/producto\/cinta-de-aislar-18m\/\" \/>\n<meta property=\"og:locale\" content=\"es_ES\" \/>\n<meta property=\"og:type\" content=\"article\" \/>\n<meta property=\"og:title\" content=\"CINTA DE AISLAR 18M\" \/>\n<meta property=\"og:description\" content=\"EN ANEL REY MEXICO ENCONTRARAS LAA MEJOR CALIDAD EN PRODUCTOS PARA TUS PROYECTOS COMO LA CINTA DE AISLAR 18M DE LA MARCA TRUPER\" \/>\n<meta property=\"og:url\" content=\"https:\/\/distribuidorpanelrey.com.mx\/producto\/cinta-de-aislar-18m\/\" \/>\n<meta property=\"og:site_name\" content=\"PANEL REY MEXICO\" \/>\n<meta property=\"article:publisher\" content=\"https:\/\/www.facebook.com\/mexicopanelrey\/?locale=es_LA\" \/>\n<meta property=\"article:modified_time\" content=\"2025-12-05T14:14:23+00:00\" \/>\n<meta property=\"og:image\" content=\"https:\/\/distribuidorpanelrey.com.mx\/wp-content\/uploads\/2023\/03\/CINTA-DE-AISLAR-18M.png\" \/>\n\t<meta property=\"og:image:width\" content=\"500\" \/>\n\t<meta property=\"og:image:height\" content=\"500\" \/>\n\t<meta property=\"og:image:type\" content=\"image\/png\" \/>\n<meta name=\"twitter:card\" content=\"summary_large_image\" \/>\n<meta name=\"twitter:label1\" content=\"Tiempo de lectura\" \/>\n\t<meta name=\"twitter:data1\" content=\"2 minutos\" \/>\n<script type=\"application\/ld+json\" class=\"yoast-schema-graph\">{\"@context\":\"https:\/\/schema.org\",\"@graph\":[{\"@type\":\"WebPage\",\"@id\":\"https:\/\/distribuidorpanelrey.com.mx\/producto\/cinta-de-aislar-18m\/\",\"url\":\"https:\/\/distribuidorpanelrey.com.mx\/producto\/cinta-de-aislar-18m\/\",\"name\":\"CINTA DE AISLAR 18M\",\"isPartOf\":{\"@id\":\"https:\/\/distribuidorpanelrey.com\/#website\"},\"primaryImageOfPage\":{\"@id\":\"https:\/\/distribuidorpanelrey.com.mx\/producto\/cinta-de-aislar-18m\/#primaryimage\"},\"image\":{\"@id\":\"https:\/\/distribuidorpanelrey.com.mx\/producto\/cinta-de-aislar-18m\/#primaryimage\"},\"thumbnailUrl\":\"https:\/\/distribuidorpanelrey.com.mx\/wp-content\/uploads\/2023\/03\/CINTA-DE-AISLAR-18M.png\",\"datePublished\":\"2023-03-28T21:14:43+00:00\",\"dateModified\":\"2025-12-05T14:14:23+00:00\",\"description\":\"EN ANEL REY MEXICO ENCONTRARAS LAA MEJOR CALIDAD EN PRODUCTOS PARA TUS PROYECTOS COMO LA CINTA DE AISLAR 18M DE LA MARCA TRUPER\",\"breadcrumb\":{\"@id\":\"https:\/\/distribuidorpanelrey.com.mx\/producto\/cinta-de-aislar-18m\/#breadcrumb\"},\"inLanguage\":\"es\",\"potentialAction\":[{\"@type\":\"ReadAction\",\"target\":[\"https:\/\/distribuidorpanelrey.com.mx\/producto\/cinta-de-aislar-18m\/\"]}]},{\"@type\":\"ImageObject\",\"inLanguage\":\"es\",\"@id\":\"https:\/\/distribuidorpanelrey.com.mx\/producto\/cinta-de-aislar-18m\/#primaryimage\",\"url\":\"https:\/\/distribuidorpanelrey.com.mx\/wp-content\/uploads\/2023\/03\/CINTA-DE-AISLAR-18M.png\",\"contentUrl\":\"https:\/\/distribuidorpanelrey.com.mx\/wp-content\/uploads\/2023\/03\/CINTA-DE-AISLAR-18M.png\",\"width\":500,\"height\":500,\"caption\":\"CINTA-DE-AISLAR-18M\"},{\"@type\":\"BreadcrumbList\",\"@id\":\"https:\/\/distribuidorpanelrey.com.mx\/producto\/cinta-de-aislar-18m\/#breadcrumb\",\"itemListElement\":[{\"@type\":\"ListItem\",\"position\":1,\"name\":\"Portada\",\"item\":\"https:\/\/distribuidorpanelrey.com.mx\/\"},{\"@type\":\"ListItem\",\"position\":2,\"name\":\"Productos\",\"item\":\"https:\/\/distribuidorpanelrey.com\/tienda\/\"},{\"@type\":\"ListItem\",\"position\":3,\"name\":\"CINTA DE AISLAR 18M TRUPER\"}]},{\"@type\":\"WebSite\",\"@id\":\"https:\/\/distribuidorpanelrey.com\/#website\",\"url\":\"https:\/\/distribuidorpanelrey.com\/\",\"name\":\"PANEL REY MEXICO\",\"description\":\"DISTRIBUIDOR PANEL REY\",\"publisher\":{\"@id\":\"https:\/\/distribuidorpanelrey.com\/#organization\"},\"alternateName\":\"DISTRIBUIDOR PANEL REY\",\"potentialAction\":[{\"@type\":\"SearchAction\",\"target\":{\"@type\":\"EntryPoint\",\"urlTemplate\":\"https:\/\/distribuidorpanelrey.com\/?s={search_term_string}\"},\"query-input\":{\"@type\":\"PropertyValueSpecification\",\"valueRequired\":true,\"valueName\":\"search_term_string\"}}],\"inLanguage\":\"es\"},{\"@type\":\"Organization\",\"@id\":\"https:\/\/distribuidorpanelrey.com\/#organization\",\"name\":\"PANEL REY MEXICO\",\"url\":\"https:\/\/distribuidorpanelrey.com\/\",\"logo\":{\"@type\":\"ImageObject\",\"inLanguage\":\"es\",\"@id\":\"https:\/\/distribuidorpanelrey.com\/#\/schema\/logo\/image\/\",\"url\":\"https:\/\/distribuidorpanelrey.com.mx\/wp-content\/uploads\/2023\/11\/panelrey.webp\",\"contentUrl\":\"https:\/\/distribuidorpanelrey.com.mx\/wp-content\/uploads\/2023\/11\/panelrey.webp\",\"width\":400,\"height\":150,\"caption\":\"PANEL REY MEXICO\"},\"image\":{\"@id\":\"https:\/\/distribuidorpanelrey.com\/#\/schema\/logo\/image\/\"},\"sameAs\":[\"https:\/\/www.facebook.com\/mexicopanelrey\/?locale=es_LA\",\"https:\/\/www.instagram.com\/panel_rey_mexico\/?hl=es\"]}]}<\/script>\n<!-- \/ Yoast SEO plugin. -->","yoast_head_json":{"title":"CINTA DE AISLAR 18M","description":"EN ANEL REY MEXICO ENCONTRARAS LAA MEJOR CALIDAD EN PRODUCTOS PARA TUS PROYECTOS COMO LA CINTA DE AISLAR 18M DE LA MARCA TRUPER","robots":{"index":"index","follow":"follow","max-snippet":"max-snippet:-1","max-image-preview":"max-image-preview:large","max-video-preview":"max-video-preview:-1"},"canonical":"https:\/\/distribuidorpanelrey.com.mx\/producto\/cinta-de-aislar-18m\/","og_locale":"es_ES","og_type":"article","og_title":"CINTA DE AISLAR 18M","og_description":"EN ANEL REY MEXICO ENCONTRARAS LAA MEJOR CALIDAD EN PRODUCTOS PARA TUS PROYECTOS COMO LA CINTA DE AISLAR 18M DE LA MARCA TRUPER","og_url":"https:\/\/distribuidorpanelrey.com.mx\/producto\/cinta-de-aislar-18m\/","og_site_name":"PANEL REY MEXICO","article_publisher":"https:\/\/www.facebook.com\/mexicopanelrey\/?locale=es_LA","article_modified_time":"2025-12-05T14:14:23+00:00","og_image":[{"width":500,"height":500,"url":"https:\/\/distribuidorpanelrey.com.mx\/wp-content\/uploads\/2023\/03\/CINTA-DE-AISLAR-18M.png","type":"image\/png"}],"twitter_card":"summary_large_image","twitter_misc":{"Tiempo de lectura":"2 minutos"},"schema":{"@context":"https:\/\/schema.org","@graph":[{"@type":"WebPage","@id":"https:\/\/distribuidorpanelrey.com.mx\/producto\/cinta-de-aislar-18m\/","url":"https:\/\/distribuidorpanelrey.com.mx\/producto\/cinta-de-aislar-18m\/","name":"CINTA DE AISLAR 18M","isPartOf":{"@id":"https:\/\/distribuidorpanelrey.com\/#website"},"primaryImageOfPage":{"@id":"https:\/\/distribuidorpanelrey.com.mx\/producto\/cinta-de-aislar-18m\/#primaryimage"},"image":{"@id":"https:\/\/distribuidorpanelrey.com.mx\/producto\/cinta-de-aislar-18m\/#primaryimage"},"thumbnailUrl":"https:\/\/distribuidorpanelrey.com.mx\/wp-content\/uploads\/2023\/03\/CINTA-DE-AISLAR-18M.png","datePublished":"2023-03-28T21:14:43+00:00","dateModified":"2025-12-05T14:14:23+00:00","description":"EN ANEL REY MEXICO ENCONTRARAS LAA MEJOR CALIDAD EN PRODUCTOS PARA TUS PROYECTOS COMO LA CINTA DE AISLAR 18M DE LA MARCA TRUPER","breadcrumb":{"@id":"https:\/\/distribuidorpanelrey.com.mx\/producto\/cinta-de-aislar-18m\/#breadcrumb"},"inLanguage":"es","potentialAction":[{"@type":"ReadAction","target":["https:\/\/distribuidorpanelrey.com.mx\/producto\/cinta-de-aislar-18m\/"]}]},{"@type":"ImageObject","inLanguage":"es","@id":"https:\/\/distribuidorpanelrey.com.mx\/producto\/cinta-de-aislar-18m\/#primaryimage","url":"https:\/\/distribuidorpanelrey.com.mx\/wp-content\/uploads\/2023\/03\/CINTA-DE-AISLAR-18M.png","contentUrl":"https:\/\/distribuidorpanelrey.com.mx\/wp-content\/uploads\/2023\/03\/CINTA-DE-AISLAR-18M.png","width":500,"height":500,"caption":"CINTA-DE-AISLAR-18M"},{"@type":"BreadcrumbList","@id":"https:\/\/distribuidorpanelrey.com.mx\/producto\/cinta-de-aislar-18m\/#breadcrumb","itemListElement":[{"@type":"ListItem","position":1,"name":"Portada","item":"https:\/\/distribuidorpanelrey.com.mx\/"},{"@type":"ListItem","position":2,"name":"Productos","item":"https:\/\/distribuidorpanelrey.com\/tienda\/"},{"@type":"ListItem","position":3,"name":"CINTA DE AISLAR 18M TRUPER"}]},{"@type":"WebSite","@id":"https:\/\/distribuidorpanelrey.com\/#website","url":"https:\/\/distribuidorpanelrey.com\/","name":"PANEL REY MEXICO","description":"DISTRIBUIDOR PANEL REY","publisher":{"@id":"https:\/\/distribuidorpanelrey.com\/#organization"},"alternateName":"DISTRIBUIDOR PANEL REY","potentialAction":[{"@type":"SearchAction","target":{"@type":"EntryPoint","urlTemplate":"https:\/\/distribuidorpanelrey.com\/?s={search_term_string}"},"query-input":{"@type":"PropertyValueSpecification","valueRequired":true,"valueName":"search_term_string"}}],"inLanguage":"es"},{"@type":"Organization","@id":"https:\/\/distribuidorpanelrey.com\/#organization","name":"PANEL REY MEXICO","url":"https:\/\/distribuidorpanelrey.com\/","logo":{"@type":"ImageObject","inLanguage":"es","@id":"https:\/\/distribuidorpanelrey.com\/#\/schema\/logo\/image\/","url":"https:\/\/distribuidorpanelrey.com.mx\/wp-content\/uploads\/2023\/11\/panelrey.webp","contentUrl":"https:\/\/distribuidorpanelrey.com.mx\/wp-content\/uploads\/2023\/11\/panelrey.webp","width":400,"height":150,"caption":"PANEL REY MEXICO"},"image":{"@id":"https:\/\/distribuidorpanelrey.com\/#\/schema\/logo\/image\/"},"sameAs":["https:\/\/www.facebook.com\/mexicopanelrey\/?locale=es_LA","https:\/\/www.instagram.com\/panel_rey_mexico\/?hl=es"]}]}},"_links":{"self":[{"href":"https:\/\/distribuidorpanelrey.com.mx\/wp-json\/wp\/v2\/product\/1970","targetHints":{"allow":["GET"]}}],"collection":[{"href":"https:\/\/distribuidorpanelrey.com.mx\/wp-json\/wp\/v2\/product"}],"about":[{"href":"https:\/\/distribuidorpanelrey.com.mx\/wp-json\/wp\/v2\/types\/product"}],"replies":[{"embeddable":true,"href":"https:\/\/distribuidorpanelrey.com.mx\/wp-json\/wp\/v2\/comments?post=1970"}],"version-history":[{"count":2,"href":"https:\/\/distribuidorpanelrey.com.mx\/wp-json\/wp\/v2\/product\/1970\/revisions"}],"predecessor-version":[{"id":6620,"href":"https:\/\/distribuidorpanelrey.com.mx\/wp-json\/wp\/v2\/product\/1970\/revisions\/6620"}],"wp:featuredmedia":[{"embeddable":true,"href":"https:\/\/distribuidorpanelrey.com.mx\/wp-json\/wp\/v2\/media\/1971"}],"wp:attachment":[{"href":"https:\/\/distribuidorpanelrey.com.mx\/wp-json\/wp\/v2\/media?parent=1970"}],"wp:term":[{"taxonomy":"product_brand","embeddable":true,"href":"https:\/\/distribuidorpanelrey.com.mx\/wp-json\/wp\/v2\/product_brand?post=1970"},{"taxonomy":"product_cat","embeddable":true,"href":"https:\/\/distribuidorpanelrey.com.mx\/wp-json\/wp\/v2\/product_cat?post=1970"},{"taxonomy":"product_tag","embeddable":true,"href":"https:\/\/distribuidorpanelrey.com.mx\/wp-json\/wp\/v2\/product_tag?post=1970"}],"curies":[{"name":"wp","href":"https:\/\/api.w.org\/{rel}","templated":true}]}}