{"id":3050,"date":"2025-07-19T15:02:13","date_gmt":"2025-07-19T15:02:13","guid":{"rendered":"https:\/\/distribuidorpanelrey.com.mx\/?post_type=product&#038;p=3050"},"modified":"2025-08-18T04:17:52","modified_gmt":"2025-08-18T04:17:52","slug":"caja-taco-metalico-hm","status":"publish","type":"product","link":"https:\/\/distribuidorpanelrey.com.mx\/producto\/caja-taco-metalico-hm\/","title":{"rendered":"ANCLAJE EXPANSOR METALICO HM"},"content":{"rendered":"<h2 style=\"text-align: center;\">CAJA TACO METALICO HM<\/h2>\n<p>La CAJA TACO METALICO HM es un elemento esencial para aplicaciones de fijaci\u00f3n en construcci\u00f3n y reparaci\u00f3n. Dise\u00f1ada para proporcionar una sujeci\u00f3n segura y duradera, esta caja contiene tacos met\u00e1licos de alta calidad, ideales para uso en paredes de concreto, ladrillo y otros materiales de construcci\u00f3n robustos. Los tacos met\u00e1licos de la Caja Taco Met\u00e1lico HM son resistentes a la corrosi\u00f3n y ofrecen una excelente capacidad de carga, lo que garantiza una instalaci\u00f3n estable y segura de diferentes elementos como estantes y paneles. Adem\u00e1s, su dise\u00f1o facilita una instalaci\u00f3n r\u00e1pida y eficiente, ahorrando tiempo y esfuerzo en proyectos de montaje.<\/p>\n<h3>CARACTERISTICAS:<\/h3>\n<ul>\n<li><strong>Alta Resistencia:<\/strong> Los tacos met\u00e1licos incluidos en la caja est\u00e1n fabricados con acero de alta calidad, lo que garantiza una resistencia superior a la corrosi\u00f3n y una durabilidad prolongada en diferentes condiciones de uso.<\/li>\n<li><strong>Capacidad de Carga:<\/strong> Dise\u00f1ados para soportar cargas pesadas, estos tacos met\u00e1licos proporcionan una sujeci\u00f3n firme y segura en materiales de construcci\u00f3n como concreto y ladrillo.<\/li>\n<li><strong>F\u00e1cil Instalaci\u00f3n:<\/strong> La caja est\u00e1 dise\u00f1ada para facilitar una instalaci\u00f3n r\u00e1pida y sencilla. Los tacos se colocan f\u00e1cilmente en perforaciones hechas previamente, asegurando un montaje eficiente.<\/li>\n<li><strong>Versatilidad:<\/strong> Adecuados para una amplia gama de aplicaciones, desde la fijaci\u00f3n de estantes y armarios hasta la instalaci\u00f3n de paneles y otros elementos en superficies duras.<\/li>\n<li><strong>Durabilidad:<\/strong> Los tacos met\u00e1licos ofrecen una resistencia a largo plazo, reduciendo la necesidad de reemplazos frecuentes y garantizando la estabilidad de las instalaciones.<\/li>\n<\/ul>\n<p style=\"text-align: center;\">En\u00a0<strong data-start=\"82\" data-end=\"115\">Distribuidor Panel Rey M\u00e9xico<\/strong> encuentras calidad y confianza en productos\u00a0<strong data-start=\"160\" data-end=\"172\">Fischer.<\/strong><br data-start=\"173\" data-end=\"176\" \/>\u2705 Env\u00edos a toda la Rep\u00fablica Mexicana. \u00a1Pregunta por nuestras promociones vigentes!<br data-start=\"259\" data-end=\"262\" data-is-only-node=\"\" \/>\u2705 Todos los precios incluyen IVA (sujetos a cambio sin previo aviso).<br data-start=\"331\" data-end=\"334\" \/>\u2705 Im\u00e1genes ilustrativas, el producto final puede presentar ligeras variaciones.<br data-start=\"413\" data-end=\"416\" \/>\ud83d\udcac \u00bfTienes dudas? Escr\u00edbenos por\u00a0<a href=\"https:\/\/www.facebook.com\/mexicopanelrey\">Facebook<\/a>\u00a0o\u00a0<a href=\"https:\/\/www.instagram.com\/panel_rey_mexico\/\">Instagram<\/a>.<br data-start=\"470\" data-end=\"473\" \/>\ud83d\udcde Tel:\u00a0<a href=\"tel:55 7397 6243\">55 7397 6243<\/a>\u00a0| WhatsApp:\u00a0<a href=\"https:\/\/api.whatsapp.com\/send?phone=525573976243\">5573976243<\/a><br data-start=\"518\" data-end=\"521\" \/>\ud83d\udce7\u00a0<a class=\"cursor-pointer\" href=\"mailto:ventas@distribuidorpanelrey.com\" rel=\"noopener\" data-start=\"524\" data-end=\"555\">ventas@distribuidorpanelrey.com<\/a><\/p>\n","protected":false},"excerpt":{"rendered":"<h4 style=\"text-align: center;\">Env\u00edos de 24 a 48 hr CDMX Y EDO MEX<\/h4>\n<p style=\"text-align: center;\">Rese\u00f1as\u00a0\u2605\u2605\u2605\u2605\u2605\u00a0 Env\u00edos Garantizados<\/p>\n<h4 style=\"text-align: center;\">\ud83d\udd25LOS MEJORES PRECIOS \ud83d\udd25<\/h4>\n","protected":false},"featured_media":3052,"comment_status":"closed","ping_status":"closed","template":"","meta":[],"product_brand":[554],"product_cat":[112],"product_tag":[],"class_list":{"0":"post-3050","1":"product","2":"type-product","3":"status-publish","4":"has-post-thumbnail","6":"product_brand-fischer","7":"product_cat-fijacion","9":"first","10":"instock","11":"shipping-taxable","12":"purchasable","13":"product-type-variable"},"yoast_head":"<!-- This site is optimized with the Yoast SEO plugin v27.1.1 - https:\/\/yoast.com\/product\/yoast-seo-wordpress\/ -->\n<title>ANCLAJE EXPANSOR METALICO HM - PANEL REY MEXICO<\/title>\n<meta name=\"description\" content=\"CAJA TACO METALICO HM, \u00a1Encuentra y cotiza todos tus productos aqui en Distribuidor Panel Rey, contamos con envios gratis* en toda la republica!\" \/>\n<meta name=\"robots\" content=\"index, follow, max-snippet:-1, max-image-preview:large, max-video-preview:-1\" \/>\n<link rel=\"canonical\" href=\"https:\/\/distribuidorpanelrey.com.mx\/producto\/caja-taco-metalico-hm\/\" \/>\n<meta property=\"og:locale\" content=\"es_ES\" \/>\n<meta property=\"og:type\" content=\"article\" \/>\n<meta property=\"og:title\" content=\"ANCLAJE EXPANSOR METALICO HM - PANEL REY MEXICO\" \/>\n<meta property=\"og:description\" content=\"CAJA TACO METALICO HM, \u00a1Encuentra y cotiza todos tus productos aqui en Distribuidor Panel Rey, contamos con envios gratis* en toda la republica!\" \/>\n<meta property=\"og:url\" content=\"https:\/\/distribuidorpanelrey.com.mx\/producto\/caja-taco-metalico-hm\/\" \/>\n<meta property=\"og:site_name\" content=\"PANEL REY MEXICO\" \/>\n<meta property=\"article:publisher\" content=\"https:\/\/www.facebook.com\/mexicopanelrey\/?locale=es_LA\" \/>\n<meta property=\"article:modified_time\" content=\"2025-08-18T04:17:52+00:00\" \/>\n<meta property=\"og:image\" content=\"https:\/\/distribuidorpanelrey.com.mx\/wp-content\/uploads\/2024\/07\/CAJA-TACO-METALICO-HM.jpg\" \/>\n\t<meta property=\"og:image:width\" content=\"225\" \/>\n\t<meta property=\"og:image:height\" content=\"225\" \/>\n\t<meta property=\"og:image:type\" content=\"image\/jpeg\" \/>\n<meta name=\"twitter:card\" content=\"summary_large_image\" \/>\n<meta name=\"twitter:label1\" content=\"Tiempo de lectura\" \/>\n\t<meta name=\"twitter:data1\" content=\"2 minutos\" \/>\n<script type=\"application\/ld+json\" class=\"yoast-schema-graph\">{\"@context\":\"https:\/\/schema.org\",\"@graph\":[{\"@type\":\"WebPage\",\"@id\":\"https:\/\/distribuidorpanelrey.com.mx\/producto\/caja-taco-metalico-hm\/\",\"url\":\"https:\/\/distribuidorpanelrey.com.mx\/producto\/caja-taco-metalico-hm\/\",\"name\":\"ANCLAJE EXPANSOR METALICO HM - PANEL REY MEXICO\",\"isPartOf\":{\"@id\":\"https:\/\/distribuidorpanelrey.com\/#website\"},\"primaryImageOfPage\":{\"@id\":\"https:\/\/distribuidorpanelrey.com.mx\/producto\/caja-taco-metalico-hm\/#primaryimage\"},\"image\":{\"@id\":\"https:\/\/distribuidorpanelrey.com.mx\/producto\/caja-taco-metalico-hm\/#primaryimage\"},\"thumbnailUrl\":\"https:\/\/distribuidorpanelrey.com.mx\/wp-content\/uploads\/2024\/07\/CAJA-TACO-METALICO-HM.jpg\",\"datePublished\":\"2025-07-19T15:02:13+00:00\",\"dateModified\":\"2025-08-18T04:17:52+00:00\",\"description\":\"CAJA TACO METALICO HM, \u00a1Encuentra y cotiza todos tus productos aqui en Distribuidor Panel Rey, contamos con envios gratis* en toda la republica!\",\"breadcrumb\":{\"@id\":\"https:\/\/distribuidorpanelrey.com.mx\/producto\/caja-taco-metalico-hm\/#breadcrumb\"},\"inLanguage\":\"es\",\"potentialAction\":[{\"@type\":\"ReadAction\",\"target\":[\"https:\/\/distribuidorpanelrey.com.mx\/producto\/caja-taco-metalico-hm\/\"]}]},{\"@type\":\"ImageObject\",\"inLanguage\":\"es\",\"@id\":\"https:\/\/distribuidorpanelrey.com.mx\/producto\/caja-taco-metalico-hm\/#primaryimage\",\"url\":\"https:\/\/distribuidorpanelrey.com.mx\/wp-content\/uploads\/2024\/07\/CAJA-TACO-METALICO-HM.jpg\",\"contentUrl\":\"https:\/\/distribuidorpanelrey.com.mx\/wp-content\/uploads\/2024\/07\/CAJA-TACO-METALICO-HM.jpg\",\"width\":225,\"height\":225,\"caption\":\"CAJA TACO METALICO HM\"},{\"@type\":\"BreadcrumbList\",\"@id\":\"https:\/\/distribuidorpanelrey.com.mx\/producto\/caja-taco-metalico-hm\/#breadcrumb\",\"itemListElement\":[{\"@type\":\"ListItem\",\"position\":1,\"name\":\"Portada\",\"item\":\"https:\/\/distribuidorpanelrey.com.mx\/\"},{\"@type\":\"ListItem\",\"position\":2,\"name\":\"Productos\",\"item\":\"https:\/\/distribuidorpanelrey.com\/tienda\/\"},{\"@type\":\"ListItem\",\"position\":3,\"name\":\"ANCLAJE EXPANSOR METALICO HM\"}]},{\"@type\":\"WebSite\",\"@id\":\"https:\/\/distribuidorpanelrey.com\/#website\",\"url\":\"https:\/\/distribuidorpanelrey.com\/\",\"name\":\"PANEL REY MEXICO\",\"description\":\"DISTRIBUIDOR PANEL REY\",\"publisher\":{\"@id\":\"https:\/\/distribuidorpanelrey.com\/#organization\"},\"alternateName\":\"DISTRIBUIDOR PANEL REY\",\"potentialAction\":[{\"@type\":\"SearchAction\",\"target\":{\"@type\":\"EntryPoint\",\"urlTemplate\":\"https:\/\/distribuidorpanelrey.com\/?s={search_term_string}\"},\"query-input\":{\"@type\":\"PropertyValueSpecification\",\"valueRequired\":true,\"valueName\":\"search_term_string\"}}],\"inLanguage\":\"es\"},{\"@type\":\"Organization\",\"@id\":\"https:\/\/distribuidorpanelrey.com\/#organization\",\"name\":\"PANEL REY MEXICO\",\"url\":\"https:\/\/distribuidorpanelrey.com\/\",\"logo\":{\"@type\":\"ImageObject\",\"inLanguage\":\"es\",\"@id\":\"https:\/\/distribuidorpanelrey.com\/#\/schema\/logo\/image\/\",\"url\":\"https:\/\/distribuidorpanelrey.com.mx\/wp-content\/uploads\/2023\/11\/panelrey.webp\",\"contentUrl\":\"https:\/\/distribuidorpanelrey.com.mx\/wp-content\/uploads\/2023\/11\/panelrey.webp\",\"width\":400,\"height\":150,\"caption\":\"PANEL REY MEXICO\"},\"image\":{\"@id\":\"https:\/\/distribuidorpanelrey.com\/#\/schema\/logo\/image\/\"},\"sameAs\":[\"https:\/\/www.facebook.com\/mexicopanelrey\/?locale=es_LA\",\"https:\/\/www.instagram.com\/panel_rey_mexico\/?hl=es\"]}]}<\/script>\n<!-- \/ Yoast SEO plugin. -->","yoast_head_json":{"title":"ANCLAJE EXPANSOR METALICO HM - PANEL REY MEXICO","description":"CAJA TACO METALICO HM, \u00a1Encuentra y cotiza todos tus productos aqui en Distribuidor Panel Rey, contamos con envios gratis* en toda la republica!","robots":{"index":"index","follow":"follow","max-snippet":"max-snippet:-1","max-image-preview":"max-image-preview:large","max-video-preview":"max-video-preview:-1"},"canonical":"https:\/\/distribuidorpanelrey.com.mx\/producto\/caja-taco-metalico-hm\/","og_locale":"es_ES","og_type":"article","og_title":"ANCLAJE EXPANSOR METALICO HM - PANEL REY MEXICO","og_description":"CAJA TACO METALICO HM, \u00a1Encuentra y cotiza todos tus productos aqui en Distribuidor Panel Rey, contamos con envios gratis* en toda la republica!","og_url":"https:\/\/distribuidorpanelrey.com.mx\/producto\/caja-taco-metalico-hm\/","og_site_name":"PANEL REY MEXICO","article_publisher":"https:\/\/www.facebook.com\/mexicopanelrey\/?locale=es_LA","article_modified_time":"2025-08-18T04:17:52+00:00","og_image":[{"width":225,"height":225,"url":"https:\/\/distribuidorpanelrey.com.mx\/wp-content\/uploads\/2024\/07\/CAJA-TACO-METALICO-HM.jpg","type":"image\/jpeg"}],"twitter_card":"summary_large_image","twitter_misc":{"Tiempo de lectura":"2 minutos"},"schema":{"@context":"https:\/\/schema.org","@graph":[{"@type":"WebPage","@id":"https:\/\/distribuidorpanelrey.com.mx\/producto\/caja-taco-metalico-hm\/","url":"https:\/\/distribuidorpanelrey.com.mx\/producto\/caja-taco-metalico-hm\/","name":"ANCLAJE EXPANSOR METALICO HM - PANEL REY MEXICO","isPartOf":{"@id":"https:\/\/distribuidorpanelrey.com\/#website"},"primaryImageOfPage":{"@id":"https:\/\/distribuidorpanelrey.com.mx\/producto\/caja-taco-metalico-hm\/#primaryimage"},"image":{"@id":"https:\/\/distribuidorpanelrey.com.mx\/producto\/caja-taco-metalico-hm\/#primaryimage"},"thumbnailUrl":"https:\/\/distribuidorpanelrey.com.mx\/wp-content\/uploads\/2024\/07\/CAJA-TACO-METALICO-HM.jpg","datePublished":"2025-07-19T15:02:13+00:00","dateModified":"2025-08-18T04:17:52+00:00","description":"CAJA TACO METALICO HM, \u00a1Encuentra y cotiza todos tus productos aqui en Distribuidor Panel Rey, contamos con envios gratis* en toda la republica!","breadcrumb":{"@id":"https:\/\/distribuidorpanelrey.com.mx\/producto\/caja-taco-metalico-hm\/#breadcrumb"},"inLanguage":"es","potentialAction":[{"@type":"ReadAction","target":["https:\/\/distribuidorpanelrey.com.mx\/producto\/caja-taco-metalico-hm\/"]}]},{"@type":"ImageObject","inLanguage":"es","@id":"https:\/\/distribuidorpanelrey.com.mx\/producto\/caja-taco-metalico-hm\/#primaryimage","url":"https:\/\/distribuidorpanelrey.com.mx\/wp-content\/uploads\/2024\/07\/CAJA-TACO-METALICO-HM.jpg","contentUrl":"https:\/\/distribuidorpanelrey.com.mx\/wp-content\/uploads\/2024\/07\/CAJA-TACO-METALICO-HM.jpg","width":225,"height":225,"caption":"CAJA TACO METALICO HM"},{"@type":"BreadcrumbList","@id":"https:\/\/distribuidorpanelrey.com.mx\/producto\/caja-taco-metalico-hm\/#breadcrumb","itemListElement":[{"@type":"ListItem","position":1,"name":"Portada","item":"https:\/\/distribuidorpanelrey.com.mx\/"},{"@type":"ListItem","position":2,"name":"Productos","item":"https:\/\/distribuidorpanelrey.com\/tienda\/"},{"@type":"ListItem","position":3,"name":"ANCLAJE EXPANSOR METALICO HM"}]},{"@type":"WebSite","@id":"https:\/\/distribuidorpanelrey.com\/#website","url":"https:\/\/distribuidorpanelrey.com\/","name":"PANEL REY MEXICO","description":"DISTRIBUIDOR PANEL REY","publisher":{"@id":"https:\/\/distribuidorpanelrey.com\/#organization"},"alternateName":"DISTRIBUIDOR PANEL REY","potentialAction":[{"@type":"SearchAction","target":{"@type":"EntryPoint","urlTemplate":"https:\/\/distribuidorpanelrey.com\/?s={search_term_string}"},"query-input":{"@type":"PropertyValueSpecification","valueRequired":true,"valueName":"search_term_string"}}],"inLanguage":"es"},{"@type":"Organization","@id":"https:\/\/distribuidorpanelrey.com\/#organization","name":"PANEL REY MEXICO","url":"https:\/\/distribuidorpanelrey.com\/","logo":{"@type":"ImageObject","inLanguage":"es","@id":"https:\/\/distribuidorpanelrey.com\/#\/schema\/logo\/image\/","url":"https:\/\/distribuidorpanelrey.com.mx\/wp-content\/uploads\/2023\/11\/panelrey.webp","contentUrl":"https:\/\/distribuidorpanelrey.com.mx\/wp-content\/uploads\/2023\/11\/panelrey.webp","width":400,"height":150,"caption":"PANEL REY MEXICO"},"image":{"@id":"https:\/\/distribuidorpanelrey.com\/#\/schema\/logo\/image\/"},"sameAs":["https:\/\/www.facebook.com\/mexicopanelrey\/?locale=es_LA","https:\/\/www.instagram.com\/panel_rey_mexico\/?hl=es"]}]}},"_links":{"self":[{"href":"https:\/\/distribuidorpanelrey.com.mx\/wp-json\/wp\/v2\/product\/3050","targetHints":{"allow":["GET"]}}],"collection":[{"href":"https:\/\/distribuidorpanelrey.com.mx\/wp-json\/wp\/v2\/product"}],"about":[{"href":"https:\/\/distribuidorpanelrey.com.mx\/wp-json\/wp\/v2\/types\/product"}],"replies":[{"embeddable":true,"href":"https:\/\/distribuidorpanelrey.com.mx\/wp-json\/wp\/v2\/comments?post=3050"}],"version-history":[{"count":4,"href":"https:\/\/distribuidorpanelrey.com.mx\/wp-json\/wp\/v2\/product\/3050\/revisions"}],"predecessor-version":[{"id":5039,"href":"https:\/\/distribuidorpanelrey.com.mx\/wp-json\/wp\/v2\/product\/3050\/revisions\/5039"}],"wp:featuredmedia":[{"embeddable":true,"href":"https:\/\/distribuidorpanelrey.com.mx\/wp-json\/wp\/v2\/media\/3052"}],"wp:attachment":[{"href":"https:\/\/distribuidorpanelrey.com.mx\/wp-json\/wp\/v2\/media?parent=3050"}],"wp:term":[{"taxonomy":"product_brand","embeddable":true,"href":"https:\/\/distribuidorpanelrey.com.mx\/wp-json\/wp\/v2\/product_brand?post=3050"},{"taxonomy":"product_cat","embeddable":true,"href":"https:\/\/distribuidorpanelrey.com.mx\/wp-json\/wp\/v2\/product_cat?post=3050"},{"taxonomy":"product_tag","embeddable":true,"href":"https:\/\/distribuidorpanelrey.com.mx\/wp-json\/wp\/v2\/product_tag?post=3050"}],"curies":[{"name":"wp","href":"https:\/\/api.w.org\/{rel}","templated":true}]}}