{"id":3532,"date":"2025-02-25T08:27:21","date_gmt":"2025-02-25T08:27:21","guid":{"rendered":"https:\/\/distribuidorpanelrey.com.mx\/?post_type=product&#038;p=3532"},"modified":"2025-08-18T04:19:55","modified_gmt":"2025-08-18T04:19:55","slug":"impac-cemenflex","status":"publish","type":"product","link":"https:\/\/distribuidorpanelrey.com.mx\/producto\/impac-cemenflex\/","title":{"rendered":"IMPAC CEMENFLEX"},"content":{"rendered":"<h2>IMPAC CEMENFLEX<\/h2>\n<p>IMPAC CEMENFLEX es un impermeabilizante cementoso, flexible de 2 componentes que al mezclarse toma una consistencia de pasta suave y cremosa, y ya seco es muy resistente a los \u00e1lcalis y soporta movimientos en puenteo de grietas.<\/p>\n<h4><strong>Ventajas\u00a0<\/strong><\/h4>\n<ul>\n<li>aplicaci\u00f3n sencilla y r\u00e1pida<\/li>\n<li>secado r\u00e1pido,\u00a0no requiere curado<\/li>\n<li>no necesita agua para su preparaci\u00f3n<\/li>\n<li>excelente adherencia a superficies de concreto, block, entre otros<\/li>\n<li>flexible e impermeable<\/li>\n<li>soporta movimientos de la superficie ocasionada por cambios de temperatura<\/li>\n<li>soporta tr\u00e1fico peatonal ligero<\/li>\n<li>protege concreto de la carbonataci\u00f3n y corrosi\u00f3n<\/li>\n<li>resiste la alcalinidad del concreto y otros materiales de construcci\u00f3n<\/li>\n<li>puede ser aplicado sobre asfalto intemperizado o envejecido<\/li>\n<\/ul>\n<h4><strong>Usos<\/strong><\/h4>\n<ul>\n<li><span style=\"font-size: 17px;\">para cubrir superficies con o sin movimiento,\u00a0<\/span><span style=\"font-size: 17px;\">resiste presiones positivas y negativas <\/span><\/li>\n<li><span style=\"font-size: 17px;\">se puede aplicar en elementos de mamposter\u00eda, tabique, piedra, block, muros, s\u00f3tanos, paneles de yeso,\u00a0<\/span><span style=\"font-size: 17px;\">as\u00ed como en superficies horizontales y verticales<br \/>\n<\/span><\/li>\n<li><span style=\"font-size: 17px;\">impermeabiliza charolas de ba\u00f1o, balcones, terrazas, jardineras, albercas de concreto, espejos de agua, aljibes, as\u00ed como estructuras bajo y sobre el nivel del terreno<\/span><\/li>\n<\/ul>\n<h4><strong>Instrucciones<\/strong><\/h4>\n<h5>Preparaci\u00f3n de la superficie:<\/h5>\n<ul>\n<li>la superficie debe estar perfectamente limpia, debe ser concreto sano y libre de todo recubrimiento, membrana, polvo, basura, etc.<\/li>\n<li>si hay grietas o fisuras utilizar IMPAC WR-500 para resanar y en caso de que existan fugas francas de agua, repararlas con IMPAC AF-180<\/li>\n<li>la superficie se debe humedecer completamente saturando con agua evitando encharcamientos<\/li>\n<\/ul>\n<h5>Mezclado:<\/h5>\n<ul>\n<li>mezclar en un recipiente mayor a 30 L<\/li>\n<li>colocar en el recipiente la resina l\u00edquida y agregar poco a poco el polvo<\/li>\n<li>mezclar con taladro tipo industrial y agitador de aspas por 3 a 4 min hasta obtener una mezcla homog\u00e9nea sin grumos<\/li>\n<li>no se deben alterar las proporciones de ambos componentes ni agregar agua a la mezcla.<\/li>\n<\/ul>\n<h5>Aplicaci\u00f3n:<\/h5>\n<ul>\n<li>aplicar la primera capa de IMPAC Cemenflex con ayuda de brocha, cepillo o llana asegur\u00e1ndose de dejar un espesor promedio de 1 mm<\/li>\n<li>dejar secar por 2 a 3 horas (dependiendo del clima) antes de aplicar la segunda capa<\/li>\n<li>para mayor protecci\u00f3n se puede aplicar una tercera capa<\/li>\n<li>despu\u00e9s de haberse aplicado, esperar al menos 2 d\u00edas antes de colocar en inmersi\u00f3n, llenar con agua o aplicar alg\u00fan otro producto sobre \u00e9l<\/li>\n<\/ul>\n<h4><strong>Especificaciones<\/strong><\/h4>\n<table width=\"625\">\n<tbody>\n<tr>\n<td width=\"348\">Densidad (mezcla fresca)<\/td>\n<td width=\"277\">1.64 a 1.66 kg\/L<\/td>\n<\/tr>\n<tr>\n<td>Habilidad de puenteo de grietas<\/td>\n<td>0.75 mm<\/td>\n<\/tr>\n<tr>\n<td>Resistencia a la tensi\u00f3n inicial en condiciones est\u00e1ndar<\/td>\n<td>3.47 N\/mm\u00b2<\/td>\n<\/tr>\n<tr>\n<td width=\"348\">Resistencia a la tensi\u00f3n despu\u00e9s del contacto en agua<\/td>\n<td>0.68 N\/mm\u00b2<\/td>\n<\/tr>\n<tr>\n<td>Resistencia a la tensi\u00f3n del envejecimiento por calor<\/td>\n<td>0.84 N\/mm\u00b2<\/td>\n<\/tr>\n<tr>\n<td>Tiempo de vida \u00fatil en recipiente<\/td>\n<td>20 &#8211; 30 min a 23\u00b0C<\/td>\n<\/tr>\n<tr>\n<td>Rendimiento<\/td>\n<td>de 10 a 17 m\u00b2 a 2 manos de 1.0 &#8211; 1.5 mm c\/u<\/td>\n<\/tr>\n<\/tbody>\n<\/table>\n<h4><strong>Presentaci\u00f3n<\/strong><\/h4>\n<ul>\n<li>kit de 36 kg, incluye:\n<ul>\n<li>garrafa 11 kg resina l\u00edquida<\/li>\n<li>saco 25 kg polvo<\/li>\n<\/ul>\n<\/li>\n<\/ul>\n<h4><strong>Almacenamiento<\/strong><\/h4>\n<ul>\n<li>en un lugar fresco y fuera del alcance de los rayos solares<\/li>\n<li>conserva sus propiedades 12 meses<\/li>\n<\/ul>\n<h4><strong>Informaci\u00f3n adicional<\/strong><\/h4>\n<ul>\n<li>IMPAC Cemenflex | <a href=\"https:\/\/www.impac.com.mx\/_files\/impac-cemenflex.pdf\" target=\"_blank\" rel=\"noopener\">Ficha t\u00e9cnica<\/a><\/li>\n<\/ul>\n<section class=\"elementor-section elementor-top-section elementor-element elementor-element-7d6bd10d elementor-section-boxed elementor-section-height-default elementor-section-height-default\" data-id=\"7d6bd10d\" data-element_type=\"section\">\n<div class=\"elementor-container elementor-column-gap-default\">\n<div class=\"elementor-column elementor-col-100 elementor-top-column elementor-element elementor-element-5b03f666\" data-id=\"5b03f666\" data-element_type=\"column\">\n<div class=\"elementor-widget-wrap elementor-element-populated\">\n<div class=\"elementor-element elementor-element-41634471 elementor-widget elementor-widget-woocommerce-product-data-tabs\" data-id=\"41634471\" data-element_type=\"widget\" data-widget_type=\"woocommerce-product-data-tabs.default\">\n<div class=\"elementor-widget-container\">\n<div class=\"woocommerce-tabs wc-tabs-wrapper\">\n<div id=\"tab-description\" class=\"woocommerce-Tabs-panel woocommerce-Tabs-panel--description panel entry-content wc-tab\" role=\"tabpanel\" aria-labelledby=\"tab-title-description\">\n<p style=\"text-align: center;\" data-start=\"1349\" data-end=\"1808\">En\u00a0<strong data-start=\"82\" data-end=\"115\">Distribuidor Panel Rey M\u00e9xico<\/strong> encuentras calidad y confianza en productos <strong>IMPAC.<\/strong><br data-start=\"173\" data-end=\"176\" \/><img decoding=\"async\" class=\"emoji\" role=\"img\" draggable=\"false\" src=\"https:\/\/s.w.org\/images\/core\/emoji\/16.0.1\/svg\/2705.svg\" alt=\"\u2705\" \/>\u00a0Env\u00edos a toda la Rep\u00fablica Mexicana. \u00a1Pregunta por nuestras promociones vigentes!<br data-start=\"259\" data-end=\"262\" data-is-only-node=\"\" \/><img decoding=\"async\" class=\"emoji\" role=\"img\" draggable=\"false\" src=\"https:\/\/s.w.org\/images\/core\/emoji\/16.0.1\/svg\/2705.svg\" alt=\"\u2705\" \/>\u00a0Todos los precios incluyen IVA (sujetos a cambio sin previo aviso).<br data-start=\"331\" data-end=\"334\" \/><img decoding=\"async\" class=\"emoji\" role=\"img\" draggable=\"false\" src=\"https:\/\/s.w.org\/images\/core\/emoji\/16.0.1\/svg\/2705.svg\" alt=\"\u2705\" \/>\u00a0Im\u00e1genes ilustrativas, el producto final puede presentar ligeras variaciones.<br data-start=\"413\" data-end=\"416\" \/><img decoding=\"async\" class=\"emoji\" role=\"img\" draggable=\"false\" src=\"https:\/\/s.w.org\/images\/core\/emoji\/16.0.1\/svg\/1f4ac.svg\" alt=\"\ud83d\udcac\" \/>\u00a0\u00bfTienes dudas? Escr\u00edbenos por\u00a0<a href=\"https:\/\/www.facebook.com\/mexicopanelrey\">Facebook<\/a>\u00a0o\u00a0<a href=\"https:\/\/www.instagram.com\/panel_rey_mexico\/\">Instagram<\/a>.<br data-start=\"470\" data-end=\"473\" \/><img decoding=\"async\" class=\"emoji\" role=\"img\" draggable=\"false\" src=\"https:\/\/s.w.org\/images\/core\/emoji\/16.0.1\/svg\/1f4de.svg\" alt=\"\ud83d\udcde\" \/>\u00a0Tel:\u00a0<a href=\"tel:55 7397 6243\">55 7397 6243<\/a>\u00a0| WhatsApp:\u00a0<a href=\"https:\/\/api.whatsapp.com\/send?phone=525573976243\">5573976243<\/a><br data-start=\"518\" data-end=\"521\" \/><img decoding=\"async\" class=\"emoji\" role=\"img\" draggable=\"false\" src=\"https:\/\/s.w.org\/images\/core\/emoji\/16.0.1\/svg\/1f4e7.svg\" alt=\"\ud83d\udce7\" \/>\u00a0<a class=\"cursor-pointer\" href=\"mailto:ventas@distribuidorpanelrey.com\" rel=\"noopener\" data-start=\"524\" data-end=\"555\">ventas@distribuidorpanelrey.com<\/a><\/p>\n<\/div>\n<\/div>\n<\/div>\n<\/div>\n<\/div>\n<\/div>\n<\/div>\n<\/section>\n<section class=\"elementor-section elementor-top-section elementor-element elementor-element-3db375c2 elementor-section-boxed elementor-section-height-default elementor-section-height-default\" data-id=\"3db375c2\" data-element_type=\"section\">\n<div class=\"elementor-container elementor-column-gap-default\">\n<div class=\"elementor-column elementor-col-100 elementor-top-column elementor-element elementor-element-50c08389\" data-id=\"50c08389\" data-element_type=\"column\">\n<div class=\"elementor-widget-wrap elementor-element-populated\">\n<div class=\"elementor-element elementor-element-3b7901cd elementor-grid-4 elementor-grid-tablet-3 elementor-grid-mobile-2 elementor-products-grid elementor-wc-products show-heading-yes elementor-widget elementor-widget-woocommerce-product-related\" data-id=\"3b7901cd\" data-element_type=\"widget\" data-widget_type=\"woocommerce-product-related.default\">\n<div class=\"elementor-widget-container\"><\/div>\n<\/div>\n<\/div>\n<\/div>\n<\/div>\n<\/section>\n","protected":false},"excerpt":{"rendered":"<h4 style=\"text-align: center;\">Env\u00edos de 24 a 48 hr CDMX Y EDO MEX<\/h4>\n<p style=\"text-align: center;\">Rese\u00f1as\u00a0\u2605\u2605\u2605\u2605\u2605\u00a0 Env\u00edos Garantizados<\/p>\n<h4 style=\"text-align: center;\">\ud83d\udd25LOS MEJORES PRECIOS \ud83d\udd25<\/h4>\n","protected":false},"featured_media":3533,"comment_status":"closed","ping_status":"closed","template":"","meta":[],"product_brand":[559],"product_cat":[348],"product_tag":[496,146,495],"class_list":{"0":"post-3532","1":"product","2":"type-product","3":"status-publish","4":"has-post-thumbnail","6":"product_brand-impac","7":"product_cat-impermeabilizante","8":"product_tag-cemenflex","9":"product_tag-impac","10":"product_tag-impac-cemenflex","12":"first","13":"instock","14":"shipping-taxable","15":"purchasable","16":"product-type-simple"},"yoast_head":"<!-- This site is optimized with the Yoast SEO plugin v27.1.1 - https:\/\/yoast.com\/product\/yoast-seo-wordpress\/ -->\n<title>IMPAC CEMENFLEX - PANEL REY MEXICO<\/title>\n<meta name=\"description\" content=\"IMPAC CEMENFLEX es un impermeabilizante cementoso, flexible de 2 componentes, resistente a los ?lcalis y soporta movimientos en puenteo de grietas.?\" \/>\n<meta name=\"robots\" content=\"index, follow, max-snippet:-1, max-image-preview:large, max-video-preview:-1\" \/>\n<link rel=\"canonical\" href=\"https:\/\/distribuidorpanelrey.com.mx\/producto\/impac-cemenflex\/\" \/>\n<meta property=\"og:locale\" content=\"es_ES\" \/>\n<meta property=\"og:type\" content=\"article\" \/>\n<meta property=\"og:title\" content=\"IMPAC CEMENFLEX - PANEL REY MEXICO\" \/>\n<meta property=\"og:description\" content=\"IMPAC CEMENFLEX es un impermeabilizante cementoso, flexible de 2 componentes, resistente a los ?lcalis y soporta movimientos en puenteo de grietas.?\" \/>\n<meta property=\"og:url\" content=\"https:\/\/distribuidorpanelrey.com.mx\/producto\/impac-cemenflex\/\" \/>\n<meta property=\"og:site_name\" content=\"PANEL REY MEXICO\" \/>\n<meta property=\"article:publisher\" content=\"https:\/\/www.facebook.com\/mexicopanelrey\/?locale=es_LA\" \/>\n<meta property=\"article:modified_time\" content=\"2025-08-18T04:19:55+00:00\" \/>\n<meta property=\"og:image\" content=\"https:\/\/distribuidorpanelrey.com.mx\/wp-content\/uploads\/2025\/02\/Impac-VASDIMCEGR1-Cemenflex-saco-30kg-.webp\" \/>\n\t<meta property=\"og:image:width\" content=\"300\" \/>\n\t<meta property=\"og:image:height\" content=\"300\" \/>\n\t<meta property=\"og:image:type\" content=\"image\/webp\" \/>\n<meta name=\"twitter:card\" content=\"summary_large_image\" \/>\n<meta name=\"twitter:label1\" content=\"Tiempo de lectura\" \/>\n\t<meta name=\"twitter:data1\" content=\"4 minutos\" \/>\n<script type=\"application\/ld+json\" class=\"yoast-schema-graph\">{\"@context\":\"https:\/\/schema.org\",\"@graph\":[{\"@type\":\"WebPage\",\"@id\":\"https:\/\/distribuidorpanelrey.com.mx\/producto\/impac-cemenflex\/\",\"url\":\"https:\/\/distribuidorpanelrey.com.mx\/producto\/impac-cemenflex\/\",\"name\":\"IMPAC CEMENFLEX - PANEL REY MEXICO\",\"isPartOf\":{\"@id\":\"https:\/\/distribuidorpanelrey.com\/#website\"},\"primaryImageOfPage\":{\"@id\":\"https:\/\/distribuidorpanelrey.com.mx\/producto\/impac-cemenflex\/#primaryimage\"},\"image\":{\"@id\":\"https:\/\/distribuidorpanelrey.com.mx\/producto\/impac-cemenflex\/#primaryimage\"},\"thumbnailUrl\":\"https:\/\/distribuidorpanelrey.com.mx\/wp-content\/uploads\/2025\/02\/Impac-VASDIMCEGR1-Cemenflex-saco-30kg-.webp\",\"datePublished\":\"2025-02-25T08:27:21+00:00\",\"dateModified\":\"2025-08-18T04:19:55+00:00\",\"description\":\"IMPAC CEMENFLEX es un impermeabilizante cementoso, flexible de 2 componentes, resistente a los ?lcalis y soporta movimientos en puenteo de grietas.?\",\"breadcrumb\":{\"@id\":\"https:\/\/distribuidorpanelrey.com.mx\/producto\/impac-cemenflex\/#breadcrumb\"},\"inLanguage\":\"es\",\"potentialAction\":[{\"@type\":\"ReadAction\",\"target\":[\"https:\/\/distribuidorpanelrey.com.mx\/producto\/impac-cemenflex\/\"]}]},{\"@type\":\"ImageObject\",\"inLanguage\":\"es\",\"@id\":\"https:\/\/distribuidorpanelrey.com.mx\/producto\/impac-cemenflex\/#primaryimage\",\"url\":\"https:\/\/distribuidorpanelrey.com.mx\/wp-content\/uploads\/2025\/02\/Impac-VASDIMCEGR1-Cemenflex-saco-30kg-.webp\",\"contentUrl\":\"https:\/\/distribuidorpanelrey.com.mx\/wp-content\/uploads\/2025\/02\/Impac-VASDIMCEGR1-Cemenflex-saco-30kg-.webp\",\"width\":300,\"height\":300,\"caption\":\"IMPAC CEMENFLEX\"},{\"@type\":\"BreadcrumbList\",\"@id\":\"https:\/\/distribuidorpanelrey.com.mx\/producto\/impac-cemenflex\/#breadcrumb\",\"itemListElement\":[{\"@type\":\"ListItem\",\"position\":1,\"name\":\"Portada\",\"item\":\"https:\/\/distribuidorpanelrey.com.mx\/\"},{\"@type\":\"ListItem\",\"position\":2,\"name\":\"Productos\",\"item\":\"https:\/\/distribuidorpanelrey.com\/tienda\/\"},{\"@type\":\"ListItem\",\"position\":3,\"name\":\"IMPAC CEMENFLEX\"}]},{\"@type\":\"WebSite\",\"@id\":\"https:\/\/distribuidorpanelrey.com\/#website\",\"url\":\"https:\/\/distribuidorpanelrey.com\/\",\"name\":\"PANEL REY MEXICO\",\"description\":\"DISTRIBUIDOR PANEL REY\",\"publisher\":{\"@id\":\"https:\/\/distribuidorpanelrey.com\/#organization\"},\"alternateName\":\"DISTRIBUIDOR PANEL REY\",\"potentialAction\":[{\"@type\":\"SearchAction\",\"target\":{\"@type\":\"EntryPoint\",\"urlTemplate\":\"https:\/\/distribuidorpanelrey.com\/?s={search_term_string}\"},\"query-input\":{\"@type\":\"PropertyValueSpecification\",\"valueRequired\":true,\"valueName\":\"search_term_string\"}}],\"inLanguage\":\"es\"},{\"@type\":\"Organization\",\"@id\":\"https:\/\/distribuidorpanelrey.com\/#organization\",\"name\":\"PANEL REY MEXICO\",\"url\":\"https:\/\/distribuidorpanelrey.com\/\",\"logo\":{\"@type\":\"ImageObject\",\"inLanguage\":\"es\",\"@id\":\"https:\/\/distribuidorpanelrey.com\/#\/schema\/logo\/image\/\",\"url\":\"https:\/\/distribuidorpanelrey.com.mx\/wp-content\/uploads\/2023\/11\/panelrey.webp\",\"contentUrl\":\"https:\/\/distribuidorpanelrey.com.mx\/wp-content\/uploads\/2023\/11\/panelrey.webp\",\"width\":400,\"height\":150,\"caption\":\"PANEL REY MEXICO\"},\"image\":{\"@id\":\"https:\/\/distribuidorpanelrey.com\/#\/schema\/logo\/image\/\"},\"sameAs\":[\"https:\/\/www.facebook.com\/mexicopanelrey\/?locale=es_LA\",\"https:\/\/www.instagram.com\/panel_rey_mexico\/?hl=es\"]}]}<\/script>\n<!-- \/ Yoast SEO plugin. -->","yoast_head_json":{"title":"IMPAC CEMENFLEX - PANEL REY MEXICO","description":"IMPAC CEMENFLEX es un impermeabilizante cementoso, flexible de 2 componentes, resistente a los ?lcalis y soporta movimientos en puenteo de grietas.?","robots":{"index":"index","follow":"follow","max-snippet":"max-snippet:-1","max-image-preview":"max-image-preview:large","max-video-preview":"max-video-preview:-1"},"canonical":"https:\/\/distribuidorpanelrey.com.mx\/producto\/impac-cemenflex\/","og_locale":"es_ES","og_type":"article","og_title":"IMPAC CEMENFLEX - PANEL REY MEXICO","og_description":"IMPAC CEMENFLEX es un impermeabilizante cementoso, flexible de 2 componentes, resistente a los ?lcalis y soporta movimientos en puenteo de grietas.?","og_url":"https:\/\/distribuidorpanelrey.com.mx\/producto\/impac-cemenflex\/","og_site_name":"PANEL REY MEXICO","article_publisher":"https:\/\/www.facebook.com\/mexicopanelrey\/?locale=es_LA","article_modified_time":"2025-08-18T04:19:55+00:00","og_image":[{"width":300,"height":300,"url":"https:\/\/distribuidorpanelrey.com.mx\/wp-content\/uploads\/2025\/02\/Impac-VASDIMCEGR1-Cemenflex-saco-30kg-.webp","type":"image\/webp"}],"twitter_card":"summary_large_image","twitter_misc":{"Tiempo de lectura":"4 minutos"},"schema":{"@context":"https:\/\/schema.org","@graph":[{"@type":"WebPage","@id":"https:\/\/distribuidorpanelrey.com.mx\/producto\/impac-cemenflex\/","url":"https:\/\/distribuidorpanelrey.com.mx\/producto\/impac-cemenflex\/","name":"IMPAC CEMENFLEX - PANEL REY MEXICO","isPartOf":{"@id":"https:\/\/distribuidorpanelrey.com\/#website"},"primaryImageOfPage":{"@id":"https:\/\/distribuidorpanelrey.com.mx\/producto\/impac-cemenflex\/#primaryimage"},"image":{"@id":"https:\/\/distribuidorpanelrey.com.mx\/producto\/impac-cemenflex\/#primaryimage"},"thumbnailUrl":"https:\/\/distribuidorpanelrey.com.mx\/wp-content\/uploads\/2025\/02\/Impac-VASDIMCEGR1-Cemenflex-saco-30kg-.webp","datePublished":"2025-02-25T08:27:21+00:00","dateModified":"2025-08-18T04:19:55+00:00","description":"IMPAC CEMENFLEX es un impermeabilizante cementoso, flexible de 2 componentes, resistente a los ?lcalis y soporta movimientos en puenteo de grietas.?","breadcrumb":{"@id":"https:\/\/distribuidorpanelrey.com.mx\/producto\/impac-cemenflex\/#breadcrumb"},"inLanguage":"es","potentialAction":[{"@type":"ReadAction","target":["https:\/\/distribuidorpanelrey.com.mx\/producto\/impac-cemenflex\/"]}]},{"@type":"ImageObject","inLanguage":"es","@id":"https:\/\/distribuidorpanelrey.com.mx\/producto\/impac-cemenflex\/#primaryimage","url":"https:\/\/distribuidorpanelrey.com.mx\/wp-content\/uploads\/2025\/02\/Impac-VASDIMCEGR1-Cemenflex-saco-30kg-.webp","contentUrl":"https:\/\/distribuidorpanelrey.com.mx\/wp-content\/uploads\/2025\/02\/Impac-VASDIMCEGR1-Cemenflex-saco-30kg-.webp","width":300,"height":300,"caption":"IMPAC CEMENFLEX"},{"@type":"BreadcrumbList","@id":"https:\/\/distribuidorpanelrey.com.mx\/producto\/impac-cemenflex\/#breadcrumb","itemListElement":[{"@type":"ListItem","position":1,"name":"Portada","item":"https:\/\/distribuidorpanelrey.com.mx\/"},{"@type":"ListItem","position":2,"name":"Productos","item":"https:\/\/distribuidorpanelrey.com\/tienda\/"},{"@type":"ListItem","position":3,"name":"IMPAC CEMENFLEX"}]},{"@type":"WebSite","@id":"https:\/\/distribuidorpanelrey.com\/#website","url":"https:\/\/distribuidorpanelrey.com\/","name":"PANEL REY MEXICO","description":"DISTRIBUIDOR PANEL REY","publisher":{"@id":"https:\/\/distribuidorpanelrey.com\/#organization"},"alternateName":"DISTRIBUIDOR PANEL REY","potentialAction":[{"@type":"SearchAction","target":{"@type":"EntryPoint","urlTemplate":"https:\/\/distribuidorpanelrey.com\/?s={search_term_string}"},"query-input":{"@type":"PropertyValueSpecification","valueRequired":true,"valueName":"search_term_string"}}],"inLanguage":"es"},{"@type":"Organization","@id":"https:\/\/distribuidorpanelrey.com\/#organization","name":"PANEL REY MEXICO","url":"https:\/\/distribuidorpanelrey.com\/","logo":{"@type":"ImageObject","inLanguage":"es","@id":"https:\/\/distribuidorpanelrey.com\/#\/schema\/logo\/image\/","url":"https:\/\/distribuidorpanelrey.com.mx\/wp-content\/uploads\/2023\/11\/panelrey.webp","contentUrl":"https:\/\/distribuidorpanelrey.com.mx\/wp-content\/uploads\/2023\/11\/panelrey.webp","width":400,"height":150,"caption":"PANEL REY MEXICO"},"image":{"@id":"https:\/\/distribuidorpanelrey.com\/#\/schema\/logo\/image\/"},"sameAs":["https:\/\/www.facebook.com\/mexicopanelrey\/?locale=es_LA","https:\/\/www.instagram.com\/panel_rey_mexico\/?hl=es"]}]}},"_links":{"self":[{"href":"https:\/\/distribuidorpanelrey.com.mx\/wp-json\/wp\/v2\/product\/3532","targetHints":{"allow":["GET"]}}],"collection":[{"href":"https:\/\/distribuidorpanelrey.com.mx\/wp-json\/wp\/v2\/product"}],"about":[{"href":"https:\/\/distribuidorpanelrey.com.mx\/wp-json\/wp\/v2\/types\/product"}],"replies":[{"embeddable":true,"href":"https:\/\/distribuidorpanelrey.com.mx\/wp-json\/wp\/v2\/comments?post=3532"}],"version-history":[{"count":3,"href":"https:\/\/distribuidorpanelrey.com.mx\/wp-json\/wp\/v2\/product\/3532\/revisions"}],"predecessor-version":[{"id":4149,"href":"https:\/\/distribuidorpanelrey.com.mx\/wp-json\/wp\/v2\/product\/3532\/revisions\/4149"}],"wp:featuredmedia":[{"embeddable":true,"href":"https:\/\/distribuidorpanelrey.com.mx\/wp-json\/wp\/v2\/media\/3533"}],"wp:attachment":[{"href":"https:\/\/distribuidorpanelrey.com.mx\/wp-json\/wp\/v2\/media?parent=3532"}],"wp:term":[{"taxonomy":"product_brand","embeddable":true,"href":"https:\/\/distribuidorpanelrey.com.mx\/wp-json\/wp\/v2\/product_brand?post=3532"},{"taxonomy":"product_cat","embeddable":true,"href":"https:\/\/distribuidorpanelrey.com.mx\/wp-json\/wp\/v2\/product_cat?post=3532"},{"taxonomy":"product_tag","embeddable":true,"href":"https:\/\/distribuidorpanelrey.com.mx\/wp-json\/wp\/v2\/product_tag?post=3532"}],"curies":[{"name":"wp","href":"https:\/\/api.w.org\/{rel}","templated":true}]}}