{"id":3588,"date":"2025-03-03T06:39:23","date_gmt":"2025-03-03T06:39:23","guid":{"rendered":"https:\/\/distribuidorpanelrey.com.mx\/?post_type=product&#038;p=3588"},"modified":"2025-12-05T14:38:05","modified_gmt":"2025-12-05T14:38:05","slug":"impac-wr-480","status":"publish","type":"product","link":"https:\/\/distribuidorpanelrey.com.mx\/producto\/impac-wr-480\/","title":{"rendered":"IMPAC WR-480"},"content":{"rendered":"<h3>IMPAC WR-480<\/h3>\n<p><span style=\"font-size: 17px;\">IMPAC WR-480 es un impermeabilizante cementoso en polvo para muros y estructuras de concreto, con altas resistencias qu\u00edmicas, tabique, block y alba\u00f1iler\u00eda en general que van a estar expuesto a inmersi\u00f3n continua, as\u00ed como para prevenir la humedad y salitre.\u00a0<\/span><\/p>\n<p>Est\u00e1 formulado a base de compuestos cementosos y aditivos que penetran en el concreto imparti\u00e9ndoles resistencia a la presi\u00f3n hidrost\u00e1tica y a soluciones qu\u00edmicas diluidas, que deteriorar el sustrato, protegi\u00e9ndolo para alargar su vida \u00fatil.<\/p>\n<h4><strong>Ventajas<\/strong><\/h4>\n<ul>\n<li>excelente adherencia al sustrato<\/li>\n<li>resistente a la intemperie y ambiente salino<\/li>\n<li>resiste la presi\u00f3n hidrost\u00e1tica, tanto positiva como negativa<\/li>\n<li>resistente a soluciones \u00e1cidas o alcalinas d\u00e9biles<\/li>\n<li>transpira el vapor de agua, evitando el incremento de humedad en el interior<\/li>\n<li>para el almacenamiento de agua potable, ya que no afecta ni contamina la calidad del agua<\/li>\n<li>no contiene VOCs (compuestos org\u00e1nicos vol\u00e1tiles)<\/li>\n<\/ul>\n<h4><strong>Usos<\/strong><\/h4>\n<ul>\n<li>se pude utilizar en todo tipo de concreto o morteros que est\u00e9n en contacto continuo con agua o humedad, como: cisternas, tanques, t\u00faneles, jardineras, c\u00e1rcamos, ba\u00f1os, cimentaciones, entre otros<\/li>\n<li>en impermeabilizaci\u00f3n de plantas tratadoras, tanques para almacenamiento secundario, fosas s\u00e9pticas y fosas de contenci\u00f3n<\/li>\n<\/ul>\n<h4><strong>Aplicaci\u00f3n<\/strong><\/h4>\n<h5>Preparaci\u00f3n de la superficie:<\/h5>\n<ul>\n<li>eliminar las eflorescencias salinas y retirar todas las partes sueltas que se encuentren en los muros o pisos<\/li>\n<li>reparar grietas o fisuras con IMPAC WR-500, humedeciendo el \u00e1rea con agua limpia, preparar una mezcla con agua formando una pasta de alba\u00f1iler\u00eda y rellenar, con ayuda de una esp\u00e1tula, la grieta o fisura. En caso de que existan fugas francas de agua, repararlas con IMPAC AF-180<\/li>\n<li>la superficie debe estar perfectamente limpia y libre de todo recubrimiento, membrana de curado, polvo, basura, entre otros<\/li>\n<li>antes de aplicar el IMPAC WR-480, la superficie se debe humedecer completamente evitando encharcamientos<\/li>\n<\/ul>\n<h5>Mezclado:<\/h5>\n<ul>\n<li>preparar una mezcla de IMPAC WR-500 con agua formando una pasta de alba\u00f1iler\u00eda<\/li>\n<li>en un recipiente limpio, colocar el agua correspondiente y agregar el saco de IMPAC WR-500<\/li>\n<\/ul>\n<table width=\"391\">\n<tbody>\n<tr>\n<td width=\"98\">IMPAC WR-480<\/td>\n<td width=\"49\">COLOR<\/td>\n<td width=\"43\">AGUA<\/td>\n<td width=\"201\">HERRAMIENTA DE APLICACI\u00d3N<\/td>\n<\/tr>\n<tr>\n<td rowspan=\"4\">20 kg (saco)<\/td>\n<td rowspan=\"2\">Blanco<\/td>\n<td>7 L<\/td>\n<td>Llana<\/td>\n<\/tr>\n<tr>\n<td>9 L<\/td>\n<td>Brocha o rodillo<\/td>\n<\/tr>\n<tr>\n<td rowspan=\"2\">Gris<\/td>\n<td>6 L<\/td>\n<td>Llana<\/td>\n<\/tr>\n<tr>\n<td>8 L<\/td>\n<td>Brocha o rodillo<\/td>\n<\/tr>\n<\/tbody>\n<\/table>\n<ul>\n<li>mezclar manual o mec\u00e1nicamente por 5 min hasta eliminar grumos y dejar reposar entre 1-2 min para liberar aire atrapado<\/li>\n<li>no preparar m\u00e1s material del que se pueda usar en 30 minutos<\/li>\n<\/ul>\n<h5>Aplicaci\u00f3n:<\/h5>\n<ul>\n<li>agitar la mezcla cada 10 minutos sin agregar m\u00e1s agua<\/li>\n<li>la temperatura ambiente recomendada de aplicaci\u00f3n es entre 5\u00b0C a 30\u00b0C<\/li>\n<li>se debe aplicar a 2 capas (manos) como m\u00ednimo y hasta 4 o 5 capas como m\u00e1ximo. El espesor de cada capa debe de ser de 1 mm<\/li>\n<li>durante la aplicaci\u00f3n, vigilar que la superficie este hidratada al aplicarse la primera mano y dejar secar al tacto. Antes de iniciar con la segunda mano humectar la superficie y as\u00ed sucesivamente dependiendo del n\u00famero de capas a aplicar<\/li>\n<li>cada capa se debe aplicar de manera transversal respecto a la anterior<\/li>\n<li>durante las primeras 12 horas se debe curar con agua cada 3 horas y posteriormente de 2 a 3 veces por d\u00eda durante 3 d\u00edas. O si lo prefiere, puede utilizar IMPAC Membrana de Curado<\/li>\n<li>para un desempe\u00f1o \u00f3ptimo se debe aplicar IMPAC WR-700 como un primario o sello, posteriormente el IMPAC WR-500 para asegurar la completa eliminaci\u00f3n de grietas\/fisuras y el IMPAC WR-480 como el impermeabilizante final<\/li>\n<\/ul>\n<h4><strong>Especificaciones<\/strong><\/h4>\n<table width=\"622\">\n<tbody>\n<tr>\n<td width=\"348\">Presentaci\u00f3n<\/td>\n<td width=\"274\">Saco 20 kg<\/td>\n<\/tr>\n<tr>\n<td>Color<\/td>\n<td>Blanco y Gris<\/td>\n<\/tr>\n<tr>\n<td>Densidad (mezcla fresca)<\/td>\n<td>2.00 a 2.40 kg\/L<\/td>\n<\/tr>\n<tr>\n<td>Resistencia a la tensi\u00f3n inicial @ condiciones est\u00e1ndar<\/td>\n<td>1.27 N\/mm\u00b2<\/td>\n<\/tr>\n<tr>\n<td>Resistencia a la tensi\u00f3n despu\u00e9s del contacto en agua<\/td>\n<td>0.52 N\/mm\u00b2<\/td>\n<\/tr>\n<tr>\n<td>Tiempo de vida \u00fatil en recipiente<\/td>\n<td>30 min a 23\u00b0C<\/td>\n<\/tr>\n<tr>\n<td>Rendimiento<\/td>\n<td>0.8 m\u00b2\/kg en 2 capas de 1.5 mm de espesor<\/td>\n<\/tr>\n<\/tbody>\n<\/table>\n<ul>\n<li>el rendimiento y espesor pueden variar seg\u00fan las condiciones del sustrato a tratar y las condiciones clim\u00e1ticas<\/li>\n<\/ul>\n<h4><strong>Almacenamiento<\/strong><\/h4>\n<ul>\n<li>bajo techo, en un lugar fresco y seco<\/li>\n<li>colocar los sacos sobre una tarima para proteger de posibles inundaciones<\/li>\n<li>debe utilizarse preferentemente antes de los 12 meses de envasado original<\/li>\n<\/ul>\n<h4><strong>Informaci\u00f3n adicional<\/strong><\/h4>\n<ul>\n<li>IMPAC WR-480 | <a href=\"https:\/\/www.impac.com.mx\/_files\/impac-wr-480.pdf\" target=\"_blank\" rel=\"noopener\">Ficha t\u00e9cnica<\/a><\/li>\n<\/ul>\n<p style=\"text-align: center;\">En\u00a0<strong data-start=\"82\" data-end=\"115\">Distribuidor Panel Rey M\u00e9xico<\/strong>\u00a0encuentras calidad y confianza en productos\u00a0<strong data-start=\"160\" data-end=\"172\">Disnamex<\/strong>.<br data-start=\"173\" data-end=\"176\" \/>\u2705 Env\u00edos a toda la Rep\u00fablica Mexicana. \u00a1Pregunta por nuestras promociones vigentes!<br data-start=\"259\" data-end=\"262\" data-is-only-node=\"\" \/>\u2705 Todos los precios incluyen IVA (sujetos a cambio sin previo aviso).<br data-start=\"331\" data-end=\"334\" \/>\u2705 Im\u00e1genes ilustrativas, el producto final puede presentar ligeras variaciones.<br data-start=\"413\" data-end=\"416\" \/>\ud83d\udcac \u00bfTienes dudas? Escr\u00edbenos por\u00a0<a href=\"https:\/\/www.facebook.com\/mexicopanelrey\">Facebook<\/a>\u00a0o\u00a0<a href=\"https:\/\/www.instagram.com\/panel_rey_mexico\/\">Instagram<\/a>.<br data-start=\"470\" data-end=\"473\" \/>\ud83d\udcde Tel:\u00a0<a href=\"tel:55 7397 6243\">55 7397 6243<\/a>\u00a0| WhatsApp:\u00a0<a href=\"https:\/\/api.whatsapp.com\/send?phone=525573976243\">5573976243<\/a><br data-start=\"518\" data-end=\"521\" \/>\ud83d\udce7\u00a0<a class=\"cursor-pointer\" href=\"mailto:ventas@distribuidorpanelrey.com\" rel=\"noopener\" data-start=\"524\" data-end=\"555\">ventas@distribuidorpanelrey.com<\/a><\/p>\n","protected":false},"excerpt":{"rendered":"<h4 style=\"text-align: center;\">Env\u00edos de 24 a 48 hr CDMX Y EDO MEX<\/h4>\n<p style=\"text-align: center;\">Rese\u00f1as\u00a0\u2605\u2605\u2605\u2605\u2605\u00a0 Env\u00edos Garantizados<\/p>\n<h4 style=\"text-align: center;\">\ud83d\udd25LOS MEJORES PRECIOS \ud83d\udd25<\/h4>\n","protected":false},"featured_media":3591,"comment_status":"closed","ping_status":"closed","template":"","meta":[],"product_brand":[559],"product_cat":[348],"product_tag":[146,535,534,536,533],"class_list":{"0":"post-3588","1":"product","2":"type-product","3":"status-publish","4":"has-post-thumbnail","6":"product_brand-impac","7":"product_cat-impermeabilizante","8":"product_tag-impac","9":"product_tag-impac-impermeabilizante-cementoso-en-polvo","10":"product_tag-impac-impermeabilizante-cementoso-impac-impermeabilizante-cementoso","11":"product_tag-impac-impermeabilizante-cementoso-para-concreto","12":"product_tag-impac-wr-480","14":"first","15":"instock","16":"shipping-taxable","17":"purchasable","18":"product-type-variable"},"yoast_head":"<!-- This site is optimized with the Yoast SEO plugin v27.1.1 - https:\/\/yoast.com\/product\/yoast-seo-wordpress\/ -->\n<title>IMPAC WR-480 - PANEL REY MEXICO<\/title>\n<meta name=\"description\" content=\"IMIMPAC WR-480 es un impermeabilizante cementoso para muros y estructuras de concreto expuestos a inmersion continua, asi como prevenir la humedad y salitre.?\" \/>\n<meta name=\"robots\" content=\"index, follow, max-snippet:-1, max-image-preview:large, max-video-preview:-1\" \/>\n<link rel=\"canonical\" href=\"https:\/\/distribuidorpanelrey.com.mx\/producto\/impac-wr-480\/\" \/>\n<meta property=\"og:locale\" content=\"es_ES\" \/>\n<meta property=\"og:type\" content=\"article\" \/>\n<meta property=\"og:title\" content=\"IMPAC WR-480 - PANEL REY MEXICO\" \/>\n<meta property=\"og:description\" content=\"IMIMPAC WR-480 es un impermeabilizante cementoso para muros y estructuras de concreto expuestos a inmersion continua, asi como prevenir la humedad y salitre.?\" \/>\n<meta property=\"og:url\" content=\"https:\/\/distribuidorpanelrey.com.mx\/producto\/impac-wr-480\/\" \/>\n<meta property=\"og:site_name\" content=\"PANEL REY MEXICO\" \/>\n<meta property=\"article:publisher\" content=\"https:\/\/www.facebook.com\/mexicopanelrey\/?locale=es_LA\" \/>\n<meta property=\"article:modified_time\" content=\"2025-12-05T14:38:05+00:00\" \/>\n<meta property=\"og:image\" content=\"https:\/\/distribuidorpanelrey.com.mx\/wp-content\/uploads\/2025\/03\/Impac-VNDIMCMBL1M-VNDIMCMGR1M-WR-480-saco-20kg-01-300x300-1.webp\" \/>\n\t<meta property=\"og:image:width\" content=\"300\" \/>\n\t<meta property=\"og:image:height\" content=\"300\" \/>\n\t<meta property=\"og:image:type\" content=\"image\/webp\" \/>\n<meta name=\"twitter:card\" content=\"summary_large_image\" \/>\n<meta name=\"twitter:label1\" content=\"Tiempo de lectura\" \/>\n\t<meta name=\"twitter:data1\" content=\"4 minutos\" \/>\n<script type=\"application\/ld+json\" class=\"yoast-schema-graph\">{\"@context\":\"https:\/\/schema.org\",\"@graph\":[{\"@type\":\"WebPage\",\"@id\":\"https:\/\/distribuidorpanelrey.com.mx\/producto\/impac-wr-480\/\",\"url\":\"https:\/\/distribuidorpanelrey.com.mx\/producto\/impac-wr-480\/\",\"name\":\"IMPAC WR-480 - PANEL REY MEXICO\",\"isPartOf\":{\"@id\":\"https:\/\/distribuidorpanelrey.com\/#website\"},\"primaryImageOfPage\":{\"@id\":\"https:\/\/distribuidorpanelrey.com.mx\/producto\/impac-wr-480\/#primaryimage\"},\"image\":{\"@id\":\"https:\/\/distribuidorpanelrey.com.mx\/producto\/impac-wr-480\/#primaryimage\"},\"thumbnailUrl\":\"https:\/\/distribuidorpanelrey.com.mx\/wp-content\/uploads\/2025\/03\/Impac-VNDIMCMBL1M-VNDIMCMGR1M-WR-480-saco-20kg-01-300x300-1.webp\",\"datePublished\":\"2025-03-03T06:39:23+00:00\",\"dateModified\":\"2025-12-05T14:38:05+00:00\",\"description\":\"IMIMPAC WR-480 es un impermeabilizante cementoso para muros y estructuras de concreto expuestos a inmersion continua, asi como prevenir la humedad y salitre.?\",\"breadcrumb\":{\"@id\":\"https:\/\/distribuidorpanelrey.com.mx\/producto\/impac-wr-480\/#breadcrumb\"},\"inLanguage\":\"es\",\"potentialAction\":[{\"@type\":\"ReadAction\",\"target\":[\"https:\/\/distribuidorpanelrey.com.mx\/producto\/impac-wr-480\/\"]}]},{\"@type\":\"ImageObject\",\"inLanguage\":\"es\",\"@id\":\"https:\/\/distribuidorpanelrey.com.mx\/producto\/impac-wr-480\/#primaryimage\",\"url\":\"https:\/\/distribuidorpanelrey.com.mx\/wp-content\/uploads\/2025\/03\/Impac-VNDIMCMBL1M-VNDIMCMGR1M-WR-480-saco-20kg-01-300x300-1.webp\",\"contentUrl\":\"https:\/\/distribuidorpanelrey.com.mx\/wp-content\/uploads\/2025\/03\/Impac-VNDIMCMBL1M-VNDIMCMGR1M-WR-480-saco-20kg-01-300x300-1.webp\",\"width\":300,\"height\":300,\"caption\":\"IMPAC WR-480\"},{\"@type\":\"BreadcrumbList\",\"@id\":\"https:\/\/distribuidorpanelrey.com.mx\/producto\/impac-wr-480\/#breadcrumb\",\"itemListElement\":[{\"@type\":\"ListItem\",\"position\":1,\"name\":\"Portada\",\"item\":\"https:\/\/distribuidorpanelrey.com.mx\/\"},{\"@type\":\"ListItem\",\"position\":2,\"name\":\"Productos\",\"item\":\"https:\/\/distribuidorpanelrey.com\/tienda\/\"},{\"@type\":\"ListItem\",\"position\":3,\"name\":\"IMPAC WR-480\"}]},{\"@type\":\"WebSite\",\"@id\":\"https:\/\/distribuidorpanelrey.com\/#website\",\"url\":\"https:\/\/distribuidorpanelrey.com\/\",\"name\":\"PANEL REY MEXICO\",\"description\":\"DISTRIBUIDOR PANEL REY\",\"publisher\":{\"@id\":\"https:\/\/distribuidorpanelrey.com\/#organization\"},\"alternateName\":\"DISTRIBUIDOR PANEL REY\",\"potentialAction\":[{\"@type\":\"SearchAction\",\"target\":{\"@type\":\"EntryPoint\",\"urlTemplate\":\"https:\/\/distribuidorpanelrey.com\/?s={search_term_string}\"},\"query-input\":{\"@type\":\"PropertyValueSpecification\",\"valueRequired\":true,\"valueName\":\"search_term_string\"}}],\"inLanguage\":\"es\"},{\"@type\":\"Organization\",\"@id\":\"https:\/\/distribuidorpanelrey.com\/#organization\",\"name\":\"PANEL REY MEXICO\",\"url\":\"https:\/\/distribuidorpanelrey.com\/\",\"logo\":{\"@type\":\"ImageObject\",\"inLanguage\":\"es\",\"@id\":\"https:\/\/distribuidorpanelrey.com\/#\/schema\/logo\/image\/\",\"url\":\"https:\/\/distribuidorpanelrey.com.mx\/wp-content\/uploads\/2023\/11\/panelrey.webp\",\"contentUrl\":\"https:\/\/distribuidorpanelrey.com.mx\/wp-content\/uploads\/2023\/11\/panelrey.webp\",\"width\":400,\"height\":150,\"caption\":\"PANEL REY MEXICO\"},\"image\":{\"@id\":\"https:\/\/distribuidorpanelrey.com\/#\/schema\/logo\/image\/\"},\"sameAs\":[\"https:\/\/www.facebook.com\/mexicopanelrey\/?locale=es_LA\",\"https:\/\/www.instagram.com\/panel_rey_mexico\/?hl=es\"]}]}<\/script>\n<!-- \/ Yoast SEO plugin. -->","yoast_head_json":{"title":"IMPAC WR-480 - PANEL REY MEXICO","description":"IMIMPAC WR-480 es un impermeabilizante cementoso para muros y estructuras de concreto expuestos a inmersion continua, asi como prevenir la humedad y salitre.?","robots":{"index":"index","follow":"follow","max-snippet":"max-snippet:-1","max-image-preview":"max-image-preview:large","max-video-preview":"max-video-preview:-1"},"canonical":"https:\/\/distribuidorpanelrey.com.mx\/producto\/impac-wr-480\/","og_locale":"es_ES","og_type":"article","og_title":"IMPAC WR-480 - PANEL REY MEXICO","og_description":"IMIMPAC WR-480 es un impermeabilizante cementoso para muros y estructuras de concreto expuestos a inmersion continua, asi como prevenir la humedad y salitre.?","og_url":"https:\/\/distribuidorpanelrey.com.mx\/producto\/impac-wr-480\/","og_site_name":"PANEL REY MEXICO","article_publisher":"https:\/\/www.facebook.com\/mexicopanelrey\/?locale=es_LA","article_modified_time":"2025-12-05T14:38:05+00:00","og_image":[{"width":300,"height":300,"url":"https:\/\/distribuidorpanelrey.com.mx\/wp-content\/uploads\/2025\/03\/Impac-VNDIMCMBL1M-VNDIMCMGR1M-WR-480-saco-20kg-01-300x300-1.webp","type":"image\/webp"}],"twitter_card":"summary_large_image","twitter_misc":{"Tiempo de lectura":"4 minutos"},"schema":{"@context":"https:\/\/schema.org","@graph":[{"@type":"WebPage","@id":"https:\/\/distribuidorpanelrey.com.mx\/producto\/impac-wr-480\/","url":"https:\/\/distribuidorpanelrey.com.mx\/producto\/impac-wr-480\/","name":"IMPAC WR-480 - PANEL REY MEXICO","isPartOf":{"@id":"https:\/\/distribuidorpanelrey.com\/#website"},"primaryImageOfPage":{"@id":"https:\/\/distribuidorpanelrey.com.mx\/producto\/impac-wr-480\/#primaryimage"},"image":{"@id":"https:\/\/distribuidorpanelrey.com.mx\/producto\/impac-wr-480\/#primaryimage"},"thumbnailUrl":"https:\/\/distribuidorpanelrey.com.mx\/wp-content\/uploads\/2025\/03\/Impac-VNDIMCMBL1M-VNDIMCMGR1M-WR-480-saco-20kg-01-300x300-1.webp","datePublished":"2025-03-03T06:39:23+00:00","dateModified":"2025-12-05T14:38:05+00:00","description":"IMIMPAC WR-480 es un impermeabilizante cementoso para muros y estructuras de concreto expuestos a inmersion continua, asi como prevenir la humedad y salitre.?","breadcrumb":{"@id":"https:\/\/distribuidorpanelrey.com.mx\/producto\/impac-wr-480\/#breadcrumb"},"inLanguage":"es","potentialAction":[{"@type":"ReadAction","target":["https:\/\/distribuidorpanelrey.com.mx\/producto\/impac-wr-480\/"]}]},{"@type":"ImageObject","inLanguage":"es","@id":"https:\/\/distribuidorpanelrey.com.mx\/producto\/impac-wr-480\/#primaryimage","url":"https:\/\/distribuidorpanelrey.com.mx\/wp-content\/uploads\/2025\/03\/Impac-VNDIMCMBL1M-VNDIMCMGR1M-WR-480-saco-20kg-01-300x300-1.webp","contentUrl":"https:\/\/distribuidorpanelrey.com.mx\/wp-content\/uploads\/2025\/03\/Impac-VNDIMCMBL1M-VNDIMCMGR1M-WR-480-saco-20kg-01-300x300-1.webp","width":300,"height":300,"caption":"IMPAC WR-480"},{"@type":"BreadcrumbList","@id":"https:\/\/distribuidorpanelrey.com.mx\/producto\/impac-wr-480\/#breadcrumb","itemListElement":[{"@type":"ListItem","position":1,"name":"Portada","item":"https:\/\/distribuidorpanelrey.com.mx\/"},{"@type":"ListItem","position":2,"name":"Productos","item":"https:\/\/distribuidorpanelrey.com\/tienda\/"},{"@type":"ListItem","position":3,"name":"IMPAC WR-480"}]},{"@type":"WebSite","@id":"https:\/\/distribuidorpanelrey.com\/#website","url":"https:\/\/distribuidorpanelrey.com\/","name":"PANEL REY MEXICO","description":"DISTRIBUIDOR PANEL REY","publisher":{"@id":"https:\/\/distribuidorpanelrey.com\/#organization"},"alternateName":"DISTRIBUIDOR PANEL REY","potentialAction":[{"@type":"SearchAction","target":{"@type":"EntryPoint","urlTemplate":"https:\/\/distribuidorpanelrey.com\/?s={search_term_string}"},"query-input":{"@type":"PropertyValueSpecification","valueRequired":true,"valueName":"search_term_string"}}],"inLanguage":"es"},{"@type":"Organization","@id":"https:\/\/distribuidorpanelrey.com\/#organization","name":"PANEL REY MEXICO","url":"https:\/\/distribuidorpanelrey.com\/","logo":{"@type":"ImageObject","inLanguage":"es","@id":"https:\/\/distribuidorpanelrey.com\/#\/schema\/logo\/image\/","url":"https:\/\/distribuidorpanelrey.com.mx\/wp-content\/uploads\/2023\/11\/panelrey.webp","contentUrl":"https:\/\/distribuidorpanelrey.com.mx\/wp-content\/uploads\/2023\/11\/panelrey.webp","width":400,"height":150,"caption":"PANEL REY MEXICO"},"image":{"@id":"https:\/\/distribuidorpanelrey.com\/#\/schema\/logo\/image\/"},"sameAs":["https:\/\/www.facebook.com\/mexicopanelrey\/?locale=es_LA","https:\/\/www.instagram.com\/panel_rey_mexico\/?hl=es"]}]}},"_links":{"self":[{"href":"https:\/\/distribuidorpanelrey.com.mx\/wp-json\/wp\/v2\/product\/3588","targetHints":{"allow":["GET"]}}],"collection":[{"href":"https:\/\/distribuidorpanelrey.com.mx\/wp-json\/wp\/v2\/product"}],"about":[{"href":"https:\/\/distribuidorpanelrey.com.mx\/wp-json\/wp\/v2\/types\/product"}],"replies":[{"embeddable":true,"href":"https:\/\/distribuidorpanelrey.com.mx\/wp-json\/wp\/v2\/comments?post=3588"}],"version-history":[{"count":4,"href":"https:\/\/distribuidorpanelrey.com.mx\/wp-json\/wp\/v2\/product\/3588\/revisions"}],"predecessor-version":[{"id":6646,"href":"https:\/\/distribuidorpanelrey.com.mx\/wp-json\/wp\/v2\/product\/3588\/revisions\/6646"}],"wp:featuredmedia":[{"embeddable":true,"href":"https:\/\/distribuidorpanelrey.com.mx\/wp-json\/wp\/v2\/media\/3591"}],"wp:attachment":[{"href":"https:\/\/distribuidorpanelrey.com.mx\/wp-json\/wp\/v2\/media?parent=3588"}],"wp:term":[{"taxonomy":"product_brand","embeddable":true,"href":"https:\/\/distribuidorpanelrey.com.mx\/wp-json\/wp\/v2\/product_brand?post=3588"},{"taxonomy":"product_cat","embeddable":true,"href":"https:\/\/distribuidorpanelrey.com.mx\/wp-json\/wp\/v2\/product_cat?post=3588"},{"taxonomy":"product_tag","embeddable":true,"href":"https:\/\/distribuidorpanelrey.com.mx\/wp-json\/wp\/v2\/product_tag?post=3588"}],"curies":[{"name":"wp","href":"https:\/\/api.w.org\/{rel}","templated":true}]}}