{"id":4204,"date":"2025-07-20T02:11:10","date_gmt":"2025-07-20T02:11:10","guid":{"rendered":"https:\/\/distribuidorpanelrey.com.mx\/?post_type=product&#038;p=4204"},"modified":"2026-01-28T23:36:54","modified_gmt":"2026-01-28T23:36:54","slug":"perfil-cuadrado-pintado-c-200-2-cal-18","status":"publish","type":"product","link":"https:\/\/distribuidorpanelrey.com.mx\/producto\/perfil-cuadrado-pintado-c-200-2-cal-18\/","title":{"rendered":"Perfil Cuadrado Pintado C-200 2\u201d Cal. 18"},"content":{"rendered":"<h3 data-start=\"171\" data-end=\"267\"><strong data-start=\"178\" data-end=\"267\">Perfil Cuadrado Pintado C-200 2\u201d Cal. 18 \u2013 Estructura s\u00f3lida para proyectos exigentes<\/strong><\/h3>\n<p data-start=\"269\" data-end=\"697\">El <strong data-start=\"272\" data-end=\"322\">Perfil Cuadrado C-200 de 2 pulgadas calibre 18<\/strong> es un <strong data-start=\"329\" data-end=\"360\">perfil estructural de acero<\/strong> altamente resistente, ideal para proyectos que requieren mayor capacidad de carga y estabilidad. Su forma cuadrada y su espesor calibre 18 (aproximadamente 1.21 mm) lo convierten en una opci\u00f3n confiable para <strong data-start=\"569\" data-end=\"603\">estructuras met\u00e1licas robustas<\/strong>, como <strong data-start=\"610\" data-end=\"696\">portones, marcos estructurales, columnas, rejas reforzadas y soportes industriales<\/strong>.<\/p>\n<p data-start=\"699\" data-end=\"963\">Este perfil cuenta con un <strong data-start=\"725\" data-end=\"758\">acabado pintado anticorrosivo<\/strong> que no solo le brinda una apariencia est\u00e9tica m\u00e1s limpia y profesional, sino que tambi\u00e9n lo protege frente a la oxidaci\u00f3n y los efectos de la intemperie, aumentando su durabilidad en ambientes exteriores.<\/p>\n<p data-start=\"965\" data-end=\"1254\">El modelo <strong data-start=\"975\" data-end=\"984\">C-200<\/strong> forma parte de la l\u00ednea de perfiles tipo <strong data-start=\"1026\" data-end=\"1037\">QuadTub<\/strong>, reconocidos por su versatilidad, facilidad de trabajo (soldado, cortado, doblado) y confiabilidad estructural. Su dise\u00f1o permite distribuir cargas de forma uniforme, manteniendo firmeza sin sacrificar manejabilidad.<\/p>\n<hr data-start=\"1256\" data-end=\"1259\" \/>\n<h4 data-start=\"1261\" data-end=\"1322\">\ud83d\udcd0 <strong data-start=\"1269\" data-end=\"1322\">Caracter\u00edsticas del Perfil Cuadrado Pintado C-200<\/strong><\/h4>\n<ul data-start=\"1323\" data-end=\"1576\">\n<li data-start=\"1323\" data-end=\"1364\">\n<p data-start=\"1325\" data-end=\"1364\"><strong data-start=\"1325\" data-end=\"1336\">Medida:<\/strong> 2\u201d x 2\u201d (5.08 cm x 5.08 cm)<\/p>\n<\/li>\n<li data-start=\"1365\" data-end=\"1416\">\n<p data-start=\"1367\" data-end=\"1416\"><strong data-start=\"1367\" data-end=\"1379\">Espesor:<\/strong> Calibre 18 (1.21 mm aproximadamente)<\/p>\n<\/li>\n<li data-start=\"1417\" data-end=\"1468\">\n<p data-start=\"1419\" data-end=\"1468\"><strong data-start=\"1419\" data-end=\"1432\">Material:<\/strong> Acero al carb\u00f3n de alta resistencia<\/p>\n<\/li>\n<li data-start=\"1498\" data-end=\"1576\">\n<p data-start=\"1500\" data-end=\"1576\"><strong data-start=\"1500\" data-end=\"1517\">Presentaci\u00f3n:<\/strong> Tramos de 6 metros (consultar opci\u00f3n de entrega en cortes)<\/p>\n<\/li>\n<\/ul>\n<hr data-start=\"1578\" data-end=\"1581\" \/>\n<h4 data-start=\"1583\" data-end=\"1621\">\ud83d\udee0\ufe0f <strong data-start=\"1592\" data-end=\"1621\">Aplicaciones recomendadas<\/strong><\/h4>\n<ul data-start=\"1622\" data-end=\"1835\">\n<li data-start=\"1622\" data-end=\"1648\">\n<p data-start=\"1624\" data-end=\"1648\">Portones y rejas grandes<\/p>\n<\/li>\n<li data-start=\"1649\" data-end=\"1681\">\n<p data-start=\"1651\" data-end=\"1681\">Marcos estructurales met\u00e1licos<\/p>\n<\/li>\n<li data-start=\"1682\" data-end=\"1703\">\n<p data-start=\"1684\" data-end=\"1703\">Columnas de soporte<\/p>\n<\/li>\n<li data-start=\"1704\" data-end=\"1728\">\n<p data-start=\"1706\" data-end=\"1728\">Barandales resistentes<\/p>\n<\/li>\n<li data-start=\"1729\" data-end=\"1787\">\n<p data-start=\"1731\" data-end=\"1787\">Proyectos arquitect\u00f3nicos de alto tr\u00e1fico o uso exterior<\/p>\n<\/li>\n<li data-start=\"1788\" data-end=\"1835\">\n<p data-start=\"1790\" data-end=\"1835\">Elementos de herrer\u00eda industrial y decorativa<\/p>\n<\/li>\n<\/ul>\n<hr data-start=\"1837\" data-end=\"1840\" \/>\n<h4 data-start=\"1842\" data-end=\"1873\">\u2705 <strong data-start=\"1849\" data-end=\"1873\">Ventajas principales<\/strong><\/h4>\n<ul data-start=\"1874\" data-end=\"2135\">\n<li data-start=\"1874\" data-end=\"1928\">\n<p data-start=\"1876\" data-end=\"1928\">Alta resistencia mec\u00e1nica y buena capacidad de carga<\/p>\n<\/li>\n<li data-start=\"1929\" data-end=\"1982\">\n<p data-start=\"1931\" data-end=\"1982\">Protecci\u00f3n anticorrosiva gracias al acabado pintado<\/p>\n<\/li>\n<li data-start=\"1983\" data-end=\"2033\">\n<p data-start=\"1985\" data-end=\"2033\">Est\u00e9tica limpia para usos visibles o decorativos<\/p>\n<\/li>\n<li data-start=\"2034\" data-end=\"2071\">\n<p data-start=\"2036\" data-end=\"2071\">F\u00e1cil de soldar, cortar o ensamblar<\/p>\n<\/li>\n<li data-start=\"2072\" data-end=\"2135\">\n<p data-start=\"2074\" data-end=\"2135\">Excelente comportamiento ante condiciones clim\u00e1ticas adversas<\/p>\n<\/li>\n<\/ul>\n<p>&nbsp;<\/p>\n<p style=\"text-align: center;\">En\u00a0<strong data-start=\"82\" data-end=\"115\">Distribuidor Panel Rey M\u00e9xico<\/strong> encuentras calidad y confianza en productos <strong>Acero.<\/strong><br data-start=\"173\" data-end=\"176\" \/>\u2705 Env\u00edos a toda la Rep\u00fablica Mexicana. \u00a1Pregunta por nuestras promociones vigentes!<br data-start=\"259\" data-end=\"262\" data-is-only-node=\"\" \/>\u2705 Todos los precios incluyen IVA (sujetos a cambio sin previo aviso).<br data-start=\"331\" data-end=\"334\" \/>\u2705 Im\u00e1genes ilustrativas, el producto final puede presentar ligeras variaciones.<br data-start=\"413\" data-end=\"416\" \/>\ud83d\udcac \u00bfTienes dudas? Escr\u00edbenos por\u00a0<a href=\"https:\/\/www.facebook.com\/mexicopanelrey\">Facebook<\/a>\u00a0o\u00a0<a href=\"https:\/\/www.instagram.com\/panel_rey_mexico\/\">Instagram<\/a>.<br data-start=\"470\" data-end=\"473\" \/>\ud83d\udcde Tel:\u00a0<a href=\"tel:55 7397 6243\">55 7397 6243<\/a>\u00a0| WhatsApp:\u00a0<a href=\"https:\/\/api.whatsapp.com\/send?phone=525573976243\">5573976243<\/a><br data-start=\"518\" data-end=\"521\" \/>\ud83d\udce7\u00a0<a class=\"cursor-pointer\" href=\"mailto:ventas@distribuidorpanelrey.com\" rel=\"noopener\" data-start=\"524\" data-end=\"555\">ventas@distribuidorpanelrey.com<\/a><\/p>\n","protected":false},"excerpt":{"rendered":"<h4 style=\"text-align: center;\">Env\u00edos de 24 a 48 hr CDMX Y EDO MEX<\/h4>\n<p style=\"text-align: center;\">Rese\u00f1as\u00a0\u2605\u2605\u2605\u2605\u2605\u00a0 Env\u00edos Garantizados<\/p>\n<h4 style=\"text-align: center;\">\ud83d\udd25LOS MEJORES PRECIOS \ud83d\udd25<\/h4>\n","protected":false},"featured_media":4079,"comment_status":"closed","ping_status":"closed","template":"","meta":[],"product_brand":[],"product_cat":[599,605],"product_tag":[120,635,629,634],"class_list":{"0":"post-4204","1":"product","2":"type-product","3":"status-publish","4":"has-post-thumbnail","6":"product_cat-aceros","7":"product_cat-perfil-cuadrado-pintado","8":"product_tag-acero","9":"product_tag-perfil","10":"product_tag-perfil-cuadrado-pintado","11":"product_tag-perfil-cuadrado-pintado-c-200-de-2-calibre-18","13":"first","14":"instock","15":"shipping-taxable","16":"purchasable","17":"product-type-simple"},"yoast_head":"<!-- This site is optimized with the Yoast SEO plugin v27.1.1 - https:\/\/yoast.com\/product\/yoast-seo-wordpress\/ -->\n<title>Perfil Cuadrado Pintado C-200 2\u201d Cal. 18 - PANEL REY MEXICO<\/title>\n<meta name=\"description\" content=\"Perfil cuadrado pintado C-200 de 2\u201d calibre 18. Ideal para portones, estructuras met\u00e1licas y columnas. Acero resistente con acabado negro anticorrosivo. Durable y vers\u00e1til.\" \/>\n<meta name=\"robots\" content=\"index, follow, max-snippet:-1, max-image-preview:large, max-video-preview:-1\" \/>\n<link rel=\"canonical\" href=\"https:\/\/distribuidorpanelrey.com.mx\/producto\/perfil-cuadrado-pintado-c-200-2-cal-18\/\" \/>\n<meta property=\"og:locale\" content=\"es_ES\" \/>\n<meta property=\"og:type\" content=\"article\" \/>\n<meta property=\"og:title\" content=\"Perfil Cuadrado Pintado C-200 2\u201d Cal. 18 - PANEL REY MEXICO\" \/>\n<meta property=\"og:description\" content=\"Perfil cuadrado pintado C-200 de 2\u201d calibre 18. Ideal para portones, estructuras met\u00e1licas y columnas. Acero resistente con acabado negro anticorrosivo. Durable y vers\u00e1til.\" \/>\n<meta property=\"og:url\" content=\"https:\/\/distribuidorpanelrey.com.mx\/producto\/perfil-cuadrado-pintado-c-200-2-cal-18\/\" \/>\n<meta property=\"og:site_name\" content=\"PANEL REY MEXICO\" \/>\n<meta property=\"article:publisher\" content=\"https:\/\/www.facebook.com\/mexicopanelrey\/?locale=es_LA\" \/>\n<meta property=\"article:modified_time\" content=\"2026-01-28T23:36:54+00:00\" \/>\n<meta property=\"og:image\" content=\"https:\/\/distribuidorpanelrey.com.mx\/wp-content\/uploads\/2025\/07\/perfil-cuadrado-pintado-rojo-500x500-1.webp\" \/>\n\t<meta property=\"og:image:width\" content=\"500\" \/>\n\t<meta property=\"og:image:height\" content=\"500\" \/>\n\t<meta property=\"og:image:type\" content=\"image\/webp\" \/>\n<meta name=\"twitter:card\" content=\"summary_large_image\" \/>\n<meta name=\"twitter:label1\" content=\"Tiempo de lectura\" \/>\n\t<meta name=\"twitter:data1\" content=\"2 minutos\" \/>\n<script type=\"application\/ld+json\" class=\"yoast-schema-graph\">{\"@context\":\"https:\/\/schema.org\",\"@graph\":[{\"@type\":\"WebPage\",\"@id\":\"https:\/\/distribuidorpanelrey.com.mx\/producto\/perfil-cuadrado-pintado-c-200-2-cal-18\/\",\"url\":\"https:\/\/distribuidorpanelrey.com.mx\/producto\/perfil-cuadrado-pintado-c-200-2-cal-18\/\",\"name\":\"Perfil Cuadrado Pintado C-200 2\u201d Cal. 18 - PANEL REY MEXICO\",\"isPartOf\":{\"@id\":\"https:\/\/distribuidorpanelrey.com\/#website\"},\"primaryImageOfPage\":{\"@id\":\"https:\/\/distribuidorpanelrey.com.mx\/producto\/perfil-cuadrado-pintado-c-200-2-cal-18\/#primaryimage\"},\"image\":{\"@id\":\"https:\/\/distribuidorpanelrey.com.mx\/producto\/perfil-cuadrado-pintado-c-200-2-cal-18\/#primaryimage\"},\"thumbnailUrl\":\"https:\/\/distribuidorpanelrey.com.mx\/wp-content\/uploads\/2025\/07\/perfil-cuadrado-pintado-rojo-500x500-1.webp\",\"datePublished\":\"2025-07-20T02:11:10+00:00\",\"dateModified\":\"2026-01-28T23:36:54+00:00\",\"description\":\"Perfil cuadrado pintado C-200 de 2\u201d calibre 18. Ideal para portones, estructuras met\u00e1licas y columnas. Acero resistente con acabado negro anticorrosivo. Durable y vers\u00e1til.\",\"breadcrumb\":{\"@id\":\"https:\/\/distribuidorpanelrey.com.mx\/producto\/perfil-cuadrado-pintado-c-200-2-cal-18\/#breadcrumb\"},\"inLanguage\":\"es\",\"potentialAction\":[{\"@type\":\"ReadAction\",\"target\":[\"https:\/\/distribuidorpanelrey.com.mx\/producto\/perfil-cuadrado-pintado-c-200-2-cal-18\/\"]}]},{\"@type\":\"ImageObject\",\"inLanguage\":\"es\",\"@id\":\"https:\/\/distribuidorpanelrey.com.mx\/producto\/perfil-cuadrado-pintado-c-200-2-cal-18\/#primaryimage\",\"url\":\"https:\/\/distribuidorpanelrey.com.mx\/wp-content\/uploads\/2025\/07\/perfil-cuadrado-pintado-rojo-500x500-1.webp\",\"contentUrl\":\"https:\/\/distribuidorpanelrey.com.mx\/wp-content\/uploads\/2025\/07\/perfil-cuadrado-pintado-rojo-500x500-1.webp\",\"width\":500,\"height\":500},{\"@type\":\"BreadcrumbList\",\"@id\":\"https:\/\/distribuidorpanelrey.com.mx\/producto\/perfil-cuadrado-pintado-c-200-2-cal-18\/#breadcrumb\",\"itemListElement\":[{\"@type\":\"ListItem\",\"position\":1,\"name\":\"Portada\",\"item\":\"https:\/\/distribuidorpanelrey.com.mx\/\"},{\"@type\":\"ListItem\",\"position\":2,\"name\":\"Productos\",\"item\":\"https:\/\/distribuidorpanelrey.com\/tienda\/\"},{\"@type\":\"ListItem\",\"position\":3,\"name\":\"Perfil Cuadrado Pintado C-200 2\u201d Cal. 18\"}]},{\"@type\":\"WebSite\",\"@id\":\"https:\/\/distribuidorpanelrey.com\/#website\",\"url\":\"https:\/\/distribuidorpanelrey.com\/\",\"name\":\"PANEL REY MEXICO\",\"description\":\"DISTRIBUIDOR PANEL REY\",\"publisher\":{\"@id\":\"https:\/\/distribuidorpanelrey.com\/#organization\"},\"alternateName\":\"DISTRIBUIDOR PANEL REY\",\"potentialAction\":[{\"@type\":\"SearchAction\",\"target\":{\"@type\":\"EntryPoint\",\"urlTemplate\":\"https:\/\/distribuidorpanelrey.com\/?s={search_term_string}\"},\"query-input\":{\"@type\":\"PropertyValueSpecification\",\"valueRequired\":true,\"valueName\":\"search_term_string\"}}],\"inLanguage\":\"es\"},{\"@type\":\"Organization\",\"@id\":\"https:\/\/distribuidorpanelrey.com\/#organization\",\"name\":\"PANEL REY MEXICO\",\"url\":\"https:\/\/distribuidorpanelrey.com\/\",\"logo\":{\"@type\":\"ImageObject\",\"inLanguage\":\"es\",\"@id\":\"https:\/\/distribuidorpanelrey.com\/#\/schema\/logo\/image\/\",\"url\":\"https:\/\/distribuidorpanelrey.com.mx\/wp-content\/uploads\/2023\/11\/panelrey.webp\",\"contentUrl\":\"https:\/\/distribuidorpanelrey.com.mx\/wp-content\/uploads\/2023\/11\/panelrey.webp\",\"width\":400,\"height\":150,\"caption\":\"PANEL REY MEXICO\"},\"image\":{\"@id\":\"https:\/\/distribuidorpanelrey.com\/#\/schema\/logo\/image\/\"},\"sameAs\":[\"https:\/\/www.facebook.com\/mexicopanelrey\/?locale=es_LA\",\"https:\/\/www.instagram.com\/panel_rey_mexico\/?hl=es\"]}]}<\/script>\n<!-- \/ Yoast SEO plugin. -->","yoast_head_json":{"title":"Perfil Cuadrado Pintado C-200 2\u201d Cal. 18 - PANEL REY MEXICO","description":"Perfil cuadrado pintado C-200 de 2\u201d calibre 18. Ideal para portones, estructuras met\u00e1licas y columnas. Acero resistente con acabado negro anticorrosivo. Durable y vers\u00e1til.","robots":{"index":"index","follow":"follow","max-snippet":"max-snippet:-1","max-image-preview":"max-image-preview:large","max-video-preview":"max-video-preview:-1"},"canonical":"https:\/\/distribuidorpanelrey.com.mx\/producto\/perfil-cuadrado-pintado-c-200-2-cal-18\/","og_locale":"es_ES","og_type":"article","og_title":"Perfil Cuadrado Pintado C-200 2\u201d Cal. 18 - PANEL REY MEXICO","og_description":"Perfil cuadrado pintado C-200 de 2\u201d calibre 18. Ideal para portones, estructuras met\u00e1licas y columnas. Acero resistente con acabado negro anticorrosivo. Durable y vers\u00e1til.","og_url":"https:\/\/distribuidorpanelrey.com.mx\/producto\/perfil-cuadrado-pintado-c-200-2-cal-18\/","og_site_name":"PANEL REY MEXICO","article_publisher":"https:\/\/www.facebook.com\/mexicopanelrey\/?locale=es_LA","article_modified_time":"2026-01-28T23:36:54+00:00","og_image":[{"width":500,"height":500,"url":"https:\/\/distribuidorpanelrey.com.mx\/wp-content\/uploads\/2025\/07\/perfil-cuadrado-pintado-rojo-500x500-1.webp","type":"image\/webp"}],"twitter_card":"summary_large_image","twitter_misc":{"Tiempo de lectura":"2 minutos"},"schema":{"@context":"https:\/\/schema.org","@graph":[{"@type":"WebPage","@id":"https:\/\/distribuidorpanelrey.com.mx\/producto\/perfil-cuadrado-pintado-c-200-2-cal-18\/","url":"https:\/\/distribuidorpanelrey.com.mx\/producto\/perfil-cuadrado-pintado-c-200-2-cal-18\/","name":"Perfil Cuadrado Pintado C-200 2\u201d Cal. 18 - PANEL REY MEXICO","isPartOf":{"@id":"https:\/\/distribuidorpanelrey.com\/#website"},"primaryImageOfPage":{"@id":"https:\/\/distribuidorpanelrey.com.mx\/producto\/perfil-cuadrado-pintado-c-200-2-cal-18\/#primaryimage"},"image":{"@id":"https:\/\/distribuidorpanelrey.com.mx\/producto\/perfil-cuadrado-pintado-c-200-2-cal-18\/#primaryimage"},"thumbnailUrl":"https:\/\/distribuidorpanelrey.com.mx\/wp-content\/uploads\/2025\/07\/perfil-cuadrado-pintado-rojo-500x500-1.webp","datePublished":"2025-07-20T02:11:10+00:00","dateModified":"2026-01-28T23:36:54+00:00","description":"Perfil cuadrado pintado C-200 de 2\u201d calibre 18. Ideal para portones, estructuras met\u00e1licas y columnas. Acero resistente con acabado negro anticorrosivo. Durable y vers\u00e1til.","breadcrumb":{"@id":"https:\/\/distribuidorpanelrey.com.mx\/producto\/perfil-cuadrado-pintado-c-200-2-cal-18\/#breadcrumb"},"inLanguage":"es","potentialAction":[{"@type":"ReadAction","target":["https:\/\/distribuidorpanelrey.com.mx\/producto\/perfil-cuadrado-pintado-c-200-2-cal-18\/"]}]},{"@type":"ImageObject","inLanguage":"es","@id":"https:\/\/distribuidorpanelrey.com.mx\/producto\/perfil-cuadrado-pintado-c-200-2-cal-18\/#primaryimage","url":"https:\/\/distribuidorpanelrey.com.mx\/wp-content\/uploads\/2025\/07\/perfil-cuadrado-pintado-rojo-500x500-1.webp","contentUrl":"https:\/\/distribuidorpanelrey.com.mx\/wp-content\/uploads\/2025\/07\/perfil-cuadrado-pintado-rojo-500x500-1.webp","width":500,"height":500},{"@type":"BreadcrumbList","@id":"https:\/\/distribuidorpanelrey.com.mx\/producto\/perfil-cuadrado-pintado-c-200-2-cal-18\/#breadcrumb","itemListElement":[{"@type":"ListItem","position":1,"name":"Portada","item":"https:\/\/distribuidorpanelrey.com.mx\/"},{"@type":"ListItem","position":2,"name":"Productos","item":"https:\/\/distribuidorpanelrey.com\/tienda\/"},{"@type":"ListItem","position":3,"name":"Perfil Cuadrado Pintado C-200 2\u201d Cal. 18"}]},{"@type":"WebSite","@id":"https:\/\/distribuidorpanelrey.com\/#website","url":"https:\/\/distribuidorpanelrey.com\/","name":"PANEL REY MEXICO","description":"DISTRIBUIDOR PANEL REY","publisher":{"@id":"https:\/\/distribuidorpanelrey.com\/#organization"},"alternateName":"DISTRIBUIDOR PANEL REY","potentialAction":[{"@type":"SearchAction","target":{"@type":"EntryPoint","urlTemplate":"https:\/\/distribuidorpanelrey.com\/?s={search_term_string}"},"query-input":{"@type":"PropertyValueSpecification","valueRequired":true,"valueName":"search_term_string"}}],"inLanguage":"es"},{"@type":"Organization","@id":"https:\/\/distribuidorpanelrey.com\/#organization","name":"PANEL REY MEXICO","url":"https:\/\/distribuidorpanelrey.com\/","logo":{"@type":"ImageObject","inLanguage":"es","@id":"https:\/\/distribuidorpanelrey.com\/#\/schema\/logo\/image\/","url":"https:\/\/distribuidorpanelrey.com.mx\/wp-content\/uploads\/2023\/11\/panelrey.webp","contentUrl":"https:\/\/distribuidorpanelrey.com.mx\/wp-content\/uploads\/2023\/11\/panelrey.webp","width":400,"height":150,"caption":"PANEL REY MEXICO"},"image":{"@id":"https:\/\/distribuidorpanelrey.com\/#\/schema\/logo\/image\/"},"sameAs":["https:\/\/www.facebook.com\/mexicopanelrey\/?locale=es_LA","https:\/\/www.instagram.com\/panel_rey_mexico\/?hl=es"]}]}},"_links":{"self":[{"href":"https:\/\/distribuidorpanelrey.com.mx\/wp-json\/wp\/v2\/product\/4204","targetHints":{"allow":["GET"]}}],"collection":[{"href":"https:\/\/distribuidorpanelrey.com.mx\/wp-json\/wp\/v2\/product"}],"about":[{"href":"https:\/\/distribuidorpanelrey.com.mx\/wp-json\/wp\/v2\/types\/product"}],"replies":[{"embeddable":true,"href":"https:\/\/distribuidorpanelrey.com.mx\/wp-json\/wp\/v2\/comments?post=4204"}],"version-history":[{"count":2,"href":"https:\/\/distribuidorpanelrey.com.mx\/wp-json\/wp\/v2\/product\/4204\/revisions"}],"predecessor-version":[{"id":6717,"href":"https:\/\/distribuidorpanelrey.com.mx\/wp-json\/wp\/v2\/product\/4204\/revisions\/6717"}],"wp:featuredmedia":[{"embeddable":true,"href":"https:\/\/distribuidorpanelrey.com.mx\/wp-json\/wp\/v2\/media\/4079"}],"wp:attachment":[{"href":"https:\/\/distribuidorpanelrey.com.mx\/wp-json\/wp\/v2\/media?parent=4204"}],"wp:term":[{"taxonomy":"product_brand","embeddable":true,"href":"https:\/\/distribuidorpanelrey.com.mx\/wp-json\/wp\/v2\/product_brand?post=4204"},{"taxonomy":"product_cat","embeddable":true,"href":"https:\/\/distribuidorpanelrey.com.mx\/wp-json\/wp\/v2\/product_cat?post=4204"},{"taxonomy":"product_tag","embeddable":true,"href":"https:\/\/distribuidorpanelrey.com.mx\/wp-json\/wp\/v2\/product_tag?post=4204"}],"curies":[{"name":"wp","href":"https:\/\/api.w.org\/{rel}","templated":true}]}}