{"id":436,"date":"2018-12-04T19:50:54","date_gmt":"2018-12-04T19:50:54","guid":{"rendered":"http:\/\/distribuidorpanelrey.com\/?post_type=product&#038;p=436"},"modified":"2026-02-16T23:09:43","modified_gmt":"2026-02-16T23:09:43","slug":"compuesto-estandar-plus","status":"publish","type":"product","link":"https:\/\/distribuidorpanelrey.com.mx\/producto\/compuesto-estandar-plus\/","title":{"rendered":"COMPUESTO READY MIX ESTANDAR PLUS"},"content":{"rendered":"<p>Compuesto Ready Mix Estandar Plus<\/p>\n<p>El <strong>compuesto Ready Mix Est\u00e1ndar Plus<\/strong> tiene como funci\u00f3n principal ser un producto listo para usar en la preparaci\u00f3n y acabado de superficies de yeso y paneles de yeso en proyectos de construcci\u00f3n y renovaci\u00f3n. Este compuesto est\u00e1 dise\u00f1ado espec\u00edficamente para facilitar el proceso de llenado de juntas entre paneles de yeso y para reparar peque\u00f1os defectos en paredes y techos.<\/p>\n<p>El <strong>compuesto Ready Mix Est\u00e1ndar Plus<\/strong> se caracteriza por su formulaci\u00f3n lista para aplicar directamente desde el envase, lo que lo hace conveniente y f\u00e1cil de usar sin necesidad de mezclar con agua u otros aditivos. Una vez aplicado, el compuesto se seca r\u00e1pidamente y puede ser lijado para lograr una superficie lisa y uniforme, lista para la aplicaci\u00f3n de acabados finales como pintura o papel tapiz.<\/p>\n<p>Es esencial en la construcci\u00f3n para mejorar la eficiencia y calidad del acabado en trabajos de paneles de yeso, proporcionando una soluci\u00f3n r\u00e1pida y efectiva para la preparaci\u00f3n y nivelaci\u00f3n de superficies antes de aplicar acabados decorativos, Compuesto Ready Mix Estandar Plus.<\/p>\n<p><span style=\"color: #000080;\"><span style=\"font-size: 12px;\"><b>CARACTER\u00cdSTICAS<\/b><\/span><strong>:<\/strong><\/span><\/p>\n<ul>\n<li>Este compuesto multiusos ha sido dise\u00f1ado especialmente para instaladores profesionales que requieren una aplicaci\u00f3n m\u00e1s f\u00e1cil, pr\u00e1ctica y con un excelente acabado de la superficie.<\/li>\n<\/ul>\n<p>&nbsp;<\/p>\n<p><span style=\"color: #000080;\"><strong>DISPONIBILIDAD:<\/strong><\/span><\/p>\n<ul>\n<li>CAJA<\/li>\n<\/ul>\n<table width=\"302\">\n<tbody>\n<tr>\n<td style=\"text-align: center;\" width=\"151\">5 kg<\/td>\n<td style=\"text-align: center;\" width=\"151\">21.8 kg<\/td>\n<\/tr>\n<\/tbody>\n<\/table>\n<ul>\n<li>CUBETA<\/li>\n<\/ul>\n<table width=\"302\">\n<tbody>\n<tr>\n<td style=\"text-align: center;\" width=\"151\">6 kg<\/td>\n<td style=\"text-align: center;\" width=\"151\">28 kg<\/td>\n<\/tr>\n<\/tbody>\n<\/table>\n<p>&nbsp;<\/p>\n<p>&nbsp;<\/p>\n<p style=\"text-align: center;\">*En Distribuidor Panel Rey Mexico nos esforzamos por ofrecerte los mejores productos de <a href=\"http:\/\/distribuidorpanelrey.com\/tienda\/\">Compuestos y Polvos<\/a> como el Compuesto Estandar Plus.<br \/>\n*La imagen puede diferir un poco del producto final *Los precios pueden variar sin previo aviso<br \/>\n*Los precios ya incluyen IVA *Se hacen env\u00edos a toda la Rep\u00fablica Mexicana, pregunte por nuestros descuentos en env\u00edos.<br \/>\n*Chatea con nosotros en nuestras redes sociales.<br \/>\n*Contactanos: Tel. 71-58-97-38 y 71-58-02-72.<br \/>\nNuestro correo: ventas@distribuidorpanelrey.com<br \/>\nDistribuidor Panel Rey Mexico<\/p>\n","protected":false},"excerpt":{"rendered":"<h4 style=\"text-align: center;\">Env\u00edos de 24 a 48 hr CDMX Y EDO MEX<\/h4>\n<p style=\"text-align: center;\">Rese\u00f1as\u00a0\u2605\u2605\u2605\u2605\u2605\u00a0 Env\u00edos Garantizados<\/p>\n<h4 style=\"text-align: center;\">\ud83d\udd25LOS MEJORES PRECIOS \ud83d\udd25<\/h4>\n","protected":false},"featured_media":878,"comment_status":"closed","ping_status":"closed","template":"","meta":[],"product_brand":[],"product_cat":[35],"product_tag":[289,32,33,288,21,286,164,287,177,282],"class_list":{"0":"post-436","1":"product","2":"type-product","3":"status-publish","4":"has-post-thumbnail","6":"product_cat-compuestos-y-polvos","7":"product_tag-base-yeso","8":"product_tag-compuesto","9":"product_tag-compuesto-estandar-plus","10":"product_tag-juntas","11":"product_tag-panel-de-yeso","12":"product_tag-perfacinta","13":"product_tag-ready-mix","14":"product_tag-recubrimiento-para-juntas","15":"product_tag-resanador","16":"product_tag-uniones","18":"first","19":"instock","20":"shipping-taxable","21":"purchasable","22":"product-type-variable"},"yoast_head":"<!-- This site is optimized with the Yoast SEO plugin v27.1.1 - https:\/\/yoast.com\/product\/yoast-seo-wordpress\/ -->\n<title>COMPUESTO READY MIX ESTANDAR PLUS - PANEL REY MEXICO<\/title>\n<meta name=\"description\" content=\"Compuesto Ready Mix Estandar Plus. Este compuesto multiusos ha sido dise\u00f1ado especialmente para instaladores profesionales...\" \/>\n<meta name=\"robots\" content=\"index, follow, max-snippet:-1, max-image-preview:large, max-video-preview:-1\" \/>\n<link rel=\"canonical\" href=\"https:\/\/distribuidorpanelrey.com.mx\/producto\/compuesto-estandar-plus\/\" \/>\n<meta property=\"og:locale\" content=\"es_ES\" \/>\n<meta property=\"og:type\" content=\"article\" \/>\n<meta property=\"og:title\" content=\"COMPUESTO READY MIX ESTANDAR PLUS - PANEL REY MEXICO\" \/>\n<meta property=\"og:description\" content=\"Compuesto Ready Mix Estandar Plus. Este compuesto multiusos ha sido dise\u00f1ado especialmente para instaladores profesionales...\" \/>\n<meta property=\"og:url\" content=\"https:\/\/distribuidorpanelrey.com.mx\/producto\/compuesto-estandar-plus\/\" \/>\n<meta property=\"og:site_name\" content=\"PANEL REY MEXICO\" \/>\n<meta property=\"article:publisher\" content=\"https:\/\/www.facebook.com\/mexicopanelrey\/?locale=es_LA\" \/>\n<meta property=\"article:modified_time\" content=\"2026-02-16T23:09:43+00:00\" \/>\n<meta property=\"og:image\" content=\"https:\/\/distribuidorpanelrey.com.mx\/wp-content\/uploads\/2018\/12\/ready-mix.jpg\" \/>\n\t<meta property=\"og:image:width\" content=\"500\" \/>\n\t<meta property=\"og:image:height\" content=\"500\" \/>\n\t<meta property=\"og:image:type\" content=\"image\/jpeg\" \/>\n<meta name=\"twitter:card\" content=\"summary_large_image\" \/>\n<meta name=\"twitter:label1\" content=\"Tiempo de lectura\" \/>\n\t<meta name=\"twitter:data1\" content=\"2 minutos\" \/>\n<script type=\"application\/ld+json\" class=\"yoast-schema-graph\">{\"@context\":\"https:\/\/schema.org\",\"@graph\":[{\"@type\":\"WebPage\",\"@id\":\"https:\/\/distribuidorpanelrey.com.mx\/producto\/compuesto-estandar-plus\/\",\"url\":\"https:\/\/distribuidorpanelrey.com.mx\/producto\/compuesto-estandar-plus\/\",\"name\":\"COMPUESTO READY MIX ESTANDAR PLUS - PANEL REY MEXICO\",\"isPartOf\":{\"@id\":\"https:\/\/distribuidorpanelrey.com\/#website\"},\"primaryImageOfPage\":{\"@id\":\"https:\/\/distribuidorpanelrey.com.mx\/producto\/compuesto-estandar-plus\/#primaryimage\"},\"image\":{\"@id\":\"https:\/\/distribuidorpanelrey.com.mx\/producto\/compuesto-estandar-plus\/#primaryimage\"},\"thumbnailUrl\":\"https:\/\/distribuidorpanelrey.com.mx\/wp-content\/uploads\/2018\/12\/ready-mix.jpg\",\"datePublished\":\"2018-12-04T19:50:54+00:00\",\"dateModified\":\"2026-02-16T23:09:43+00:00\",\"description\":\"Compuesto Ready Mix Estandar Plus. Este compuesto multiusos ha sido dise\u00f1ado especialmente para instaladores profesionales...\",\"breadcrumb\":{\"@id\":\"https:\/\/distribuidorpanelrey.com.mx\/producto\/compuesto-estandar-plus\/#breadcrumb\"},\"inLanguage\":\"es\",\"potentialAction\":[{\"@type\":\"ReadAction\",\"target\":[\"https:\/\/distribuidorpanelrey.com.mx\/producto\/compuesto-estandar-plus\/\"]}]},{\"@type\":\"ImageObject\",\"inLanguage\":\"es\",\"@id\":\"https:\/\/distribuidorpanelrey.com.mx\/producto\/compuesto-estandar-plus\/#primaryimage\",\"url\":\"https:\/\/distribuidorpanelrey.com.mx\/wp-content\/uploads\/2018\/12\/ready-mix.jpg\",\"contentUrl\":\"https:\/\/distribuidorpanelrey.com.mx\/wp-content\/uploads\/2018\/12\/ready-mix.jpg\",\"width\":500,\"height\":500,\"caption\":\"ready-mix-distribuidor-panel-rey-mexico\"},{\"@type\":\"BreadcrumbList\",\"@id\":\"https:\/\/distribuidorpanelrey.com.mx\/producto\/compuesto-estandar-plus\/#breadcrumb\",\"itemListElement\":[{\"@type\":\"ListItem\",\"position\":1,\"name\":\"Portada\",\"item\":\"https:\/\/distribuidorpanelrey.com.mx\/\"},{\"@type\":\"ListItem\",\"position\":2,\"name\":\"Productos\",\"item\":\"https:\/\/distribuidorpanelrey.com\/tienda\/\"},{\"@type\":\"ListItem\",\"position\":3,\"name\":\"COMPUESTO READY MIX ESTANDAR PLUS\"}]},{\"@type\":\"WebSite\",\"@id\":\"https:\/\/distribuidorpanelrey.com\/#website\",\"url\":\"https:\/\/distribuidorpanelrey.com\/\",\"name\":\"PANEL REY MEXICO\",\"description\":\"DISTRIBUIDOR PANEL REY\",\"publisher\":{\"@id\":\"https:\/\/distribuidorpanelrey.com\/#organization\"},\"alternateName\":\"DISTRIBUIDOR PANEL REY\",\"potentialAction\":[{\"@type\":\"SearchAction\",\"target\":{\"@type\":\"EntryPoint\",\"urlTemplate\":\"https:\/\/distribuidorpanelrey.com\/?s={search_term_string}\"},\"query-input\":{\"@type\":\"PropertyValueSpecification\",\"valueRequired\":true,\"valueName\":\"search_term_string\"}}],\"inLanguage\":\"es\"},{\"@type\":\"Organization\",\"@id\":\"https:\/\/distribuidorpanelrey.com\/#organization\",\"name\":\"PANEL REY MEXICO\",\"url\":\"https:\/\/distribuidorpanelrey.com\/\",\"logo\":{\"@type\":\"ImageObject\",\"inLanguage\":\"es\",\"@id\":\"https:\/\/distribuidorpanelrey.com\/#\/schema\/logo\/image\/\",\"url\":\"https:\/\/distribuidorpanelrey.com.mx\/wp-content\/uploads\/2023\/11\/panelrey.webp\",\"contentUrl\":\"https:\/\/distribuidorpanelrey.com.mx\/wp-content\/uploads\/2023\/11\/panelrey.webp\",\"width\":400,\"height\":150,\"caption\":\"PANEL REY MEXICO\"},\"image\":{\"@id\":\"https:\/\/distribuidorpanelrey.com\/#\/schema\/logo\/image\/\"},\"sameAs\":[\"https:\/\/www.facebook.com\/mexicopanelrey\/?locale=es_LA\",\"https:\/\/www.instagram.com\/panel_rey_mexico\/?hl=es\"]}]}<\/script>\n<!-- \/ Yoast SEO plugin. -->","yoast_head_json":{"title":"COMPUESTO READY MIX ESTANDAR PLUS - PANEL REY MEXICO","description":"Compuesto Ready Mix Estandar Plus. Este compuesto multiusos ha sido dise\u00f1ado especialmente para instaladores profesionales...","robots":{"index":"index","follow":"follow","max-snippet":"max-snippet:-1","max-image-preview":"max-image-preview:large","max-video-preview":"max-video-preview:-1"},"canonical":"https:\/\/distribuidorpanelrey.com.mx\/producto\/compuesto-estandar-plus\/","og_locale":"es_ES","og_type":"article","og_title":"COMPUESTO READY MIX ESTANDAR PLUS - PANEL REY MEXICO","og_description":"Compuesto Ready Mix Estandar Plus. Este compuesto multiusos ha sido dise\u00f1ado especialmente para instaladores profesionales...","og_url":"https:\/\/distribuidorpanelrey.com.mx\/producto\/compuesto-estandar-plus\/","og_site_name":"PANEL REY MEXICO","article_publisher":"https:\/\/www.facebook.com\/mexicopanelrey\/?locale=es_LA","article_modified_time":"2026-02-16T23:09:43+00:00","og_image":[{"width":500,"height":500,"url":"https:\/\/distribuidorpanelrey.com.mx\/wp-content\/uploads\/2018\/12\/ready-mix.jpg","type":"image\/jpeg"}],"twitter_card":"summary_large_image","twitter_misc":{"Tiempo de lectura":"2 minutos"},"schema":{"@context":"https:\/\/schema.org","@graph":[{"@type":"WebPage","@id":"https:\/\/distribuidorpanelrey.com.mx\/producto\/compuesto-estandar-plus\/","url":"https:\/\/distribuidorpanelrey.com.mx\/producto\/compuesto-estandar-plus\/","name":"COMPUESTO READY MIX ESTANDAR PLUS - PANEL REY MEXICO","isPartOf":{"@id":"https:\/\/distribuidorpanelrey.com\/#website"},"primaryImageOfPage":{"@id":"https:\/\/distribuidorpanelrey.com.mx\/producto\/compuesto-estandar-plus\/#primaryimage"},"image":{"@id":"https:\/\/distribuidorpanelrey.com.mx\/producto\/compuesto-estandar-plus\/#primaryimage"},"thumbnailUrl":"https:\/\/distribuidorpanelrey.com.mx\/wp-content\/uploads\/2018\/12\/ready-mix.jpg","datePublished":"2018-12-04T19:50:54+00:00","dateModified":"2026-02-16T23:09:43+00:00","description":"Compuesto Ready Mix Estandar Plus. Este compuesto multiusos ha sido dise\u00f1ado especialmente para instaladores profesionales...","breadcrumb":{"@id":"https:\/\/distribuidorpanelrey.com.mx\/producto\/compuesto-estandar-plus\/#breadcrumb"},"inLanguage":"es","potentialAction":[{"@type":"ReadAction","target":["https:\/\/distribuidorpanelrey.com.mx\/producto\/compuesto-estandar-plus\/"]}]},{"@type":"ImageObject","inLanguage":"es","@id":"https:\/\/distribuidorpanelrey.com.mx\/producto\/compuesto-estandar-plus\/#primaryimage","url":"https:\/\/distribuidorpanelrey.com.mx\/wp-content\/uploads\/2018\/12\/ready-mix.jpg","contentUrl":"https:\/\/distribuidorpanelrey.com.mx\/wp-content\/uploads\/2018\/12\/ready-mix.jpg","width":500,"height":500,"caption":"ready-mix-distribuidor-panel-rey-mexico"},{"@type":"BreadcrumbList","@id":"https:\/\/distribuidorpanelrey.com.mx\/producto\/compuesto-estandar-plus\/#breadcrumb","itemListElement":[{"@type":"ListItem","position":1,"name":"Portada","item":"https:\/\/distribuidorpanelrey.com.mx\/"},{"@type":"ListItem","position":2,"name":"Productos","item":"https:\/\/distribuidorpanelrey.com\/tienda\/"},{"@type":"ListItem","position":3,"name":"COMPUESTO READY MIX ESTANDAR PLUS"}]},{"@type":"WebSite","@id":"https:\/\/distribuidorpanelrey.com\/#website","url":"https:\/\/distribuidorpanelrey.com\/","name":"PANEL REY MEXICO","description":"DISTRIBUIDOR PANEL REY","publisher":{"@id":"https:\/\/distribuidorpanelrey.com\/#organization"},"alternateName":"DISTRIBUIDOR PANEL REY","potentialAction":[{"@type":"SearchAction","target":{"@type":"EntryPoint","urlTemplate":"https:\/\/distribuidorpanelrey.com\/?s={search_term_string}"},"query-input":{"@type":"PropertyValueSpecification","valueRequired":true,"valueName":"search_term_string"}}],"inLanguage":"es"},{"@type":"Organization","@id":"https:\/\/distribuidorpanelrey.com\/#organization","name":"PANEL REY MEXICO","url":"https:\/\/distribuidorpanelrey.com\/","logo":{"@type":"ImageObject","inLanguage":"es","@id":"https:\/\/distribuidorpanelrey.com\/#\/schema\/logo\/image\/","url":"https:\/\/distribuidorpanelrey.com.mx\/wp-content\/uploads\/2023\/11\/panelrey.webp","contentUrl":"https:\/\/distribuidorpanelrey.com.mx\/wp-content\/uploads\/2023\/11\/panelrey.webp","width":400,"height":150,"caption":"PANEL REY MEXICO"},"image":{"@id":"https:\/\/distribuidorpanelrey.com\/#\/schema\/logo\/image\/"},"sameAs":["https:\/\/www.facebook.com\/mexicopanelrey\/?locale=es_LA","https:\/\/www.instagram.com\/panel_rey_mexico\/?hl=es"]}]}},"_links":{"self":[{"href":"https:\/\/distribuidorpanelrey.com.mx\/wp-json\/wp\/v2\/product\/436","targetHints":{"allow":["GET"]}}],"collection":[{"href":"https:\/\/distribuidorpanelrey.com.mx\/wp-json\/wp\/v2\/product"}],"about":[{"href":"https:\/\/distribuidorpanelrey.com.mx\/wp-json\/wp\/v2\/types\/product"}],"replies":[{"embeddable":true,"href":"https:\/\/distribuidorpanelrey.com.mx\/wp-json\/wp\/v2\/comments?post=436"}],"version-history":[{"count":6,"href":"https:\/\/distribuidorpanelrey.com.mx\/wp-json\/wp\/v2\/product\/436\/revisions"}],"predecessor-version":[{"id":6625,"href":"https:\/\/distribuidorpanelrey.com.mx\/wp-json\/wp\/v2\/product\/436\/revisions\/6625"}],"wp:featuredmedia":[{"embeddable":true,"href":"https:\/\/distribuidorpanelrey.com.mx\/wp-json\/wp\/v2\/media\/878"}],"wp:attachment":[{"href":"https:\/\/distribuidorpanelrey.com.mx\/wp-json\/wp\/v2\/media?parent=436"}],"wp:term":[{"taxonomy":"product_brand","embeddable":true,"href":"https:\/\/distribuidorpanelrey.com.mx\/wp-json\/wp\/v2\/product_brand?post=436"},{"taxonomy":"product_cat","embeddable":true,"href":"https:\/\/distribuidorpanelrey.com.mx\/wp-json\/wp\/v2\/product_cat?post=436"},{"taxonomy":"product_tag","embeddable":true,"href":"https:\/\/distribuidorpanelrey.com.mx\/wp-json\/wp\/v2\/product_tag?post=436"}],"curies":[{"name":"wp","href":"https:\/\/api.w.org\/{rel}","templated":true}]}}