{"id":4532,"date":"2025-07-27T21:24:07","date_gmt":"2025-07-27T21:24:07","guid":{"rendered":"https:\/\/distribuidorpanelrey.com.mx\/?post_type=product&#038;p=4532"},"modified":"2025-08-18T04:16:48","modified_gmt":"2025-08-18T04:16:48","slug":"lijadora-de-banda-4-x-24-1200w-truper-industrial","status":"publish","type":"product","link":"https:\/\/distribuidorpanelrey.com.mx\/producto\/lijadora-de-banda-4-x-24-1200w-truper-industrial\/","title":{"rendered":"LIJADORA DE BANDA 4 x 24&#8243;, 1200W, TRUPER INDUSTRIAL"},"content":{"rendered":"<h2 data-start=\"44\" data-end=\"105\">\ud83d\udee0\ufe0f Lijadora de Banda Truper Industrial 4\u2033\u202f\u00d7\u202f24\u2033 \u2013 1,200\u202fW<\/h2>\n<p data-start=\"44\" data-end=\"105\"><span class=\"relative -mx-px my-[-0.2rem] rounded px-px py-[0.2rem] transition-colors duration-100 ease-in-out\">La <strong data-start=\"3\" data-end=\"60\">lijadora de banda Truper Industrial 4\u202f\u00d7\u202f24\u2033 y 1,200\u202fW<\/strong> es una herramienta dise\u00f1ada para profesionales que requieren eficiencia, potencia y control. Su banda de lijado con velocidad de avance de hasta <strong data-start=\"234\" data-end=\"247\">500\u202fm\/min<\/strong> permite un retiro r\u00e1pido del material, ideal para superficies de madera, metal o acabados en carpinter\u00eda.<\/span><\/p>\n<p data-start=\"188\" data-end=\"225\"><span class=\"relative -mx-px my-[-0.2rem] rounded px-px py-[0.2rem] transition-colors duration-100 ease-in-out\">Est\u00e1 equipada con palanca de tensi\u00f3n y palanca de cambio r\u00e1pido de banda, as\u00ed como perilla de alineaci\u00f3n para ajustes precisos. El mango ergon\u00f3mico con grip antiderrapante y el rodillo trasero facilitan un manejo firme y seguro a dos manos. Incluye interruptor con bot\u00f3n de uso continuo y bolsa recolectora de polvo ajustable (360\u00b0), lo que mejora la limpieza del \u00e1rea de trabajo y reduce la exposici\u00f3n al polvo.<\/span><\/p>\n<p data-start=\"227\" data-end=\"264\"><span class=\"relative -mx-px my-[-0.2rem] rounded px-px py-[0.2rem] transition-colors duration-100 ease-in-out\">Con un peso de aproximadamente <strong data-start=\"31\" data-end=\"39\">6\u202fkg<\/strong> y dimensiones compactas (36\u202f\u00d7\u202f23\u202f\u00d7\u202f17\u202fcm), este modelo es robusto y manejable. Su ciclo de trabajo recomienda <strong data-start=\"150\" data-end=\"198\">50 minutos de uso por 20 minutos de descanso<\/strong>, con un m\u00e1ximo de <strong data-start=\"217\" data-end=\"236\">6 horas diarias<\/strong> de uso continuo, respaldando su uso intensivo en talleres y obras.\u00a0<\/span><\/p>\n<hr data-start=\"266\" data-end=\"269\" \/>\n<h3 data-start=\"271\" data-end=\"304\">\u2705 Caracter\u00edsticas principales<\/h3>\n<ul data-start=\"306\" data-end=\"924\">\n<li data-start=\"306\" data-end=\"347\">\n<p data-start=\"308\" data-end=\"347\"><span class=\"relative -mx-px my-[-0.2rem] rounded px-px py-[0.2rem] transition-colors duration-100 ease-in-out\">Motor de <strong data-start=\"9\" data-end=\"20\">1,200\u202fW<\/strong>, ideal para uso profesional<\/span><\/p>\n<\/li>\n<li data-start=\"348\" data-end=\"427\">\n<p data-start=\"350\" data-end=\"427\"><span class=\"relative -mx-px my-[-0.2rem] rounded px-px py-[0.2rem] transition-colors duration-100 ease-in-out\">Banda de lijado de <strong data-start=\"19\" data-end=\"45\">4\u202f\u00d7\u202f24\u2033 (102\u202f\u00d7\u202f610\u202fmm)<\/strong> y velocidad de avance de <strong data-start=\"71\" data-end=\"84\" data-is-last-node=\"\">500\u202fm\/min<\/strong><\/span><\/p>\n<\/li>\n<li data-start=\"428\" data-end=\"469\">\n<p data-start=\"430\" data-end=\"469\"><span class=\"relative -mx-px my-[-0.2rem] rounded px-px py-[0.2rem] transition-colors duration-100 ease-in-out\">Sistema de tensi\u00f3n y cambio r\u00e1pido de banda para ajustes sin herramientas<\/span><\/p>\n<\/li>\n<li data-start=\"470\" data-end=\"511\">\n<p data-start=\"472\" data-end=\"511\"><span class=\"relative -mx-px my-[-0.2rem] rounded px-px py-[0.2rem] transition-colors duration-100 ease-in-out\">Perilla de alineaci\u00f3n precisa para correcci\u00f3n de banda<\/span><\/p>\n<\/li>\n<li data-start=\"512\" data-end=\"593\">\n<p data-start=\"514\" data-end=\"593\"><span class=\"relative -mx-px my-[-0.2rem] rounded px-px py-[0.2rem] transition-colors duration-100 ease-in-out\">Mango ergon\u00f3mico con grip antiderrapante y rodillo trasero antideslizante<\/span><\/p>\n<\/li>\n<li data-start=\"594\" data-end=\"637\">\n<p data-start=\"596\" data-end=\"637\"><span class=\"relative -mx-px my-[-0.2rem] rounded px-px py-[0.2rem] transition-colors duration-100 ease-in-out\">Interruptor con bot\u00f3n de uso continuo para operaciones prolongadas<\/span><\/p>\n<\/li>\n<li data-start=\"638\" data-end=\"681\">\n<p data-start=\"640\" data-end=\"681\"><span class=\"relative -mx-px my-[-0.2rem] rounded px-px py-[0.2rem] transition-colors duration-100 ease-in-out\">Bolsa recolectora de polvo ajustable 360\u00b0 para mayor limpieza<\/span><\/p>\n<\/li>\n<li data-start=\"682\" data-end=\"725\">\n<p data-start=\"684\" data-end=\"725\"><span class=\"relative -mx-px my-[-0.2rem] rounded px-px py-[0.2rem] transition-colors duration-100 ease-in-out\">Operaci\u00f3n a dos manos para mejor control<\/span><\/p>\n<\/li>\n<li data-start=\"726\" data-end=\"809\">\n<p data-start=\"728\" data-end=\"809\"><span class=\"relative -mx-px my-[-0.2rem] rounded px-px py-[0.2rem] transition-colors duration-100 ease-in-out\">Ciclo de trabajo: 50\u202fmin uso \/ 20\u202fmin descanso, hasta 6 horas diarias<\/span><\/p>\n<\/li>\n<li data-start=\"810\" data-end=\"881\">\n<p data-start=\"812\" data-end=\"881\">Peso aproximado: <strong data-start=\"829\" data-end=\"837\">6\u202fkg<\/strong> y dimensiones compactas (36\u202f\u00d7\u202f23\u202f\u00d7\u202f17\u202fcm)<\/p>\n<\/li>\n<li data-start=\"882\" data-end=\"924\">\n<p data-start=\"884\" data-end=\"924\">Certificaci\u00f3n: cumple norma NOM\u2011003\u2011SCFI<\/p>\n<\/li>\n<\/ul>\n<hr data-start=\"926\" data-end=\"929\" \/>\n<h3 data-start=\"931\" data-end=\"963\">\ud83d\udccb Especificaciones t\u00e9cnicas<\/h3>\n<div class=\"_tableContainer_80l1q_1\">\n<div class=\"_tableWrapper_80l1q_14 group flex w-fit flex-col-reverse\" tabindex=\"-1\">\n<table class=\"w-fit min-w-(--thread-content-width)\" data-start=\"965\" data-end=\"2054\">\n<thead data-start=\"965\" data-end=\"1041\">\n<tr data-start=\"965\" data-end=\"1041\">\n<th data-start=\"965\" data-end=\"1000\" data-col-size=\"sm\">Especificaci\u00f3n<\/th>\n<th data-start=\"1000\" data-end=\"1041\" data-col-size=\"sm\">Valor<\/th>\n<\/tr>\n<\/thead>\n<tbody data-start=\"1120\" data-end=\"2054\">\n<tr data-start=\"1120\" data-end=\"1197\">\n<td data-start=\"1120\" data-end=\"1155\" data-col-size=\"sm\">Potencia nominal<\/td>\n<td data-col-size=\"sm\" data-start=\"1155\" data-end=\"1197\">1,200\u202fW<\/td>\n<\/tr>\n<tr data-start=\"1198\" data-end=\"1275\">\n<td data-start=\"1198\" data-end=\"1233\" data-col-size=\"sm\">Banda de lijado<\/td>\n<td data-start=\"1233\" data-end=\"1275\" data-col-size=\"sm\">4\u202f\u00d7\u202f24\u2033 (102\u202f\u00d7\u202f610\u202fmm)<\/td>\n<\/tr>\n<tr data-start=\"1276\" data-end=\"1353\">\n<td data-start=\"1276\" data-end=\"1311\" data-col-size=\"sm\">Velocidad de avance<\/td>\n<td data-start=\"1311\" data-end=\"1353\" data-col-size=\"sm\">500\u202fm\/min<\/td>\n<\/tr>\n<tr data-start=\"1354\" data-end=\"1431\">\n<td data-start=\"1354\" data-end=\"1389\" data-col-size=\"sm\">Ancho de lijado<\/td>\n<td data-col-size=\"sm\" data-start=\"1389\" data-end=\"1431\">4\u202f\u00bb (102\u202fmm)<\/td>\n<\/tr>\n<tr data-start=\"1432\" data-end=\"1509\">\n<td data-start=\"1432\" data-end=\"1467\" data-col-size=\"sm\">Tensi\u00f3n \/ Frecuencia<\/td>\n<td data-col-size=\"sm\" data-start=\"1467\" data-end=\"1509\">127\u202fV \/ 60\u202fHz<\/td>\n<\/tr>\n<tr data-start=\"1510\" data-end=\"1587\">\n<td data-start=\"1510\" data-end=\"1545\" data-col-size=\"sm\">Consumo el\u00e9ctrico<\/td>\n<td data-start=\"1545\" data-end=\"1587\" data-col-size=\"sm\">9.4\u202fA<\/td>\n<\/tr>\n<tr data-start=\"1588\" data-end=\"1665\">\n<td data-start=\"1588\" data-end=\"1623\" data-col-size=\"sm\">Peso<\/td>\n<td data-start=\"1623\" data-end=\"1665\" data-col-size=\"sm\">\u2248\u202f6\u202fkg<\/td>\n<\/tr>\n<tr data-start=\"1666\" data-end=\"1743\">\n<td data-start=\"1666\" data-end=\"1701\" data-col-size=\"sm\">Dimensiones (L\u202f\u00d7\u202fA\u202f\u00d7\u202fF)<\/td>\n<td data-start=\"1701\" data-end=\"1743\" data-col-size=\"sm\">36\u202f\u00d7\u202f23\u202f\u00d7\u202f17\u202fcm<\/td>\n<\/tr>\n<tr data-start=\"1744\" data-end=\"1820\">\n<td data-start=\"1744\" data-end=\"1779\" data-col-size=\"sm\">Ciclo de trabajo recomendado<\/td>\n<td data-start=\"1779\" data-end=\"1820\" data-col-size=\"sm\">50\u202fmin uso \/ 20\u202fmin descanso<\/td>\n<\/tr>\n<tr data-start=\"1821\" data-end=\"1898\">\n<td data-start=\"1821\" data-end=\"1856\" data-col-size=\"sm\">Uso diario m\u00e1ximo<\/td>\n<td data-col-size=\"sm\" data-start=\"1856\" data-end=\"1898\">Hasta 6 horas<\/td>\n<\/tr>\n<tr data-start=\"1899\" data-end=\"1976\">\n<td data-start=\"1899\" data-end=\"1934\" data-col-size=\"sm\">Accesorios incluidos<\/td>\n<td data-start=\"1934\" data-end=\"1976\" data-col-size=\"sm\">Banda de lija, bolsa recolectora<\/td>\n<\/tr>\n<tr data-start=\"1977\" data-end=\"2054\">\n<td data-start=\"1977\" data-end=\"2012\" data-col-size=\"sm\">Certificaci\u00f3n<\/td>\n<td data-start=\"2012\" data-end=\"2054\" data-col-size=\"sm\">Norma NOM\u2011003\u2011SCFI<\/td>\n<\/tr>\n<\/tbody>\n<\/table>\n<p style=\"text-align: center;\">En\u00a0<strong data-start=\"82\" data-end=\"115\">Distribuidor Panel Rey M\u00e9xico<\/strong> encuentras calidad y confianza en productos <strong>Acero.<\/strong><br data-start=\"173\" data-end=\"176\" \/>\u2705 Env\u00edos a toda la Rep\u00fablica Mexicana. \u00a1Pregunta por nuestras promociones vigentes!<br data-start=\"259\" data-end=\"262\" data-is-only-node=\"\" \/>\u2705 Todos los precios incluyen IVA (sujetos a cambio sin previo aviso).<br data-start=\"331\" data-end=\"334\" \/>\u2705 Im\u00e1genes ilustrativas, el producto final puede presentar ligeras variaciones.<br data-start=\"413\" data-end=\"416\" \/>\ud83d\udcac \u00bfTienes dudas? Escr\u00edbenos por\u00a0<a href=\"https:\/\/www.facebook.com\/mexicopanelrey\">Facebook<\/a>\u00a0o\u00a0<a href=\"https:\/\/www.instagram.com\/panel_rey_mexico\/\">Instagram<\/a>.<br data-start=\"470\" data-end=\"473\" \/>\ud83d\udcde Tel:\u00a0<a href=\"tel:55 7397 6243\">55 7397 6243<\/a>\u00a0| WhatsApp:\u00a0<a href=\"https:\/\/api.whatsapp.com\/send?phone=525573976243\">5573976243<\/a><br data-start=\"518\" data-end=\"521\" \/>\ud83d\udce7\u00a0<a class=\"cursor-pointer\" href=\"mailto:ventas@distribuidorpanelrey.com\" rel=\"noopener\" data-start=\"524\" data-end=\"555\">ventas@distribuidorpanelrey.com<\/a><\/p>\n<\/div>\n<\/div>\n","protected":false},"excerpt":{"rendered":"<h4 style=\"text-align: center;\">Env\u00edos de 24 a 48 hr CDMX Y EDO MEX<\/h4>\n<p style=\"text-align: center;\">Rese\u00f1as\u00a0\u2605\u2605\u2605\u2605\u2605\u00a0 Env\u00edos Garantizados<\/p>\n<h4 style=\"text-align: center;\">\ud83d\udd25LOS MEJORES PRECIOS \ud83d\udd25<\/h4>\n","protected":false},"featured_media":4524,"comment_status":"closed","ping_status":"closed","template":"","meta":[],"product_brand":[562],"product_cat":[324,704],"product_tag":[692,327,715,361,684],"class_list":{"0":"post-4532","1":"product","2":"type-product","3":"status-publish","4":"has-post-thumbnail","6":"product_brand-truper","7":"product_cat-herramientas-electricas","8":"product_cat-lijadora","9":"product_tag-1200w","10":"product_tag-lijadora-de-banda","11":"product_tag-lijadora-de-banda-4-x-24","12":"product_tag-truper","13":"product_tag-truper-industrial","15":"first","16":"instock","17":"shipping-taxable","18":"purchasable","19":"product-type-simple"},"yoast_head":"<!-- This site is optimized with the Yoast SEO plugin v27.1.1 - https:\/\/yoast.com\/product\/yoast-seo-wordpress\/ -->\n<title>LIJADORA DE BANDA 4 x 24&quot;, 1200W, TRUPER INDUSTRIAL - PANEL REY MEXICO<\/title>\n<meta name=\"description\" content=\"Lijadora de banda Truper Industrial 4\u202f\u00d7\u202f24\u2033 y 1,200\u202fW. Ideal para lijado r\u00e1pido en madera y metal, con cambio r\u00e1pido de banda, sujeci\u00f3n segura y bolsa recolectora ajustable. Precisa, potente y eficiente.\" \/>\n<meta name=\"robots\" content=\"index, follow, max-snippet:-1, max-image-preview:large, max-video-preview:-1\" \/>\n<link rel=\"canonical\" href=\"https:\/\/distribuidorpanelrey.com.mx\/producto\/lijadora-de-banda-4-x-24-1200w-truper-industrial\/\" \/>\n<meta property=\"og:locale\" content=\"es_ES\" \/>\n<meta property=\"og:type\" content=\"article\" \/>\n<meta property=\"og:title\" content=\"LIJADORA DE BANDA 4 x 24&quot;, 1200W, TRUPER INDUSTRIAL - PANEL REY MEXICO\" \/>\n<meta property=\"og:description\" content=\"Lijadora de banda Truper Industrial 4\u202f\u00d7\u202f24\u2033 y 1,200\u202fW. Ideal para lijado r\u00e1pido en madera y metal, con cambio r\u00e1pido de banda, sujeci\u00f3n segura y bolsa recolectora ajustable. Precisa, potente y eficiente.\" \/>\n<meta property=\"og:url\" content=\"https:\/\/distribuidorpanelrey.com.mx\/producto\/lijadora-de-banda-4-x-24-1200w-truper-industrial\/\" \/>\n<meta property=\"og:site_name\" content=\"PANEL REY MEXICO\" \/>\n<meta property=\"article:publisher\" content=\"https:\/\/www.facebook.com\/mexicopanelrey\/?locale=es_LA\" \/>\n<meta property=\"article:modified_time\" content=\"2025-08-18T04:16:48+00:00\" \/>\n<meta property=\"og:image\" content=\"https:\/\/distribuidorpanelrey.com.mx\/wp-content\/uploads\/2025\/07\/LIJADORA-DE-BANDA-100370.webp\" \/>\n\t<meta property=\"og:image:width\" content=\"1800\" \/>\n\t<meta property=\"og:image:height\" content=\"1800\" \/>\n\t<meta property=\"og:image:type\" content=\"image\/webp\" \/>\n<meta name=\"twitter:card\" content=\"summary_large_image\" \/>\n<meta name=\"twitter:label1\" content=\"Tiempo de lectura\" \/>\n\t<meta name=\"twitter:data1\" content=\"3 minutos\" \/>\n<script type=\"application\/ld+json\" class=\"yoast-schema-graph\">{\"@context\":\"https:\/\/schema.org\",\"@graph\":[{\"@type\":\"WebPage\",\"@id\":\"https:\/\/distribuidorpanelrey.com.mx\/producto\/lijadora-de-banda-4-x-24-1200w-truper-industrial\/\",\"url\":\"https:\/\/distribuidorpanelrey.com.mx\/producto\/lijadora-de-banda-4-x-24-1200w-truper-industrial\/\",\"name\":\"LIJADORA DE BANDA 4 x 24\\\", 1200W, TRUPER INDUSTRIAL - PANEL REY MEXICO\",\"isPartOf\":{\"@id\":\"https:\/\/distribuidorpanelrey.com\/#website\"},\"primaryImageOfPage\":{\"@id\":\"https:\/\/distribuidorpanelrey.com.mx\/producto\/lijadora-de-banda-4-x-24-1200w-truper-industrial\/#primaryimage\"},\"image\":{\"@id\":\"https:\/\/distribuidorpanelrey.com.mx\/producto\/lijadora-de-banda-4-x-24-1200w-truper-industrial\/#primaryimage\"},\"thumbnailUrl\":\"https:\/\/distribuidorpanelrey.com.mx\/wp-content\/uploads\/2025\/07\/LIJADORA-DE-BANDA-100370.webp\",\"datePublished\":\"2025-07-27T21:24:07+00:00\",\"dateModified\":\"2025-08-18T04:16:48+00:00\",\"description\":\"Lijadora de banda Truper Industrial 4\u202f\u00d7\u202f24\u2033 y 1,200\u202fW. Ideal para lijado r\u00e1pido en madera y metal, con cambio r\u00e1pido de banda, sujeci\u00f3n segura y bolsa recolectora ajustable. Precisa, potente y eficiente.\",\"breadcrumb\":{\"@id\":\"https:\/\/distribuidorpanelrey.com.mx\/producto\/lijadora-de-banda-4-x-24-1200w-truper-industrial\/#breadcrumb\"},\"inLanguage\":\"es\",\"potentialAction\":[{\"@type\":\"ReadAction\",\"target\":[\"https:\/\/distribuidorpanelrey.com.mx\/producto\/lijadora-de-banda-4-x-24-1200w-truper-industrial\/\"]}]},{\"@type\":\"ImageObject\",\"inLanguage\":\"es\",\"@id\":\"https:\/\/distribuidorpanelrey.com.mx\/producto\/lijadora-de-banda-4-x-24-1200w-truper-industrial\/#primaryimage\",\"url\":\"https:\/\/distribuidorpanelrey.com.mx\/wp-content\/uploads\/2025\/07\/LIJADORA-DE-BANDA-100370.webp\",\"contentUrl\":\"https:\/\/distribuidorpanelrey.com.mx\/wp-content\/uploads\/2025\/07\/LIJADORA-DE-BANDA-100370.webp\",\"width\":1800,\"height\":1800},{\"@type\":\"BreadcrumbList\",\"@id\":\"https:\/\/distribuidorpanelrey.com.mx\/producto\/lijadora-de-banda-4-x-24-1200w-truper-industrial\/#breadcrumb\",\"itemListElement\":[{\"@type\":\"ListItem\",\"position\":1,\"name\":\"Portada\",\"item\":\"https:\/\/distribuidorpanelrey.com.mx\/\"},{\"@type\":\"ListItem\",\"position\":2,\"name\":\"Productos\",\"item\":\"https:\/\/distribuidorpanelrey.com\/tienda\/\"},{\"@type\":\"ListItem\",\"position\":3,\"name\":\"LIJADORA DE BANDA 4 x 24&#8243;, 1200W, TRUPER INDUSTRIAL\"}]},{\"@type\":\"WebSite\",\"@id\":\"https:\/\/distribuidorpanelrey.com\/#website\",\"url\":\"https:\/\/distribuidorpanelrey.com\/\",\"name\":\"PANEL REY MEXICO\",\"description\":\"DISTRIBUIDOR PANEL REY\",\"publisher\":{\"@id\":\"https:\/\/distribuidorpanelrey.com\/#organization\"},\"alternateName\":\"DISTRIBUIDOR PANEL REY\",\"potentialAction\":[{\"@type\":\"SearchAction\",\"target\":{\"@type\":\"EntryPoint\",\"urlTemplate\":\"https:\/\/distribuidorpanelrey.com\/?s={search_term_string}\"},\"query-input\":{\"@type\":\"PropertyValueSpecification\",\"valueRequired\":true,\"valueName\":\"search_term_string\"}}],\"inLanguage\":\"es\"},{\"@type\":\"Organization\",\"@id\":\"https:\/\/distribuidorpanelrey.com\/#organization\",\"name\":\"PANEL REY MEXICO\",\"url\":\"https:\/\/distribuidorpanelrey.com\/\",\"logo\":{\"@type\":\"ImageObject\",\"inLanguage\":\"es\",\"@id\":\"https:\/\/distribuidorpanelrey.com\/#\/schema\/logo\/image\/\",\"url\":\"https:\/\/distribuidorpanelrey.com.mx\/wp-content\/uploads\/2023\/11\/panelrey.webp\",\"contentUrl\":\"https:\/\/distribuidorpanelrey.com.mx\/wp-content\/uploads\/2023\/11\/panelrey.webp\",\"width\":400,\"height\":150,\"caption\":\"PANEL REY MEXICO\"},\"image\":{\"@id\":\"https:\/\/distribuidorpanelrey.com\/#\/schema\/logo\/image\/\"},\"sameAs\":[\"https:\/\/www.facebook.com\/mexicopanelrey\/?locale=es_LA\",\"https:\/\/www.instagram.com\/panel_rey_mexico\/?hl=es\"]}]}<\/script>\n<!-- \/ Yoast SEO plugin. -->","yoast_head_json":{"title":"LIJADORA DE BANDA 4 x 24\", 1200W, TRUPER INDUSTRIAL - PANEL REY MEXICO","description":"Lijadora de banda Truper Industrial 4\u202f\u00d7\u202f24\u2033 y 1,200\u202fW. Ideal para lijado r\u00e1pido en madera y metal, con cambio r\u00e1pido de banda, sujeci\u00f3n segura y bolsa recolectora ajustable. Precisa, potente y eficiente.","robots":{"index":"index","follow":"follow","max-snippet":"max-snippet:-1","max-image-preview":"max-image-preview:large","max-video-preview":"max-video-preview:-1"},"canonical":"https:\/\/distribuidorpanelrey.com.mx\/producto\/lijadora-de-banda-4-x-24-1200w-truper-industrial\/","og_locale":"es_ES","og_type":"article","og_title":"LIJADORA DE BANDA 4 x 24\", 1200W, TRUPER INDUSTRIAL - PANEL REY MEXICO","og_description":"Lijadora de banda Truper Industrial 4\u202f\u00d7\u202f24\u2033 y 1,200\u202fW. Ideal para lijado r\u00e1pido en madera y metal, con cambio r\u00e1pido de banda, sujeci\u00f3n segura y bolsa recolectora ajustable. Precisa, potente y eficiente.","og_url":"https:\/\/distribuidorpanelrey.com.mx\/producto\/lijadora-de-banda-4-x-24-1200w-truper-industrial\/","og_site_name":"PANEL REY MEXICO","article_publisher":"https:\/\/www.facebook.com\/mexicopanelrey\/?locale=es_LA","article_modified_time":"2025-08-18T04:16:48+00:00","og_image":[{"width":1800,"height":1800,"url":"https:\/\/distribuidorpanelrey.com.mx\/wp-content\/uploads\/2025\/07\/LIJADORA-DE-BANDA-100370.webp","type":"image\/webp"}],"twitter_card":"summary_large_image","twitter_misc":{"Tiempo de lectura":"3 minutos"},"schema":{"@context":"https:\/\/schema.org","@graph":[{"@type":"WebPage","@id":"https:\/\/distribuidorpanelrey.com.mx\/producto\/lijadora-de-banda-4-x-24-1200w-truper-industrial\/","url":"https:\/\/distribuidorpanelrey.com.mx\/producto\/lijadora-de-banda-4-x-24-1200w-truper-industrial\/","name":"LIJADORA DE BANDA 4 x 24\", 1200W, TRUPER INDUSTRIAL - PANEL REY MEXICO","isPartOf":{"@id":"https:\/\/distribuidorpanelrey.com\/#website"},"primaryImageOfPage":{"@id":"https:\/\/distribuidorpanelrey.com.mx\/producto\/lijadora-de-banda-4-x-24-1200w-truper-industrial\/#primaryimage"},"image":{"@id":"https:\/\/distribuidorpanelrey.com.mx\/producto\/lijadora-de-banda-4-x-24-1200w-truper-industrial\/#primaryimage"},"thumbnailUrl":"https:\/\/distribuidorpanelrey.com.mx\/wp-content\/uploads\/2025\/07\/LIJADORA-DE-BANDA-100370.webp","datePublished":"2025-07-27T21:24:07+00:00","dateModified":"2025-08-18T04:16:48+00:00","description":"Lijadora de banda Truper Industrial 4\u202f\u00d7\u202f24\u2033 y 1,200\u202fW. Ideal para lijado r\u00e1pido en madera y metal, con cambio r\u00e1pido de banda, sujeci\u00f3n segura y bolsa recolectora ajustable. Precisa, potente y eficiente.","breadcrumb":{"@id":"https:\/\/distribuidorpanelrey.com.mx\/producto\/lijadora-de-banda-4-x-24-1200w-truper-industrial\/#breadcrumb"},"inLanguage":"es","potentialAction":[{"@type":"ReadAction","target":["https:\/\/distribuidorpanelrey.com.mx\/producto\/lijadora-de-banda-4-x-24-1200w-truper-industrial\/"]}]},{"@type":"ImageObject","inLanguage":"es","@id":"https:\/\/distribuidorpanelrey.com.mx\/producto\/lijadora-de-banda-4-x-24-1200w-truper-industrial\/#primaryimage","url":"https:\/\/distribuidorpanelrey.com.mx\/wp-content\/uploads\/2025\/07\/LIJADORA-DE-BANDA-100370.webp","contentUrl":"https:\/\/distribuidorpanelrey.com.mx\/wp-content\/uploads\/2025\/07\/LIJADORA-DE-BANDA-100370.webp","width":1800,"height":1800},{"@type":"BreadcrumbList","@id":"https:\/\/distribuidorpanelrey.com.mx\/producto\/lijadora-de-banda-4-x-24-1200w-truper-industrial\/#breadcrumb","itemListElement":[{"@type":"ListItem","position":1,"name":"Portada","item":"https:\/\/distribuidorpanelrey.com.mx\/"},{"@type":"ListItem","position":2,"name":"Productos","item":"https:\/\/distribuidorpanelrey.com\/tienda\/"},{"@type":"ListItem","position":3,"name":"LIJADORA DE BANDA 4 x 24&#8243;, 1200W, TRUPER INDUSTRIAL"}]},{"@type":"WebSite","@id":"https:\/\/distribuidorpanelrey.com\/#website","url":"https:\/\/distribuidorpanelrey.com\/","name":"PANEL REY MEXICO","description":"DISTRIBUIDOR PANEL REY","publisher":{"@id":"https:\/\/distribuidorpanelrey.com\/#organization"},"alternateName":"DISTRIBUIDOR PANEL REY","potentialAction":[{"@type":"SearchAction","target":{"@type":"EntryPoint","urlTemplate":"https:\/\/distribuidorpanelrey.com\/?s={search_term_string}"},"query-input":{"@type":"PropertyValueSpecification","valueRequired":true,"valueName":"search_term_string"}}],"inLanguage":"es"},{"@type":"Organization","@id":"https:\/\/distribuidorpanelrey.com\/#organization","name":"PANEL REY MEXICO","url":"https:\/\/distribuidorpanelrey.com\/","logo":{"@type":"ImageObject","inLanguage":"es","@id":"https:\/\/distribuidorpanelrey.com\/#\/schema\/logo\/image\/","url":"https:\/\/distribuidorpanelrey.com.mx\/wp-content\/uploads\/2023\/11\/panelrey.webp","contentUrl":"https:\/\/distribuidorpanelrey.com.mx\/wp-content\/uploads\/2023\/11\/panelrey.webp","width":400,"height":150,"caption":"PANEL REY MEXICO"},"image":{"@id":"https:\/\/distribuidorpanelrey.com\/#\/schema\/logo\/image\/"},"sameAs":["https:\/\/www.facebook.com\/mexicopanelrey\/?locale=es_LA","https:\/\/www.instagram.com\/panel_rey_mexico\/?hl=es"]}]}},"_links":{"self":[{"href":"https:\/\/distribuidorpanelrey.com.mx\/wp-json\/wp\/v2\/product\/4532","targetHints":{"allow":["GET"]}}],"collection":[{"href":"https:\/\/distribuidorpanelrey.com.mx\/wp-json\/wp\/v2\/product"}],"about":[{"href":"https:\/\/distribuidorpanelrey.com.mx\/wp-json\/wp\/v2\/types\/product"}],"replies":[{"embeddable":true,"href":"https:\/\/distribuidorpanelrey.com.mx\/wp-json\/wp\/v2\/comments?post=4532"}],"version-history":[{"count":2,"href":"https:\/\/distribuidorpanelrey.com.mx\/wp-json\/wp\/v2\/product\/4532\/revisions"}],"predecessor-version":[{"id":4534,"href":"https:\/\/distribuidorpanelrey.com.mx\/wp-json\/wp\/v2\/product\/4532\/revisions\/4534"}],"wp:featuredmedia":[{"embeddable":true,"href":"https:\/\/distribuidorpanelrey.com.mx\/wp-json\/wp\/v2\/media\/4524"}],"wp:attachment":[{"href":"https:\/\/distribuidorpanelrey.com.mx\/wp-json\/wp\/v2\/media?parent=4532"}],"wp:term":[{"taxonomy":"product_brand","embeddable":true,"href":"https:\/\/distribuidorpanelrey.com.mx\/wp-json\/wp\/v2\/product_brand?post=4532"},{"taxonomy":"product_cat","embeddable":true,"href":"https:\/\/distribuidorpanelrey.com.mx\/wp-json\/wp\/v2\/product_cat?post=4532"},{"taxonomy":"product_tag","embeddable":true,"href":"https:\/\/distribuidorpanelrey.com.mx\/wp-json\/wp\/v2\/product_tag?post=4532"}],"curies":[{"name":"wp","href":"https:\/\/api.w.org\/{rel}","templated":true}]}}