{"id":4607,"date":"2025-07-28T00:25:31","date_gmt":"2025-07-28T00:25:31","guid":{"rendered":"https:\/\/distribuidorpanelrey.com.mx\/?post_type=product&#038;p=4607"},"modified":"2025-08-18T04:21:30","modified_gmt":"2025-08-18T04:21:30","slug":"revolvedora-de-concreto-a-gasolina-160-l","status":"publish","type":"product","link":"https:\/\/distribuidorpanelrey.com.mx\/producto\/revolvedora-de-concreto-a-gasolina-160-l\/","title":{"rendered":"REVOLVEDORA DE CONCRETO, A GASOLINA, 160 L"},"content":{"rendered":"<h2 data-start=\"44\" data-end=\"184\"><span class=\"relative -mx-px my-[-0.2rem] rounded px-px py-[0.2rem] transition-colors duration-100 ease-in-out\">\ud83d\udee0\ufe0f <strong data-start=\"4\" data-end=\"68\" data-is-last-node=\"\">Ahoyadora \/ Motoperforadora a Gasolina Truper 52\u202fcc \u2013 1.9\u202fHP<\/strong><\/span><\/h2>\n<p data-start=\"44\" data-end=\"184\"><span class=\"relative -mx-px my-[-0.2rem] rounded px-px py-[0.2rem] transition-colors duration-100 ease-in-out\">Ahoyadora profesional con motor de gasolina de <strong data-start=\"47\" data-end=\"69\">1.9\u202fHP (\u2248\u202f1,500\u202fW)<\/strong> a dos tiempos, que requiere mezcla de aceite y gasolina. Equipada con tanque de <strong data-start=\"150\" data-end=\"157\">1\u202fL<\/strong> para hasta <strong data-start=\"169\" data-end=\"195\">1\u202fhora de uso continuo<\/strong>. Ideal para perforar terrenos hasta 20\u202fcm de di\u00e1metro y 55\u202fcm de profundidad. Cuenta con arranque manual, robusto sistema de absorci\u00f3n de impactos y conector de cambio r\u00e1pido para brocas tipo barrena. Pensada para uso agr\u00edcola, forestal o de instalaci\u00f3n de postes y cercas. Cumple con la norma NOM\u2011003\u2011SCFI.<\/span><\/p>\n<hr data-start=\"186\" data-end=\"189\" \/>\n<p data-start=\"191\" data-end=\"226\">\u2705 <strong data-start=\"193\" data-end=\"224\">Caracter\u00edsticas principales<\/strong><\/p>\n<ul data-start=\"227\" data-end=\"707\">\n<li data-start=\"227\" data-end=\"268\">\n<p data-start=\"229\" data-end=\"268\"><span class=\"relative -mx-px my-[-0.2rem] rounded px-px py-[0.2rem] transition-colors duration-100 ease-in-out\">Motor de <strong data-start=\"9\" data-end=\"31\">1.9\u202fHP (\u2248\u202f1,500\u202fW)<\/strong> a dos tiempos (mezcla aceite\/gasolina)<\/span><\/p>\n<\/li>\n<li data-start=\"269\" data-end=\"348\">\n<p data-start=\"271\" data-end=\"348\"><span class=\"relative -mx-px my-[-0.2rem] rounded px-px py-[0.2rem] transition-colors duration-100 ease-in-out\">Tanque de <strong data-start=\"10\" data-end=\"17\">1\u202fL<\/strong>, capaz de hasta <strong data-start=\"34\" data-end=\"53\">1\u202fhora continua<\/strong> de trabajo<\/span><\/p>\n<\/li>\n<li data-start=\"349\" data-end=\"428\">\n<p data-start=\"351\" data-end=\"428\"><span class=\"relative -mx-px my-[-0.2rem] rounded px-px py-[0.2rem] transition-colors duration-100 ease-in-out\">Capacidad de perforaci\u00f3n: hasta <strong data-start=\"32\" data-end=\"76\" data-is-last-node=\"\">20\u202fcm de di\u00e1metro y 55\u202fcm de profundidad<\/strong><\/span><\/p>\n<\/li>\n<li data-start=\"429\" data-end=\"470\">\n<p data-start=\"431\" data-end=\"470\"><span class=\"relative -mx-px my-[-0.2rem] rounded px-px py-[0.2rem] transition-colors duration-100 ease-in-out\">Arranque manual eficiente y seguro<\/span><\/p>\n<\/li>\n<li data-start=\"471\" data-end=\"514\">\n<p data-start=\"473\" data-end=\"514\"><span class=\"relative -mx-px my-[-0.2rem] rounded px-px py-[0.2rem] transition-colors duration-100 ease-in-out\">Absorbedor de impactos y conector de cambio r\u00e1pido para brocas tipo barrena<\/span><\/p>\n<\/li>\n<li data-start=\"515\" data-end=\"558\">\n<p data-start=\"517\" data-end=\"558\"><span class=\"relative -mx-px my-[-0.2rem] rounded px-px py-[0.2rem] transition-colors duration-100 ease-in-out\">Ideal para plantar \u00e1rboles, instalar postes, cercas o para uso forestal<\/span><\/p>\n<\/li>\n<li data-start=\"559\" data-end=\"642\">\n<p data-start=\"561\" data-end=\"642\"><span class=\"relative -mx-px my-[-0.2rem] rounded px-px py-[0.2rem] transition-colors duration-100 ease-in-out\">Peso aproximado: <strong data-start=\"17\" data-end=\"27\">8.6\u202fkg<\/strong> (sin broca); dimensiones base x alto x fondo: <strong data-start=\"74\" data-end=\"94\" data-is-last-node=\"\">52\u202f\u00d7\u202f110\u202f\u00d7\u202f30\u202fcm<\/strong><\/span><\/p>\n<\/li>\n<li data-start=\"643\" data-end=\"707\">\n<p data-start=\"645\" data-end=\"707\">Ciclo de trabajo: <strong data-start=\"663\" data-end=\"706\">30\u202fmin de descanso por tanque utilizado<\/strong><\/p>\n<\/li>\n<\/ul>\n<hr data-start=\"709\" data-end=\"712\" \/>\n<p data-start=\"714\" data-end=\"746\">\ud83d\udccb <strong data-start=\"717\" data-end=\"746\">Especificaciones t\u00e9cnicas<\/strong><\/p>\n<div class=\"_tableContainer_80l1q_1\">\n<div class=\"_tableWrapper_80l1q_14 group flex w-fit flex-col-reverse\" tabindex=\"-1\">\n<table class=\"w-fit min-w-(--thread-content-width)\" data-start=\"748\" data-end=\"1741\">\n<thead data-start=\"748\" data-end=\"820\">\n<tr data-start=\"748\" data-end=\"820\">\n<th data-start=\"748\" data-end=\"786\" data-col-size=\"sm\">Especificaci\u00f3n<\/th>\n<th data-start=\"786\" data-end=\"820\" data-col-size=\"md\">Valor<\/th>\n<\/tr>\n<\/thead>\n<tbody data-start=\"893\" data-end=\"1741\">\n<tr data-start=\"893\" data-end=\"963\">\n<td data-start=\"893\" data-end=\"930\" data-col-size=\"sm\">Potencia<\/td>\n<td data-start=\"930\" data-end=\"963\" data-col-size=\"md\">1.9\u202fHP (\u2248\u202f1,500\u202fW)<\/td>\n<\/tr>\n<tr data-start=\"964\" data-end=\"1035\">\n<td data-start=\"964\" data-end=\"1001\" data-col-size=\"sm\">Cilindrada<\/td>\n<td data-col-size=\"md\" data-start=\"1001\" data-end=\"1035\">52\u202fcc<\/td>\n<\/tr>\n<tr data-start=\"1036\" data-end=\"1106\">\n<td data-start=\"1036\" data-end=\"1073\" data-col-size=\"sm\">Velocidad motor \/ barrena<\/td>\n<td data-start=\"1073\" data-end=\"1106\" data-col-size=\"md\">7,000\u202frpm \/ 200\u202frpm<\/td>\n<\/tr>\n<tr data-start=\"1107\" data-end=\"1178\">\n<td data-start=\"1107\" data-end=\"1144\" data-col-size=\"sm\">Tanque<\/td>\n<td data-start=\"1144\" data-end=\"1178\" data-col-size=\"md\">1\u202fL<\/td>\n<\/tr>\n<tr data-start=\"1179\" data-end=\"1249\">\n<td data-start=\"1179\" data-end=\"1216\" data-col-size=\"sm\">Autonom\u00eda por carga<\/td>\n<td data-start=\"1216\" data-end=\"1249\" data-col-size=\"md\">Hasta 1\u202fhora<\/td>\n<\/tr>\n<tr data-start=\"1250\" data-end=\"1320\">\n<td data-start=\"1250\" data-end=\"1287\" data-col-size=\"sm\">Di\u00e1metro perforaci\u00f3n<\/td>\n<td data-col-size=\"md\" data-start=\"1287\" data-end=\"1320\">Hasta 20\u202fcm (8\u2033)<\/td>\n<\/tr>\n<tr data-start=\"1321\" data-end=\"1391\">\n<td data-start=\"1321\" data-end=\"1358\" data-col-size=\"sm\">Profundidad m\u00e1xima<\/td>\n<td data-start=\"1358\" data-end=\"1391\" data-col-size=\"md\">Hasta 55\u202fcm (21\u2033)<\/td>\n<\/tr>\n<tr data-start=\"1392\" data-end=\"1463\">\n<td data-start=\"1392\" data-end=\"1429\" data-col-size=\"sm\">Relaci\u00f3n de engranes<\/td>\n<td data-col-size=\"md\" data-start=\"1429\" data-end=\"1463\">41:1<\/td>\n<\/tr>\n<tr data-start=\"1464\" data-end=\"1535\">\n<td data-start=\"1464\" data-end=\"1501\" data-col-size=\"sm\">Dimensiones (Base \u00d7 Alto \u00d7 Fondo)<\/td>\n<td data-col-size=\"md\" data-start=\"1501\" data-end=\"1535\">52 \u00d7 110 \u00d7 30\u202fcm<\/td>\n<\/tr>\n<tr data-start=\"1536\" data-end=\"1607\">\n<td data-start=\"1536\" data-end=\"1573\" data-col-size=\"sm\">Peso (sin broca)<\/td>\n<td data-start=\"1573\" data-end=\"1607\" data-col-size=\"md\">8.6\u202fkg<\/td>\n<\/tr>\n<tr data-start=\"1608\" data-end=\"1741\">\n<td data-start=\"1608\" data-end=\"1645\" data-col-size=\"sm\">Incluye<\/td>\n<td data-col-size=\"md\" data-start=\"1645\" data-end=\"1741\">Llave de buj\u00eda, llave inglesa, 4 llaves hexagonales, 2 pernos con abrazadera, bote mezclador<\/td>\n<\/tr>\n<\/tbody>\n<\/table>\n<p style=\"text-align: center;\">En\u00a0<strong data-start=\"82\" data-end=\"115\">Distribuidor Panel Rey M\u00e9xico<\/strong> encuentras calidad y confianza en productos <strong>Acero.<\/strong><br data-start=\"173\" data-end=\"176\" \/>\u2705 Env\u00edos a toda la Rep\u00fablica Mexicana. \u00a1Pregunta por nuestras promociones vigentes!<br data-start=\"259\" data-end=\"262\" data-is-only-node=\"\" \/>\u2705 Todos los precios incluyen IVA (sujetos a cambio sin previo aviso).<br data-start=\"331\" data-end=\"334\" \/>\u2705 Im\u00e1genes ilustrativas, el producto final puede presentar ligeras variaciones.<br data-start=\"413\" data-end=\"416\" \/>\ud83d\udcac \u00bfTienes dudas? Escr\u00edbenos por\u00a0<a href=\"https:\/\/www.facebook.com\/mexicopanelrey\">Facebook<\/a>\u00a0o\u00a0<a href=\"https:\/\/www.instagram.com\/panel_rey_mexico\/\">Instagram<\/a>.<br data-start=\"470\" data-end=\"473\" \/>\ud83d\udcde Tel:\u00a0<a href=\"tel:55 7397 6243\">55 7397 6243<\/a>\u00a0| WhatsApp:\u00a0<a href=\"https:\/\/api.whatsapp.com\/send?phone=525573976243\">5573976243<\/a><br data-start=\"518\" data-end=\"521\" \/>\ud83d\udce7\u00a0<a class=\"cursor-pointer\" href=\"mailto:ventas@distribuidorpanelrey.com\" rel=\"noopener\" data-start=\"524\" data-end=\"555\">ventas@distribuidorpanelrey.com<\/a><\/p>\n<\/div>\n<\/div>\n","protected":false},"excerpt":{"rendered":"<h4 style=\"text-align: center;\">Env\u00edos de 24 a 48 hr CDMX Y EDO MEX<\/h4>\n<p style=\"text-align: center;\">Rese\u00f1as\u00a0\u2605\u2605\u2605\u2605\u2605\u00a0 Env\u00edos Garantizados<\/p>\n<h4 style=\"text-align: center;\">\ud83d\udd25LOS MEJORES PRECIOS \ud83d\udd25<\/h4>\n","protected":false},"featured_media":4600,"comment_status":"closed","ping_status":"closed","template":"","meta":[],"product_brand":[562],"product_cat":[324,741],"product_tag":[753,752,751,679,750],"class_list":{"0":"post-4607","1":"product","2":"type-product","3":"status-publish","4":"has-post-thumbnail","6":"product_brand-truper","7":"product_cat-herramientas-electricas","8":"product_cat-maquinas-a-gasolina","9":"product_tag-1-2-saco","10":"product_tag-160-l","11":"product_tag-a-gasolina","12":"product_tag-pretul","13":"product_tag-revolvedora-de-concreto","15":"first","16":"instock","17":"shipping-taxable","18":"purchasable","19":"product-type-simple"},"yoast_head":"<!-- This site is optimized with the Yoast SEO plugin v27.1.1 - https:\/\/yoast.com\/product\/yoast-seo-wordpress\/ -->\n<title>REVOLVEDORA DE CONCRETO, A GASOLINA, 160 L - PANEL REY MEXICO<\/title>\n<meta name=\"description\" content=\"Ahoyadora Truper 52\u202fcc (1.9\u202fHP) a gasolina con tanque de 1\u202fL, broca de hasta 20\u202fcm y profundidad de 55\u202fcm. Arranque manual, sistema anti-impactos y cambio r\u00e1pido de barrena. Ideal para agricultura, cercas y plantaciones (Cumple norma NOM\u2011003\u2011SCFI).\" \/>\n<meta name=\"robots\" content=\"index, follow, max-snippet:-1, max-image-preview:large, max-video-preview:-1\" \/>\n<link rel=\"canonical\" href=\"https:\/\/distribuidorpanelrey.com.mx\/producto\/revolvedora-de-concreto-a-gasolina-160-l\/\" \/>\n<meta property=\"og:locale\" content=\"es_ES\" \/>\n<meta property=\"og:type\" content=\"article\" \/>\n<meta property=\"og:title\" content=\"REVOLVEDORA DE CONCRETO, A GASOLINA, 160 L - PANEL REY MEXICO\" \/>\n<meta property=\"og:description\" content=\"Ahoyadora Truper 52\u202fcc (1.9\u202fHP) a gasolina con tanque de 1\u202fL, broca de hasta 20\u202fcm y profundidad de 55\u202fcm. Arranque manual, sistema anti-impactos y cambio r\u00e1pido de barrena. Ideal para agricultura, cercas y plantaciones (Cumple norma NOM\u2011003\u2011SCFI).\" \/>\n<meta property=\"og:url\" content=\"https:\/\/distribuidorpanelrey.com.mx\/producto\/revolvedora-de-concreto-a-gasolina-160-l\/\" \/>\n<meta property=\"og:site_name\" content=\"PANEL REY MEXICO\" \/>\n<meta property=\"article:publisher\" content=\"https:\/\/www.facebook.com\/mexicopanelrey\/?locale=es_LA\" \/>\n<meta property=\"article:modified_time\" content=\"2025-08-18T04:21:30+00:00\" \/>\n<meta property=\"og:image\" content=\"https:\/\/distribuidorpanelrey.com.mx\/wp-content\/uploads\/2025\/07\/REVOLVEDORA-28147.webp\" \/>\n\t<meta property=\"og:image:width\" content=\"1800\" \/>\n\t<meta property=\"og:image:height\" content=\"1800\" \/>\n\t<meta property=\"og:image:type\" content=\"image\/webp\" \/>\n<meta name=\"twitter:card\" content=\"summary_large_image\" \/>\n<meta name=\"twitter:label1\" content=\"Tiempo de lectura\" \/>\n\t<meta name=\"twitter:data1\" content=\"2 minutos\" \/>\n<script type=\"application\/ld+json\" class=\"yoast-schema-graph\">{\"@context\":\"https:\/\/schema.org\",\"@graph\":[{\"@type\":\"WebPage\",\"@id\":\"https:\/\/distribuidorpanelrey.com.mx\/producto\/revolvedora-de-concreto-a-gasolina-160-l\/\",\"url\":\"https:\/\/distribuidorpanelrey.com.mx\/producto\/revolvedora-de-concreto-a-gasolina-160-l\/\",\"name\":\"REVOLVEDORA DE CONCRETO, A GASOLINA, 160 L - PANEL REY MEXICO\",\"isPartOf\":{\"@id\":\"https:\/\/distribuidorpanelrey.com\/#website\"},\"primaryImageOfPage\":{\"@id\":\"https:\/\/distribuidorpanelrey.com.mx\/producto\/revolvedora-de-concreto-a-gasolina-160-l\/#primaryimage\"},\"image\":{\"@id\":\"https:\/\/distribuidorpanelrey.com.mx\/producto\/revolvedora-de-concreto-a-gasolina-160-l\/#primaryimage\"},\"thumbnailUrl\":\"https:\/\/distribuidorpanelrey.com.mx\/wp-content\/uploads\/2025\/07\/REVOLVEDORA-28147.webp\",\"datePublished\":\"2025-07-28T00:25:31+00:00\",\"dateModified\":\"2025-08-18T04:21:30+00:00\",\"description\":\"Ahoyadora Truper 52\u202fcc (1.9\u202fHP) a gasolina con tanque de 1\u202fL, broca de hasta 20\u202fcm y profundidad de 55\u202fcm. Arranque manual, sistema anti-impactos y cambio r\u00e1pido de barrena. Ideal para agricultura, cercas y plantaciones (Cumple norma NOM\u2011003\u2011SCFI).\",\"breadcrumb\":{\"@id\":\"https:\/\/distribuidorpanelrey.com.mx\/producto\/revolvedora-de-concreto-a-gasolina-160-l\/#breadcrumb\"},\"inLanguage\":\"es\",\"potentialAction\":[{\"@type\":\"ReadAction\",\"target\":[\"https:\/\/distribuidorpanelrey.com.mx\/producto\/revolvedora-de-concreto-a-gasolina-160-l\/\"]}]},{\"@type\":\"ImageObject\",\"inLanguage\":\"es\",\"@id\":\"https:\/\/distribuidorpanelrey.com.mx\/producto\/revolvedora-de-concreto-a-gasolina-160-l\/#primaryimage\",\"url\":\"https:\/\/distribuidorpanelrey.com.mx\/wp-content\/uploads\/2025\/07\/REVOLVEDORA-28147.webp\",\"contentUrl\":\"https:\/\/distribuidorpanelrey.com.mx\/wp-content\/uploads\/2025\/07\/REVOLVEDORA-28147.webp\",\"width\":1800,\"height\":1800},{\"@type\":\"BreadcrumbList\",\"@id\":\"https:\/\/distribuidorpanelrey.com.mx\/producto\/revolvedora-de-concreto-a-gasolina-160-l\/#breadcrumb\",\"itemListElement\":[{\"@type\":\"ListItem\",\"position\":1,\"name\":\"Portada\",\"item\":\"https:\/\/distribuidorpanelrey.com.mx\/\"},{\"@type\":\"ListItem\",\"position\":2,\"name\":\"Productos\",\"item\":\"https:\/\/distribuidorpanelrey.com\/tienda\/\"},{\"@type\":\"ListItem\",\"position\":3,\"name\":\"REVOLVEDORA DE CONCRETO, A GASOLINA, 160 L\"}]},{\"@type\":\"WebSite\",\"@id\":\"https:\/\/distribuidorpanelrey.com\/#website\",\"url\":\"https:\/\/distribuidorpanelrey.com\/\",\"name\":\"PANEL REY MEXICO\",\"description\":\"DISTRIBUIDOR PANEL REY\",\"publisher\":{\"@id\":\"https:\/\/distribuidorpanelrey.com\/#organization\"},\"alternateName\":\"DISTRIBUIDOR PANEL REY\",\"potentialAction\":[{\"@type\":\"SearchAction\",\"target\":{\"@type\":\"EntryPoint\",\"urlTemplate\":\"https:\/\/distribuidorpanelrey.com\/?s={search_term_string}\"},\"query-input\":{\"@type\":\"PropertyValueSpecification\",\"valueRequired\":true,\"valueName\":\"search_term_string\"}}],\"inLanguage\":\"es\"},{\"@type\":\"Organization\",\"@id\":\"https:\/\/distribuidorpanelrey.com\/#organization\",\"name\":\"PANEL REY MEXICO\",\"url\":\"https:\/\/distribuidorpanelrey.com\/\",\"logo\":{\"@type\":\"ImageObject\",\"inLanguage\":\"es\",\"@id\":\"https:\/\/distribuidorpanelrey.com\/#\/schema\/logo\/image\/\",\"url\":\"https:\/\/distribuidorpanelrey.com.mx\/wp-content\/uploads\/2023\/11\/panelrey.webp\",\"contentUrl\":\"https:\/\/distribuidorpanelrey.com.mx\/wp-content\/uploads\/2023\/11\/panelrey.webp\",\"width\":400,\"height\":150,\"caption\":\"PANEL REY MEXICO\"},\"image\":{\"@id\":\"https:\/\/distribuidorpanelrey.com\/#\/schema\/logo\/image\/\"},\"sameAs\":[\"https:\/\/www.facebook.com\/mexicopanelrey\/?locale=es_LA\",\"https:\/\/www.instagram.com\/panel_rey_mexico\/?hl=es\"]}]}<\/script>\n<!-- \/ Yoast SEO plugin. -->","yoast_head_json":{"title":"REVOLVEDORA DE CONCRETO, A GASOLINA, 160 L - PANEL REY MEXICO","description":"Ahoyadora Truper 52\u202fcc (1.9\u202fHP) a gasolina con tanque de 1\u202fL, broca de hasta 20\u202fcm y profundidad de 55\u202fcm. Arranque manual, sistema anti-impactos y cambio r\u00e1pido de barrena. Ideal para agricultura, cercas y plantaciones (Cumple norma NOM\u2011003\u2011SCFI).","robots":{"index":"index","follow":"follow","max-snippet":"max-snippet:-1","max-image-preview":"max-image-preview:large","max-video-preview":"max-video-preview:-1"},"canonical":"https:\/\/distribuidorpanelrey.com.mx\/producto\/revolvedora-de-concreto-a-gasolina-160-l\/","og_locale":"es_ES","og_type":"article","og_title":"REVOLVEDORA DE CONCRETO, A GASOLINA, 160 L - PANEL REY MEXICO","og_description":"Ahoyadora Truper 52\u202fcc (1.9\u202fHP) a gasolina con tanque de 1\u202fL, broca de hasta 20\u202fcm y profundidad de 55\u202fcm. Arranque manual, sistema anti-impactos y cambio r\u00e1pido de barrena. Ideal para agricultura, cercas y plantaciones (Cumple norma NOM\u2011003\u2011SCFI).","og_url":"https:\/\/distribuidorpanelrey.com.mx\/producto\/revolvedora-de-concreto-a-gasolina-160-l\/","og_site_name":"PANEL REY MEXICO","article_publisher":"https:\/\/www.facebook.com\/mexicopanelrey\/?locale=es_LA","article_modified_time":"2025-08-18T04:21:30+00:00","og_image":[{"width":1800,"height":1800,"url":"https:\/\/distribuidorpanelrey.com.mx\/wp-content\/uploads\/2025\/07\/REVOLVEDORA-28147.webp","type":"image\/webp"}],"twitter_card":"summary_large_image","twitter_misc":{"Tiempo de lectura":"2 minutos"},"schema":{"@context":"https:\/\/schema.org","@graph":[{"@type":"WebPage","@id":"https:\/\/distribuidorpanelrey.com.mx\/producto\/revolvedora-de-concreto-a-gasolina-160-l\/","url":"https:\/\/distribuidorpanelrey.com.mx\/producto\/revolvedora-de-concreto-a-gasolina-160-l\/","name":"REVOLVEDORA DE CONCRETO, A GASOLINA, 160 L - PANEL REY MEXICO","isPartOf":{"@id":"https:\/\/distribuidorpanelrey.com\/#website"},"primaryImageOfPage":{"@id":"https:\/\/distribuidorpanelrey.com.mx\/producto\/revolvedora-de-concreto-a-gasolina-160-l\/#primaryimage"},"image":{"@id":"https:\/\/distribuidorpanelrey.com.mx\/producto\/revolvedora-de-concreto-a-gasolina-160-l\/#primaryimage"},"thumbnailUrl":"https:\/\/distribuidorpanelrey.com.mx\/wp-content\/uploads\/2025\/07\/REVOLVEDORA-28147.webp","datePublished":"2025-07-28T00:25:31+00:00","dateModified":"2025-08-18T04:21:30+00:00","description":"Ahoyadora Truper 52\u202fcc (1.9\u202fHP) a gasolina con tanque de 1\u202fL, broca de hasta 20\u202fcm y profundidad de 55\u202fcm. Arranque manual, sistema anti-impactos y cambio r\u00e1pido de barrena. Ideal para agricultura, cercas y plantaciones (Cumple norma NOM\u2011003\u2011SCFI).","breadcrumb":{"@id":"https:\/\/distribuidorpanelrey.com.mx\/producto\/revolvedora-de-concreto-a-gasolina-160-l\/#breadcrumb"},"inLanguage":"es","potentialAction":[{"@type":"ReadAction","target":["https:\/\/distribuidorpanelrey.com.mx\/producto\/revolvedora-de-concreto-a-gasolina-160-l\/"]}]},{"@type":"ImageObject","inLanguage":"es","@id":"https:\/\/distribuidorpanelrey.com.mx\/producto\/revolvedora-de-concreto-a-gasolina-160-l\/#primaryimage","url":"https:\/\/distribuidorpanelrey.com.mx\/wp-content\/uploads\/2025\/07\/REVOLVEDORA-28147.webp","contentUrl":"https:\/\/distribuidorpanelrey.com.mx\/wp-content\/uploads\/2025\/07\/REVOLVEDORA-28147.webp","width":1800,"height":1800},{"@type":"BreadcrumbList","@id":"https:\/\/distribuidorpanelrey.com.mx\/producto\/revolvedora-de-concreto-a-gasolina-160-l\/#breadcrumb","itemListElement":[{"@type":"ListItem","position":1,"name":"Portada","item":"https:\/\/distribuidorpanelrey.com.mx\/"},{"@type":"ListItem","position":2,"name":"Productos","item":"https:\/\/distribuidorpanelrey.com\/tienda\/"},{"@type":"ListItem","position":3,"name":"REVOLVEDORA DE CONCRETO, A GASOLINA, 160 L"}]},{"@type":"WebSite","@id":"https:\/\/distribuidorpanelrey.com\/#website","url":"https:\/\/distribuidorpanelrey.com\/","name":"PANEL REY MEXICO","description":"DISTRIBUIDOR PANEL REY","publisher":{"@id":"https:\/\/distribuidorpanelrey.com\/#organization"},"alternateName":"DISTRIBUIDOR PANEL REY","potentialAction":[{"@type":"SearchAction","target":{"@type":"EntryPoint","urlTemplate":"https:\/\/distribuidorpanelrey.com\/?s={search_term_string}"},"query-input":{"@type":"PropertyValueSpecification","valueRequired":true,"valueName":"search_term_string"}}],"inLanguage":"es"},{"@type":"Organization","@id":"https:\/\/distribuidorpanelrey.com\/#organization","name":"PANEL REY MEXICO","url":"https:\/\/distribuidorpanelrey.com\/","logo":{"@type":"ImageObject","inLanguage":"es","@id":"https:\/\/distribuidorpanelrey.com\/#\/schema\/logo\/image\/","url":"https:\/\/distribuidorpanelrey.com.mx\/wp-content\/uploads\/2023\/11\/panelrey.webp","contentUrl":"https:\/\/distribuidorpanelrey.com.mx\/wp-content\/uploads\/2023\/11\/panelrey.webp","width":400,"height":150,"caption":"PANEL REY MEXICO"},"image":{"@id":"https:\/\/distribuidorpanelrey.com\/#\/schema\/logo\/image\/"},"sameAs":["https:\/\/www.facebook.com\/mexicopanelrey\/?locale=es_LA","https:\/\/www.instagram.com\/panel_rey_mexico\/?hl=es"]}]}},"_links":{"self":[{"href":"https:\/\/distribuidorpanelrey.com.mx\/wp-json\/wp\/v2\/product\/4607","targetHints":{"allow":["GET"]}}],"collection":[{"href":"https:\/\/distribuidorpanelrey.com.mx\/wp-json\/wp\/v2\/product"}],"about":[{"href":"https:\/\/distribuidorpanelrey.com.mx\/wp-json\/wp\/v2\/types\/product"}],"replies":[{"embeddable":true,"href":"https:\/\/distribuidorpanelrey.com.mx\/wp-json\/wp\/v2\/comments?post=4607"}],"version-history":[{"count":1,"href":"https:\/\/distribuidorpanelrey.com.mx\/wp-json\/wp\/v2\/product\/4607\/revisions"}],"predecessor-version":[{"id":4608,"href":"https:\/\/distribuidorpanelrey.com.mx\/wp-json\/wp\/v2\/product\/4607\/revisions\/4608"}],"wp:featuredmedia":[{"embeddable":true,"href":"https:\/\/distribuidorpanelrey.com.mx\/wp-json\/wp\/v2\/media\/4600"}],"wp:attachment":[{"href":"https:\/\/distribuidorpanelrey.com.mx\/wp-json\/wp\/v2\/media?parent=4607"}],"wp:term":[{"taxonomy":"product_brand","embeddable":true,"href":"https:\/\/distribuidorpanelrey.com.mx\/wp-json\/wp\/v2\/product_brand?post=4607"},{"taxonomy":"product_cat","embeddable":true,"href":"https:\/\/distribuidorpanelrey.com.mx\/wp-json\/wp\/v2\/product_cat?post=4607"},{"taxonomy":"product_tag","embeddable":true,"href":"https:\/\/distribuidorpanelrey.com.mx\/wp-json\/wp\/v2\/product_tag?post=4607"}],"curies":[{"name":"wp","href":"https:\/\/api.w.org\/{rel}","templated":true}]}}