{"id":5426,"date":"2025-08-09T20:43:50","date_gmt":"2025-08-09T20:43:50","guid":{"rendered":"https:\/\/distribuidorpanelrey.com.mx\/?post_type=product&#038;p=5426"},"modified":"2025-08-18T04:24:36","modified_gmt":"2025-08-18T04:24:36","slug":"poste-delimitador-de-115cm-de-alto","status":"publish","type":"product","link":"https:\/\/distribuidorpanelrey.com.mx\/producto\/poste-delimitador-de-115cm-de-alto\/","title":{"rendered":"POSTE DELIMITADOR DE 115cm DE ALTO"},"content":{"rendered":"<h2 data-start=\"225\" data-end=\"292\">Poste Delimitador con Banda Reflejante \u2013 Truper (C\u00f3digo 101666)<\/h2>\n<p data-start=\"294\" data-end=\"551\"><span class=\"relative -mx-px my-[-0.2rem] rounded px-px py-[0.2rem] transition-colors duration-100 ease-in-out\">Poste delimitador de 115 cm de altura, dise\u00f1ado para se\u00f1alizar y delimitar \u00e1reas de tr\u00e1nsito, obras en construcci\u00f3n y zonas de mantenimiento.<\/span> <span class=\"relative -mx-px my-[-0.2rem] rounded px-px py-[0.2rem] transition-colors duration-100 ease-in-out\">Fabricado con cuerpo de polietileno y base hexagonal de polipropileno, ofrece alta resistencia y estabilidad.<\/span> <span class=\"relative -mx-px my-[-0.2rem] rounded px-px py-[0.2rem] transition-colors duration-100 ease-in-out\">Equipado con banda reflejante de 10 cm para mayor visibilidad, incluso en condiciones de poca luz.<\/span> <span class=\"relative -mx-px my-[-0.2rem] rounded px-px py-[0.2rem] transition-colors duration-100 ease-in-out\">Cuenta con gancho para colocar cintas, cadenas o barras, facilitando su uso en diversas aplicaciones.<\/span><\/p>\n<hr data-start=\"553\" data-end=\"556\" \/>\n<h3 data-start=\"558\" data-end=\"589\">Caracter\u00edsticas principales<\/h3>\n<ul data-start=\"591\" data-end=\"1212\">\n<li data-start=\"591\" data-end=\"659\">\n<p data-start=\"593\" data-end=\"659\"><strong data-start=\"593\" data-end=\"617\">Material del cuerpo:<\/strong> <span class=\"relative -mx-px my-[-0.2rem] rounded px-px py-[0.2rem] transition-colors duration-100 ease-in-out\">Polietileno de alta densidad.<\/span><\/p>\n<\/li>\n<li data-start=\"660\" data-end=\"728\">\n<p data-start=\"662\" data-end=\"728\"><strong data-start=\"662\" data-end=\"686\">Material de la base:<\/strong> <span class=\"relative -mx-px my-[-0.2rem] rounded px-px py-[0.2rem] transition-colors duration-100 ease-in-out\">Polipropileno, con dise\u00f1o hexagonal para mayor estabilidad.<\/span><\/p>\n<\/li>\n<li data-start=\"729\" data-end=\"790\">\n<p data-start=\"731\" data-end=\"790\"><strong data-start=\"731\" data-end=\"748\">Altura total:<\/strong> <span class=\"relative -mx-px my-[-0.2rem] rounded px-px py-[0.2rem] transition-colors duration-100 ease-in-out\">115 cm.<\/span><\/p>\n<\/li>\n<li data-start=\"791\" data-end=\"859\">\n<p data-start=\"793\" data-end=\"859\"><strong data-start=\"793\" data-end=\"817\">Di\u00e1metro de la base:<\/strong> <span class=\"relative -mx-px my-[-0.2rem] rounded px-px py-[0.2rem] transition-colors duration-100 ease-in-out\">43 cm.<\/span><\/p>\n<\/li>\n<li data-start=\"860\" data-end=\"925\">\n<p data-start=\"862\" data-end=\"925\"><strong data-start=\"862\" data-end=\"883\">Banda reflejante:<\/strong> <span class=\"relative -mx-px my-[-0.2rem] rounded px-px py-[0.2rem] transition-colors duration-100 ease-in-out\">10 cm de altura, para visibilidad en condiciones de poca luz.<\/span><\/p>\n<\/li>\n<li data-start=\"926\" data-end=\"979\">\n<p data-start=\"928\" data-end=\"979\"><strong data-start=\"928\" data-end=\"937\">Peso:<\/strong> <span class=\"relative -mx-px my-[-0.2rem] rounded px-px py-[0.2rem] transition-colors duration-100 ease-in-out\">6.8 kg.<\/span><\/p>\n<\/li>\n<li data-start=\"980\" data-end=\"1047\">\n<p data-start=\"982\" data-end=\"1047\"><strong data-start=\"982\" data-end=\"1005\">Gancho incorporado:<\/strong> <span class=\"relative -mx-px my-[-0.2rem] rounded px-px py-[0.2rem] transition-colors duration-100 ease-in-out\">Para colocar cintas, cadenas o barras.<\/span><\/p>\n<\/li>\n<li data-start=\"1048\" data-end=\"1110\">\n<p data-start=\"1050\" data-end=\"1110\"><strong data-start=\"1050\" data-end=\"1068\">Protecci\u00f3n UV:<\/strong> <span class=\"relative -mx-px my-[-0.2rem] rounded px-px py-[0.2rem] transition-colors duration-100 ease-in-out\">S\u00ed, para mayor durabilidad.<\/span><\/p>\n<\/li>\n<li data-start=\"1111\" data-end=\"1212\">\n<p data-start=\"1113\" data-end=\"1212\"><strong data-start=\"1113\" data-end=\"1133\">Uso recomendado:<\/strong> <span class=\"relative -mx-px my-[-0.2rem] rounded px-px py-[0.2rem] transition-colors duration-100 ease-in-out\">Delimitaci\u00f3n de \u00e1reas de tr\u00e1nsito, obras en construcci\u00f3n y mantenimiento.<\/span><\/p>\n<\/li>\n<\/ul>\n<hr data-start=\"1214\" data-end=\"1217\" \/>\n<h3 data-start=\"1219\" data-end=\"1248\">Especificaciones t\u00e9cnicas<\/h3>\n<div class=\"_tableContainer_1rjym_1\">\n<div class=\"_tableWrapper_1rjym_13 group flex w-fit flex-col-reverse\" tabindex=\"-1\">\n<table class=\"w-fit min-w-(--thread-content-width)\" data-start=\"1250\" data-end=\"2289\">\n<thead data-start=\"1250\" data-end=\"1330\">\n<tr data-start=\"1250\" data-end=\"1330\">\n<th data-start=\"1250\" data-end=\"1282\" data-col-size=\"sm\">Especificaci\u00f3n<\/th>\n<th data-start=\"1282\" data-end=\"1330\" data-col-size=\"sm\">Detalle<\/th>\n<\/tr>\n<\/thead>\n<tbody data-start=\"1412\" data-end=\"2289\">\n<tr data-start=\"1412\" data-end=\"1555\">\n<td data-start=\"1412\" data-end=\"1473\" data-col-size=\"sm\"><span class=\"relative -mx-px my-[-0.2rem] rounded px-px py-[0.2rem] transition-colors duration-100 ease-in-out\"><strong data-start=\"0\" data-end=\"10\" data-is-last-node=\"\" data-is-only-node=\"\">C\u00f3digo<\/strong><\/span><\/td>\n<td data-col-size=\"sm\" data-start=\"1473\" data-end=\"1555\"><span class=\"relative -mx-px my-[-0.2rem] rounded px-px py-[0.2rem] transition-colors duration-100 ease-in-out\">101666<\/span><\/td>\n<\/tr>\n<tr data-start=\"1556\" data-end=\"1699\">\n<td data-start=\"1556\" data-end=\"1618\" data-col-size=\"sm\"><span class=\"relative -mx-px my-[-0.2rem] rounded px-px py-[0.2rem] transition-colors duration-100 ease-in-out\"><strong data-start=\"0\" data-end=\"9\" data-is-last-node=\"\" data-is-only-node=\"\">Clave<\/strong><\/span><\/td>\n<td data-col-size=\"sm\" data-start=\"1618\" data-end=\"1699\"><span class=\"relative -mx-px my-[-0.2rem] rounded px-px py-[0.2rem] transition-colors duration-100 ease-in-out\">POS-115<\/span><\/td>\n<\/tr>\n<tr data-start=\"1700\" data-end=\"1837\">\n<td data-start=\"1700\" data-end=\"1755\" data-col-size=\"sm\"><span class=\"relative -mx-px my-[-0.2rem] rounded px-px py-[0.2rem] transition-colors duration-100 ease-in-out\"><strong data-start=\"0\" data-end=\"16\" data-is-last-node=\"\" data-is-only-node=\"\">Altura total<\/strong><\/span><\/td>\n<td data-col-size=\"sm\" data-start=\"1755\" data-end=\"1837\"><span class=\"relative -mx-px my-[-0.2rem] rounded px-px py-[0.2rem] transition-colors duration-100 ease-in-out\">115 cm<\/span><\/td>\n<\/tr>\n<tr data-start=\"1838\" data-end=\"1969\">\n<td data-start=\"1838\" data-end=\"1886\" data-col-size=\"sm\"><span class=\"relative -mx-px my-[-0.2rem] rounded px-px py-[0.2rem] transition-colors duration-100 ease-in-out\"><strong data-start=\"0\" data-end=\"23\" data-is-last-node=\"\" data-is-only-node=\"\">Di\u00e1metro de la base<\/strong><\/span><\/td>\n<td data-start=\"1886\" data-end=\"1969\" data-col-size=\"sm\"><span class=\"relative -mx-px my-[-0.2rem] rounded px-px py-[0.2rem] transition-colors duration-100 ease-in-out\">43 cm<\/span><\/td>\n<\/tr>\n<tr data-start=\"1970\" data-end=\"2104\">\n<td data-start=\"1970\" data-end=\"2021\" data-col-size=\"sm\"><span class=\"relative -mx-px my-[-0.2rem] rounded px-px py-[0.2rem] transition-colors duration-100 ease-in-out\"><strong data-start=\"0\" data-end=\"20\" data-is-last-node=\"\" data-is-only-node=\"\">Banda reflejante<\/strong><\/span><\/td>\n<td data-col-size=\"sm\" data-start=\"2021\" data-end=\"2104\"><span class=\"relative -mx-px my-[-0.2rem] rounded px-px py-[0.2rem] transition-colors duration-100 ease-in-out\">10 cm<\/span><\/td>\n<\/tr>\n<tr data-start=\"2105\" data-end=\"2289\">\n<td data-start=\"2105\" data-end=\"2168\" data-col-size=\"sm\"><span class=\"relative -mx-px my-[-0.2rem] rounded px-px py-[0.2rem] transition-colors duration-100 ease-in-out\"><strong data-start=\"0\" data-end=\"8\" data-is-last-node=\"\" data-is-only-node=\"\">Peso<\/strong><\/span><\/td>\n<td data-start=\"2168\" data-end=\"2249\" data-col-size=\"sm\"><span class=\"relative -mx-px my-[-0.2rem] rounded px-px py-[0.2rem] transition-colors duration-100 ease-in-out\">6.8 kg<\/span><\/td>\n<\/tr>\n<\/tbody>\n<\/table>\n<p style=\"text-align: center;\">En\u00a0<strong data-start=\"82\" data-end=\"115\">Distribuidor Panel Rey M\u00e9xico<\/strong> encuentras calidad y confianza en productos <strong>Acero.<\/strong><br data-start=\"173\" data-end=\"176\" \/>\u2705 Env\u00edos a toda la Rep\u00fablica Mexicana. \u00a1Pregunta por nuestras promociones vigentes!<br data-start=\"259\" data-end=\"262\" data-is-only-node=\"\" \/>\u2705 Todos los precios incluyen IVA (sujetos a cambio sin previo aviso).<br data-start=\"331\" data-end=\"334\" \/>\u2705 Im\u00e1genes ilustrativas, el producto final puede presentar ligeras variaciones.<br data-start=\"413\" data-end=\"416\" \/>\ud83d\udcac \u00bfTienes dudas? Escr\u00edbenos por\u00a0<a href=\"https:\/\/www.facebook.com\/mexicopanelrey\">Facebook<\/a>\u00a0o\u00a0<a href=\"https:\/\/www.instagram.com\/panel_rey_mexico\/\">Instagram<\/a>.<br data-start=\"470\" data-end=\"473\" \/>\ud83d\udcde Tel:\u00a0<a href=\"tel:55 7397 6243\">55 7397 6243<\/a>\u00a0| WhatsApp:\u00a0<a href=\"https:\/\/api.whatsapp.com\/send?phone=525573976243\">5573976243<\/a><br data-start=\"518\" data-end=\"521\" \/>\ud83d\udce7\u00a0<a class=\"cursor-pointer\" href=\"mailto:ventas@distribuidorpanelrey.com\" rel=\"noopener\" data-start=\"524\" data-end=\"555\">ventas@distribuidorpanelrey.com<\/a><\/p>\n<\/div>\n<\/div>\n","protected":false},"excerpt":{"rendered":"<h4 style=\"text-align: center;\">Env\u00edos de 24 a 48 hr CDMX Y EDO MEX<\/h4>\n<p style=\"text-align: center;\">Rese\u00f1as\u00a0\u2605\u2605\u2605\u2605\u2605\u00a0 Env\u00edos Garantizados<\/p>\n<h4 style=\"text-align: center;\">\ud83d\udd25LOS MEJORES PRECIOS \ud83d\udd25<\/h4>\n","protected":false},"featured_media":5424,"comment_status":"closed","ping_status":"closed","template":"","meta":[],"product_brand":[562],"product_cat":[548,1013],"product_tag":[1016,1017,1015,46,1014,1018,361],"class_list":{"0":"post-5426","1":"product","2":"type-product","3":"status-publish","4":"has-post-thumbnail","6":"product_brand-truper","7":"product_cat-accesorios-y-herramientas","8":"product_cat-seguridad","9":"product_tag-115cm-de-alto","10":"product_tag-con-base","11":"product_tag-delimitador","12":"product_tag-poste","13":"product_tag-poste-delimitador-de-115cm-de-alto-con-base-y-reflajante","14":"product_tag-reflajante","15":"product_tag-truper","17":"first","18":"instock","19":"shipping-taxable","20":"purchasable","21":"product-type-simple"},"yoast_head":"<!-- This site is optimized with the Yoast SEO plugin v27.1.1 - https:\/\/yoast.com\/product\/yoast-seo-wordpress\/ -->\n<title>POSTE DELIMITADOR DE 115cm DE ALTO - PANEL REY MEXICO<\/title>\n<meta name=\"description\" content=\"Poste delimitador Truper de 115 cm con base hexagonal y banda reflejante. Ideal para se\u00f1alizaci\u00f3n y delimitaci\u00f3n de \u00e1reas de tr\u00e1nsito. C\u00f3digo 101666.\" \/>\n<meta name=\"robots\" content=\"index, follow, max-snippet:-1, max-image-preview:large, max-video-preview:-1\" \/>\n<link rel=\"canonical\" href=\"https:\/\/distribuidorpanelrey.com.mx\/producto\/poste-delimitador-de-115cm-de-alto\/\" \/>\n<meta property=\"og:locale\" content=\"es_ES\" \/>\n<meta property=\"og:type\" content=\"article\" \/>\n<meta property=\"og:title\" content=\"POSTE DELIMITADOR DE 115cm DE ALTO - PANEL REY MEXICO\" \/>\n<meta property=\"og:description\" content=\"Poste delimitador Truper de 115 cm con base hexagonal y banda reflejante. Ideal para se\u00f1alizaci\u00f3n y delimitaci\u00f3n de \u00e1reas de tr\u00e1nsito. C\u00f3digo 101666.\" \/>\n<meta property=\"og:url\" content=\"https:\/\/distribuidorpanelrey.com.mx\/producto\/poste-delimitador-de-115cm-de-alto\/\" \/>\n<meta property=\"og:site_name\" content=\"PANEL REY MEXICO\" \/>\n<meta property=\"article:publisher\" content=\"https:\/\/www.facebook.com\/mexicopanelrey\/?locale=es_LA\" \/>\n<meta property=\"article:modified_time\" content=\"2025-08-18T04:24:36+00:00\" \/>\n<meta property=\"og:image\" content=\"https:\/\/distribuidorpanelrey.com.mx\/wp-content\/uploads\/2025\/08\/POSTE-101666.webp\" \/>\n\t<meta property=\"og:image:width\" content=\"1800\" \/>\n\t<meta property=\"og:image:height\" content=\"1800\" \/>\n\t<meta property=\"og:image:type\" content=\"image\/webp\" \/>\n<meta name=\"twitter:card\" content=\"summary_large_image\" \/>\n<meta name=\"twitter:label1\" content=\"Tiempo de lectura\" \/>\n\t<meta name=\"twitter:data1\" content=\"2 minutos\" \/>\n<script type=\"application\/ld+json\" class=\"yoast-schema-graph\">{\"@context\":\"https:\/\/schema.org\",\"@graph\":[{\"@type\":\"WebPage\",\"@id\":\"https:\/\/distribuidorpanelrey.com.mx\/producto\/poste-delimitador-de-115cm-de-alto\/\",\"url\":\"https:\/\/distribuidorpanelrey.com.mx\/producto\/poste-delimitador-de-115cm-de-alto\/\",\"name\":\"POSTE DELIMITADOR DE 115cm DE ALTO - PANEL REY MEXICO\",\"isPartOf\":{\"@id\":\"https:\/\/distribuidorpanelrey.com\/#website\"},\"primaryImageOfPage\":{\"@id\":\"https:\/\/distribuidorpanelrey.com.mx\/producto\/poste-delimitador-de-115cm-de-alto\/#primaryimage\"},\"image\":{\"@id\":\"https:\/\/distribuidorpanelrey.com.mx\/producto\/poste-delimitador-de-115cm-de-alto\/#primaryimage\"},\"thumbnailUrl\":\"https:\/\/distribuidorpanelrey.com.mx\/wp-content\/uploads\/2025\/08\/POSTE-101666.webp\",\"datePublished\":\"2025-08-09T20:43:50+00:00\",\"dateModified\":\"2025-08-18T04:24:36+00:00\",\"description\":\"Poste delimitador Truper de 115 cm con base hexagonal y banda reflejante. Ideal para se\u00f1alizaci\u00f3n y delimitaci\u00f3n de \u00e1reas de tr\u00e1nsito. C\u00f3digo 101666.\",\"breadcrumb\":{\"@id\":\"https:\/\/distribuidorpanelrey.com.mx\/producto\/poste-delimitador-de-115cm-de-alto\/#breadcrumb\"},\"inLanguage\":\"es\",\"potentialAction\":[{\"@type\":\"ReadAction\",\"target\":[\"https:\/\/distribuidorpanelrey.com.mx\/producto\/poste-delimitador-de-115cm-de-alto\/\"]}]},{\"@type\":\"ImageObject\",\"inLanguage\":\"es\",\"@id\":\"https:\/\/distribuidorpanelrey.com.mx\/producto\/poste-delimitador-de-115cm-de-alto\/#primaryimage\",\"url\":\"https:\/\/distribuidorpanelrey.com.mx\/wp-content\/uploads\/2025\/08\/POSTE-101666.webp\",\"contentUrl\":\"https:\/\/distribuidorpanelrey.com.mx\/wp-content\/uploads\/2025\/08\/POSTE-101666.webp\",\"width\":1800,\"height\":1800},{\"@type\":\"BreadcrumbList\",\"@id\":\"https:\/\/distribuidorpanelrey.com.mx\/producto\/poste-delimitador-de-115cm-de-alto\/#breadcrumb\",\"itemListElement\":[{\"@type\":\"ListItem\",\"position\":1,\"name\":\"Portada\",\"item\":\"https:\/\/distribuidorpanelrey.com.mx\/\"},{\"@type\":\"ListItem\",\"position\":2,\"name\":\"Productos\",\"item\":\"https:\/\/distribuidorpanelrey.com\/tienda\/\"},{\"@type\":\"ListItem\",\"position\":3,\"name\":\"POSTE DELIMITADOR DE 115cm DE ALTO\"}]},{\"@type\":\"WebSite\",\"@id\":\"https:\/\/distribuidorpanelrey.com\/#website\",\"url\":\"https:\/\/distribuidorpanelrey.com\/\",\"name\":\"PANEL REY MEXICO\",\"description\":\"DISTRIBUIDOR PANEL REY\",\"publisher\":{\"@id\":\"https:\/\/distribuidorpanelrey.com\/#organization\"},\"alternateName\":\"DISTRIBUIDOR PANEL REY\",\"potentialAction\":[{\"@type\":\"SearchAction\",\"target\":{\"@type\":\"EntryPoint\",\"urlTemplate\":\"https:\/\/distribuidorpanelrey.com\/?s={search_term_string}\"},\"query-input\":{\"@type\":\"PropertyValueSpecification\",\"valueRequired\":true,\"valueName\":\"search_term_string\"}}],\"inLanguage\":\"es\"},{\"@type\":\"Organization\",\"@id\":\"https:\/\/distribuidorpanelrey.com\/#organization\",\"name\":\"PANEL REY MEXICO\",\"url\":\"https:\/\/distribuidorpanelrey.com\/\",\"logo\":{\"@type\":\"ImageObject\",\"inLanguage\":\"es\",\"@id\":\"https:\/\/distribuidorpanelrey.com\/#\/schema\/logo\/image\/\",\"url\":\"https:\/\/distribuidorpanelrey.com.mx\/wp-content\/uploads\/2023\/11\/panelrey.webp\",\"contentUrl\":\"https:\/\/distribuidorpanelrey.com.mx\/wp-content\/uploads\/2023\/11\/panelrey.webp\",\"width\":400,\"height\":150,\"caption\":\"PANEL REY MEXICO\"},\"image\":{\"@id\":\"https:\/\/distribuidorpanelrey.com\/#\/schema\/logo\/image\/\"},\"sameAs\":[\"https:\/\/www.facebook.com\/mexicopanelrey\/?locale=es_LA\",\"https:\/\/www.instagram.com\/panel_rey_mexico\/?hl=es\"]}]}<\/script>\n<!-- \/ Yoast SEO plugin. -->","yoast_head_json":{"title":"POSTE DELIMITADOR DE 115cm DE ALTO - PANEL REY MEXICO","description":"Poste delimitador Truper de 115 cm con base hexagonal y banda reflejante. Ideal para se\u00f1alizaci\u00f3n y delimitaci\u00f3n de \u00e1reas de tr\u00e1nsito. C\u00f3digo 101666.","robots":{"index":"index","follow":"follow","max-snippet":"max-snippet:-1","max-image-preview":"max-image-preview:large","max-video-preview":"max-video-preview:-1"},"canonical":"https:\/\/distribuidorpanelrey.com.mx\/producto\/poste-delimitador-de-115cm-de-alto\/","og_locale":"es_ES","og_type":"article","og_title":"POSTE DELIMITADOR DE 115cm DE ALTO - PANEL REY MEXICO","og_description":"Poste delimitador Truper de 115 cm con base hexagonal y banda reflejante. Ideal para se\u00f1alizaci\u00f3n y delimitaci\u00f3n de \u00e1reas de tr\u00e1nsito. C\u00f3digo 101666.","og_url":"https:\/\/distribuidorpanelrey.com.mx\/producto\/poste-delimitador-de-115cm-de-alto\/","og_site_name":"PANEL REY MEXICO","article_publisher":"https:\/\/www.facebook.com\/mexicopanelrey\/?locale=es_LA","article_modified_time":"2025-08-18T04:24:36+00:00","og_image":[{"width":1800,"height":1800,"url":"https:\/\/distribuidorpanelrey.com.mx\/wp-content\/uploads\/2025\/08\/POSTE-101666.webp","type":"image\/webp"}],"twitter_card":"summary_large_image","twitter_misc":{"Tiempo de lectura":"2 minutos"},"schema":{"@context":"https:\/\/schema.org","@graph":[{"@type":"WebPage","@id":"https:\/\/distribuidorpanelrey.com.mx\/producto\/poste-delimitador-de-115cm-de-alto\/","url":"https:\/\/distribuidorpanelrey.com.mx\/producto\/poste-delimitador-de-115cm-de-alto\/","name":"POSTE DELIMITADOR DE 115cm DE ALTO - PANEL REY MEXICO","isPartOf":{"@id":"https:\/\/distribuidorpanelrey.com\/#website"},"primaryImageOfPage":{"@id":"https:\/\/distribuidorpanelrey.com.mx\/producto\/poste-delimitador-de-115cm-de-alto\/#primaryimage"},"image":{"@id":"https:\/\/distribuidorpanelrey.com.mx\/producto\/poste-delimitador-de-115cm-de-alto\/#primaryimage"},"thumbnailUrl":"https:\/\/distribuidorpanelrey.com.mx\/wp-content\/uploads\/2025\/08\/POSTE-101666.webp","datePublished":"2025-08-09T20:43:50+00:00","dateModified":"2025-08-18T04:24:36+00:00","description":"Poste delimitador Truper de 115 cm con base hexagonal y banda reflejante. Ideal para se\u00f1alizaci\u00f3n y delimitaci\u00f3n de \u00e1reas de tr\u00e1nsito. C\u00f3digo 101666.","breadcrumb":{"@id":"https:\/\/distribuidorpanelrey.com.mx\/producto\/poste-delimitador-de-115cm-de-alto\/#breadcrumb"},"inLanguage":"es","potentialAction":[{"@type":"ReadAction","target":["https:\/\/distribuidorpanelrey.com.mx\/producto\/poste-delimitador-de-115cm-de-alto\/"]}]},{"@type":"ImageObject","inLanguage":"es","@id":"https:\/\/distribuidorpanelrey.com.mx\/producto\/poste-delimitador-de-115cm-de-alto\/#primaryimage","url":"https:\/\/distribuidorpanelrey.com.mx\/wp-content\/uploads\/2025\/08\/POSTE-101666.webp","contentUrl":"https:\/\/distribuidorpanelrey.com.mx\/wp-content\/uploads\/2025\/08\/POSTE-101666.webp","width":1800,"height":1800},{"@type":"BreadcrumbList","@id":"https:\/\/distribuidorpanelrey.com.mx\/producto\/poste-delimitador-de-115cm-de-alto\/#breadcrumb","itemListElement":[{"@type":"ListItem","position":1,"name":"Portada","item":"https:\/\/distribuidorpanelrey.com.mx\/"},{"@type":"ListItem","position":2,"name":"Productos","item":"https:\/\/distribuidorpanelrey.com\/tienda\/"},{"@type":"ListItem","position":3,"name":"POSTE DELIMITADOR DE 115cm DE ALTO"}]},{"@type":"WebSite","@id":"https:\/\/distribuidorpanelrey.com\/#website","url":"https:\/\/distribuidorpanelrey.com\/","name":"PANEL REY MEXICO","description":"DISTRIBUIDOR PANEL REY","publisher":{"@id":"https:\/\/distribuidorpanelrey.com\/#organization"},"alternateName":"DISTRIBUIDOR PANEL REY","potentialAction":[{"@type":"SearchAction","target":{"@type":"EntryPoint","urlTemplate":"https:\/\/distribuidorpanelrey.com\/?s={search_term_string}"},"query-input":{"@type":"PropertyValueSpecification","valueRequired":true,"valueName":"search_term_string"}}],"inLanguage":"es"},{"@type":"Organization","@id":"https:\/\/distribuidorpanelrey.com\/#organization","name":"PANEL REY MEXICO","url":"https:\/\/distribuidorpanelrey.com\/","logo":{"@type":"ImageObject","inLanguage":"es","@id":"https:\/\/distribuidorpanelrey.com\/#\/schema\/logo\/image\/","url":"https:\/\/distribuidorpanelrey.com.mx\/wp-content\/uploads\/2023\/11\/panelrey.webp","contentUrl":"https:\/\/distribuidorpanelrey.com.mx\/wp-content\/uploads\/2023\/11\/panelrey.webp","width":400,"height":150,"caption":"PANEL REY MEXICO"},"image":{"@id":"https:\/\/distribuidorpanelrey.com\/#\/schema\/logo\/image\/"},"sameAs":["https:\/\/www.facebook.com\/mexicopanelrey\/?locale=es_LA","https:\/\/www.instagram.com\/panel_rey_mexico\/?hl=es"]}]}},"_links":{"self":[{"href":"https:\/\/distribuidorpanelrey.com.mx\/wp-json\/wp\/v2\/product\/5426","targetHints":{"allow":["GET"]}}],"collection":[{"href":"https:\/\/distribuidorpanelrey.com.mx\/wp-json\/wp\/v2\/product"}],"about":[{"href":"https:\/\/distribuidorpanelrey.com.mx\/wp-json\/wp\/v2\/types\/product"}],"replies":[{"embeddable":true,"href":"https:\/\/distribuidorpanelrey.com.mx\/wp-json\/wp\/v2\/comments?post=5426"}],"version-history":[{"count":1,"href":"https:\/\/distribuidorpanelrey.com.mx\/wp-json\/wp\/v2\/product\/5426\/revisions"}],"predecessor-version":[{"id":5427,"href":"https:\/\/distribuidorpanelrey.com.mx\/wp-json\/wp\/v2\/product\/5426\/revisions\/5427"}],"wp:featuredmedia":[{"embeddable":true,"href":"https:\/\/distribuidorpanelrey.com.mx\/wp-json\/wp\/v2\/media\/5424"}],"wp:attachment":[{"href":"https:\/\/distribuidorpanelrey.com.mx\/wp-json\/wp\/v2\/media?parent=5426"}],"wp:term":[{"taxonomy":"product_brand","embeddable":true,"href":"https:\/\/distribuidorpanelrey.com.mx\/wp-json\/wp\/v2\/product_brand?post=5426"},{"taxonomy":"product_cat","embeddable":true,"href":"https:\/\/distribuidorpanelrey.com.mx\/wp-json\/wp\/v2\/product_cat?post=5426"},{"taxonomy":"product_tag","embeddable":true,"href":"https:\/\/distribuidorpanelrey.com.mx\/wp-json\/wp\/v2\/product_tag?post=5426"}],"curies":[{"name":"wp","href":"https:\/\/api.w.org\/{rel}","templated":true}]}}