{"id":5451,"date":"2025-08-09T21:14:42","date_gmt":"2025-08-09T21:14:42","guid":{"rendered":"https:\/\/distribuidorpanelrey.com.mx\/?post_type=product&#038;p=5451"},"modified":"2025-08-18T04:21:21","modified_gmt":"2025-08-18T04:21:21","slug":"casco-de-seguridad-ajuste-de-intervalos-amarillo","status":"publish","type":"product","link":"https:\/\/distribuidorpanelrey.com.mx\/producto\/casco-de-seguridad-ajuste-de-intervalos-amarillo\/","title":{"rendered":"CASCO DE SEGURIDAD AJUSTE DE INTERVALOS AMARILLO"},"content":{"rendered":"<h2 data-start=\"202\" data-end=\"285\">Casco de Seguridad Amarillo con Ajuste de Intervalos \u2013 Truper (C\u00f3digo 25037)<\/h2>\n<p data-start=\"287\" data-end=\"833\">Casco de seguridad amarillo fabricado en polietileno de alta densidad. Cumple con la norma NOM-115-STPS. Dise\u00f1o tipo cachucha con ajuste de intervalos, ofreciendo comodidad y ligereza. Clase G: resiste una tensi\u00f3n el\u00e9ctrica de hasta 2,200 V. Ideal para protecci\u00f3n contra impactos de objetos en ca\u00edda. Empaque individual en granel, con 192 unidades por pallet. Garant\u00eda contra defectos de fabricaci\u00f3n o mano de obra. Disponible en otros colores: naranja, blanco, azul, verde y rojo.<\/p>\n<hr data-start=\"835\" data-end=\"838\" \/>\n<h3 data-start=\"840\" data-end=\"875\">\ud83d\udee0\ufe0f Caracter\u00edsticas principales<\/h3>\n<ul data-start=\"877\" data-end=\"1403\">\n<li data-start=\"877\" data-end=\"922\">\n<p data-start=\"879\" data-end=\"922\"><strong data-start=\"879\" data-end=\"892\">Material:<\/strong> Polietileno de alta densidad.<\/p>\n<\/li>\n<li data-start=\"923\" data-end=\"945\">\n<p data-start=\"925\" data-end=\"945\"><strong data-start=\"925\" data-end=\"935\">Color:<\/strong> Amarillo.<\/p>\n<\/li>\n<li data-start=\"946\" data-end=\"992\">\n<p data-start=\"948\" data-end=\"992\"><strong data-start=\"948\" data-end=\"958\">Norma:<\/strong> Cumple con la norma NOM-115-STPS.<\/p>\n<\/li>\n<li data-start=\"993\" data-end=\"1057\">\n<p data-start=\"995\" data-end=\"1057\"><strong data-start=\"995\" data-end=\"1004\">Tipo:<\/strong> Tipo 1 (protege contra impacto de objetos en ca\u00edda).<\/p>\n<\/li>\n<li data-start=\"1058\" data-end=\"1122\">\n<p data-start=\"1060\" data-end=\"1122\"><strong data-start=\"1060\" data-end=\"1070\">Clase:<\/strong> G (resiste una tensi\u00f3n el\u00e9ctrica de hasta 2,200 V).<\/p>\n<\/li>\n<li data-start=\"1123\" data-end=\"1176\">\n<p data-start=\"1125\" data-end=\"1176\"><strong data-start=\"1125\" data-end=\"1136\">Dise\u00f1o:<\/strong> Tipo cachucha con ajuste de intervalos.<\/p>\n<\/li>\n<li data-start=\"1177\" data-end=\"1300\">\n<p data-start=\"1179\" data-end=\"1300\"><strong data-start=\"1179\" data-end=\"1199\">Uso recomendado:<\/strong> Obras de construcci\u00f3n, mantenimiento industrial y actividades que requieran protecci\u00f3n en la cabeza.<\/p>\n<\/li>\n<li data-start=\"1301\" data-end=\"1403\">\n<p data-start=\"1303\" data-end=\"1403\"><strong data-start=\"1303\" data-end=\"1316\">Garant\u00eda:<\/strong> Contra defectos de fabricaci\u00f3n o mano de obra.<\/p>\n<\/li>\n<\/ul>\n<hr data-start=\"1405\" data-end=\"1408\" \/>\n<h3 data-start=\"1410\" data-end=\"1442\">\ud83d\udcd0 Especificaciones t\u00e9cnicas<\/h3>\n<div class=\"_tableContainer_1rjym_1\">\n<div class=\"_tableWrapper_1rjym_13 group flex w-fit flex-col-reverse\" tabindex=\"-1\">\n<table class=\"w-fit min-w-(--thread-content-width)\" data-start=\"1444\" data-end=\"2525\">\n<thead data-start=\"1444\" data-end=\"1524\">\n<tr data-start=\"1444\" data-end=\"1524\">\n<th data-start=\"1444\" data-end=\"1476\" data-col-size=\"sm\">Especificaci\u00f3n<\/th>\n<th data-start=\"1476\" data-end=\"1524\" data-col-size=\"md\">Detalle<\/th>\n<\/tr>\n<\/thead>\n<tbody data-start=\"1606\" data-end=\"2525\">\n<tr data-start=\"1606\" data-end=\"1686\">\n<td data-start=\"1606\" data-end=\"1638\" data-col-size=\"sm\"><strong data-start=\"1608\" data-end=\"1618\">C\u00f3digo<\/strong><\/td>\n<td data-start=\"1638\" data-end=\"1686\" data-col-size=\"md\">25037<\/td>\n<\/tr>\n<tr data-start=\"1687\" data-end=\"1767\">\n<td data-start=\"1687\" data-end=\"1719\" data-col-size=\"sm\"><strong data-start=\"1689\" data-end=\"1698\">Clave<\/strong><\/td>\n<td data-start=\"1719\" data-end=\"1767\" data-col-size=\"md\">CAS-AP<\/td>\n<\/tr>\n<tr data-start=\"1768\" data-end=\"1848\">\n<td data-start=\"1768\" data-end=\"1800\" data-col-size=\"sm\"><strong data-start=\"1770\" data-end=\"1779\">Color<\/strong><\/td>\n<td data-start=\"1800\" data-end=\"1848\" data-col-size=\"md\">Amarillo<\/td>\n<\/tr>\n<tr data-start=\"1849\" data-end=\"1929\">\n<td data-start=\"1849\" data-end=\"1881\" data-col-size=\"sm\"><strong data-start=\"1851\" data-end=\"1863\">Material<\/strong><\/td>\n<td data-start=\"1881\" data-end=\"1929\" data-col-size=\"md\">Polietileno de alta densidad<\/td>\n<\/tr>\n<tr data-start=\"1930\" data-end=\"2010\">\n<td data-start=\"1930\" data-end=\"1962\" data-col-size=\"sm\"><strong data-start=\"1932\" data-end=\"1941\">Norma<\/strong><\/td>\n<td data-start=\"1962\" data-end=\"2010\" data-col-size=\"md\">NOM-115-STPS<\/td>\n<\/tr>\n<tr data-start=\"2011\" data-end=\"2098\">\n<td data-start=\"2011\" data-end=\"2043\" data-col-size=\"sm\"><strong data-start=\"2013\" data-end=\"2021\">Tipo<\/strong><\/td>\n<td data-start=\"2043\" data-end=\"2098\" data-col-size=\"md\">Tipo 1 (protege contra impacto de objetos en ca\u00edda)<\/td>\n<\/tr>\n<tr data-start=\"2099\" data-end=\"2185\">\n<td data-start=\"2099\" data-end=\"2131\" data-col-size=\"sm\"><strong data-start=\"2101\" data-end=\"2110\">Clase<\/strong><\/td>\n<td data-start=\"2131\" data-end=\"2185\" data-col-size=\"md\">G (resiste una tensi\u00f3n el\u00e9ctrica de hasta 2,200 V)<\/td>\n<\/tr>\n<tr data-start=\"2186\" data-end=\"2267\">\n<td data-start=\"2186\" data-end=\"2218\" data-col-size=\"sm\"><strong data-start=\"2188\" data-end=\"2198\">Dise\u00f1o<\/strong><\/td>\n<td data-start=\"2218\" data-end=\"2267\" data-col-size=\"md\">Tipo cachucha con ajuste de intervalos<\/td>\n<\/tr>\n<tr data-start=\"2268\" data-end=\"2403\">\n<td data-start=\"2268\" data-end=\"2300\" data-col-size=\"sm\"><strong data-start=\"2270\" data-end=\"2289\">Uso recomendado<\/strong><\/td>\n<td data-start=\"2300\" data-end=\"2403\" data-col-size=\"md\">Obras de construcci\u00f3n, mantenimiento industrial y actividades que requieran protecci\u00f3n en la cabeza<\/td>\n<\/tr>\n<\/tbody>\n<\/table>\n<p style=\"text-align: center;\">En\u00a0<strong data-start=\"82\" data-end=\"115\">Distribuidor Panel Rey M\u00e9xico<\/strong> encuentras calidad y confianza en productos <strong>Acero.<\/strong><br data-start=\"173\" data-end=\"176\" \/>\u2705 Env\u00edos a toda la Rep\u00fablica Mexicana. \u00a1Pregunta por nuestras promociones vigentes!<br data-start=\"259\" data-end=\"262\" data-is-only-node=\"\" \/>\u2705 Todos los precios incluyen IVA (sujetos a cambio sin previo aviso).<br data-start=\"331\" data-end=\"334\" \/>\u2705 Im\u00e1genes ilustrativas, el producto final puede presentar ligeras variaciones.<br data-start=\"413\" data-end=\"416\" \/>\ud83d\udcac \u00bfTienes dudas? Escr\u00edbenos por\u00a0<a href=\"https:\/\/www.facebook.com\/mexicopanelrey\">Facebook<\/a>\u00a0o\u00a0<a href=\"https:\/\/www.instagram.com\/panel_rey_mexico\/\">Instagram<\/a>.<br data-start=\"470\" data-end=\"473\" \/>\ud83d\udcde Tel:\u00a0<a href=\"tel:55 7397 6243\">55 7397 6243<\/a>\u00a0| WhatsApp:\u00a0<a href=\"https:\/\/api.whatsapp.com\/send?phone=525573976243\">5573976243<\/a><br data-start=\"518\" data-end=\"521\" \/>\ud83d\udce7\u00a0<a class=\"cursor-pointer\" href=\"mailto:ventas@distribuidorpanelrey.com\" rel=\"noopener\" data-start=\"524\" data-end=\"555\">ventas@distribuidorpanelrey.com<\/a><\/p>\n<\/div>\n<\/div>\n","protected":false},"excerpt":{"rendered":"<h4 style=\"text-align: center;\">Env\u00edos de 24 a 48 hr CDMX Y EDO MEX<\/h4>\n<p style=\"text-align: center;\">Rese\u00f1as\u00a0\u2605\u2605\u2605\u2605\u2605\u00a0 Env\u00edos Garantizados<\/p>\n<h4 style=\"text-align: center;\">\ud83d\udd25LOS MEJORES PRECIOS \ud83d\udd25<\/h4>\n","protected":false},"featured_media":5437,"comment_status":"closed","ping_status":"closed","template":"","meta":[],"product_brand":[709],"product_cat":[548,1036],"product_tag":[1039,889,1038,1046,679],"class_list":{"0":"post-5451","1":"product","2":"type-product","3":"status-publish","4":"has-post-thumbnail","6":"product_brand-pretul","7":"product_cat-accesorios-y-herramientas","8":"product_cat-casco-de-seguridad","9":"product_tag-ajuste-de-intervalos","10":"product_tag-amarillo","11":"product_tag-casco-de-seguridad","12":"product_tag-casco-de-seguridad-ajuste-de-intervalos-amarillo","13":"product_tag-pretul","15":"first","16":"instock","17":"shipping-taxable","18":"purchasable","19":"product-type-simple"},"yoast_head":"<!-- This site is optimized with the Yoast SEO plugin v27.1.1 - https:\/\/yoast.com\/product\/yoast-seo-wordpress\/ -->\n<title>CASCO DE SEGURIDAD AJUSTE DE INTERVALOS AMARILLO - PANEL REY MEXICO<\/title>\n<meta name=\"description\" content=\"Casco de seguridad amarillo Truper, tipo cachucha con ajuste de intervalos. Cumple con la norma NOM-115-STPS y clase G (resiste hasta 2,200 V). Ideal para protecci\u00f3n en obras y actividades industriales.\" \/>\n<meta name=\"robots\" content=\"index, follow, max-snippet:-1, max-image-preview:large, max-video-preview:-1\" \/>\n<link rel=\"canonical\" href=\"https:\/\/distribuidorpanelrey.com.mx\/producto\/casco-de-seguridad-ajuste-de-intervalos-amarillo\/\" \/>\n<meta property=\"og:locale\" content=\"es_ES\" \/>\n<meta property=\"og:type\" content=\"article\" \/>\n<meta property=\"og:title\" content=\"CASCO DE SEGURIDAD AJUSTE DE INTERVALOS AMARILLO - PANEL REY MEXICO\" \/>\n<meta property=\"og:description\" content=\"Casco de seguridad amarillo Truper, tipo cachucha con ajuste de intervalos. Cumple con la norma NOM-115-STPS y clase G (resiste hasta 2,200 V). Ideal para protecci\u00f3n en obras y actividades industriales.\" \/>\n<meta property=\"og:url\" content=\"https:\/\/distribuidorpanelrey.com.mx\/producto\/casco-de-seguridad-ajuste-de-intervalos-amarillo\/\" \/>\n<meta property=\"og:site_name\" content=\"PANEL REY MEXICO\" \/>\n<meta property=\"article:publisher\" content=\"https:\/\/www.facebook.com\/mexicopanelrey\/?locale=es_LA\" \/>\n<meta property=\"article:modified_time\" content=\"2025-08-18T04:21:21+00:00\" \/>\n<meta property=\"og:image\" content=\"https:\/\/distribuidorpanelrey.com.mx\/wp-content\/uploads\/2025\/08\/CASCO-AMARILLO.webp\" \/>\n\t<meta property=\"og:image:width\" content=\"1800\" \/>\n\t<meta property=\"og:image:height\" content=\"1800\" \/>\n\t<meta property=\"og:image:type\" content=\"image\/webp\" \/>\n<meta name=\"twitter:card\" content=\"summary_large_image\" \/>\n<meta name=\"twitter:label1\" content=\"Tiempo de lectura\" \/>\n\t<meta name=\"twitter:data1\" content=\"2 minutos\" \/>\n<script type=\"application\/ld+json\" class=\"yoast-schema-graph\">{\"@context\":\"https:\/\/schema.org\",\"@graph\":[{\"@type\":\"WebPage\",\"@id\":\"https:\/\/distribuidorpanelrey.com.mx\/producto\/casco-de-seguridad-ajuste-de-intervalos-amarillo\/\",\"url\":\"https:\/\/distribuidorpanelrey.com.mx\/producto\/casco-de-seguridad-ajuste-de-intervalos-amarillo\/\",\"name\":\"CASCO DE SEGURIDAD AJUSTE DE INTERVALOS AMARILLO - PANEL REY MEXICO\",\"isPartOf\":{\"@id\":\"https:\/\/distribuidorpanelrey.com\/#website\"},\"primaryImageOfPage\":{\"@id\":\"https:\/\/distribuidorpanelrey.com.mx\/producto\/casco-de-seguridad-ajuste-de-intervalos-amarillo\/#primaryimage\"},\"image\":{\"@id\":\"https:\/\/distribuidorpanelrey.com.mx\/producto\/casco-de-seguridad-ajuste-de-intervalos-amarillo\/#primaryimage\"},\"thumbnailUrl\":\"https:\/\/distribuidorpanelrey.com.mx\/wp-content\/uploads\/2025\/08\/CASCO-AMARILLO.webp\",\"datePublished\":\"2025-08-09T21:14:42+00:00\",\"dateModified\":\"2025-08-18T04:21:21+00:00\",\"description\":\"Casco de seguridad amarillo Truper, tipo cachucha con ajuste de intervalos. Cumple con la norma NOM-115-STPS y clase G (resiste hasta 2,200 V). Ideal para protecci\u00f3n en obras y actividades industriales.\",\"breadcrumb\":{\"@id\":\"https:\/\/distribuidorpanelrey.com.mx\/producto\/casco-de-seguridad-ajuste-de-intervalos-amarillo\/#breadcrumb\"},\"inLanguage\":\"es\",\"potentialAction\":[{\"@type\":\"ReadAction\",\"target\":[\"https:\/\/distribuidorpanelrey.com.mx\/producto\/casco-de-seguridad-ajuste-de-intervalos-amarillo\/\"]}]},{\"@type\":\"ImageObject\",\"inLanguage\":\"es\",\"@id\":\"https:\/\/distribuidorpanelrey.com.mx\/producto\/casco-de-seguridad-ajuste-de-intervalos-amarillo\/#primaryimage\",\"url\":\"https:\/\/distribuidorpanelrey.com.mx\/wp-content\/uploads\/2025\/08\/CASCO-AMARILLO.webp\",\"contentUrl\":\"https:\/\/distribuidorpanelrey.com.mx\/wp-content\/uploads\/2025\/08\/CASCO-AMARILLO.webp\",\"width\":1800,\"height\":1800},{\"@type\":\"BreadcrumbList\",\"@id\":\"https:\/\/distribuidorpanelrey.com.mx\/producto\/casco-de-seguridad-ajuste-de-intervalos-amarillo\/#breadcrumb\",\"itemListElement\":[{\"@type\":\"ListItem\",\"position\":1,\"name\":\"Portada\",\"item\":\"https:\/\/distribuidorpanelrey.com.mx\/\"},{\"@type\":\"ListItem\",\"position\":2,\"name\":\"Productos\",\"item\":\"https:\/\/distribuidorpanelrey.com\/tienda\/\"},{\"@type\":\"ListItem\",\"position\":3,\"name\":\"CASCO DE SEGURIDAD AJUSTE DE INTERVALOS AMARILLO\"}]},{\"@type\":\"WebSite\",\"@id\":\"https:\/\/distribuidorpanelrey.com\/#website\",\"url\":\"https:\/\/distribuidorpanelrey.com\/\",\"name\":\"PANEL REY MEXICO\",\"description\":\"DISTRIBUIDOR PANEL REY\",\"publisher\":{\"@id\":\"https:\/\/distribuidorpanelrey.com\/#organization\"},\"alternateName\":\"DISTRIBUIDOR PANEL REY\",\"potentialAction\":[{\"@type\":\"SearchAction\",\"target\":{\"@type\":\"EntryPoint\",\"urlTemplate\":\"https:\/\/distribuidorpanelrey.com\/?s={search_term_string}\"},\"query-input\":{\"@type\":\"PropertyValueSpecification\",\"valueRequired\":true,\"valueName\":\"search_term_string\"}}],\"inLanguage\":\"es\"},{\"@type\":\"Organization\",\"@id\":\"https:\/\/distribuidorpanelrey.com\/#organization\",\"name\":\"PANEL REY MEXICO\",\"url\":\"https:\/\/distribuidorpanelrey.com\/\",\"logo\":{\"@type\":\"ImageObject\",\"inLanguage\":\"es\",\"@id\":\"https:\/\/distribuidorpanelrey.com\/#\/schema\/logo\/image\/\",\"url\":\"https:\/\/distribuidorpanelrey.com.mx\/wp-content\/uploads\/2023\/11\/panelrey.webp\",\"contentUrl\":\"https:\/\/distribuidorpanelrey.com.mx\/wp-content\/uploads\/2023\/11\/panelrey.webp\",\"width\":400,\"height\":150,\"caption\":\"PANEL REY MEXICO\"},\"image\":{\"@id\":\"https:\/\/distribuidorpanelrey.com\/#\/schema\/logo\/image\/\"},\"sameAs\":[\"https:\/\/www.facebook.com\/mexicopanelrey\/?locale=es_LA\",\"https:\/\/www.instagram.com\/panel_rey_mexico\/?hl=es\"]}]}<\/script>\n<!-- \/ Yoast SEO plugin. -->","yoast_head_json":{"title":"CASCO DE SEGURIDAD AJUSTE DE INTERVALOS AMARILLO - PANEL REY MEXICO","description":"Casco de seguridad amarillo Truper, tipo cachucha con ajuste de intervalos. Cumple con la norma NOM-115-STPS y clase G (resiste hasta 2,200 V). Ideal para protecci\u00f3n en obras y actividades industriales.","robots":{"index":"index","follow":"follow","max-snippet":"max-snippet:-1","max-image-preview":"max-image-preview:large","max-video-preview":"max-video-preview:-1"},"canonical":"https:\/\/distribuidorpanelrey.com.mx\/producto\/casco-de-seguridad-ajuste-de-intervalos-amarillo\/","og_locale":"es_ES","og_type":"article","og_title":"CASCO DE SEGURIDAD AJUSTE DE INTERVALOS AMARILLO - PANEL REY MEXICO","og_description":"Casco de seguridad amarillo Truper, tipo cachucha con ajuste de intervalos. Cumple con la norma NOM-115-STPS y clase G (resiste hasta 2,200 V). Ideal para protecci\u00f3n en obras y actividades industriales.","og_url":"https:\/\/distribuidorpanelrey.com.mx\/producto\/casco-de-seguridad-ajuste-de-intervalos-amarillo\/","og_site_name":"PANEL REY MEXICO","article_publisher":"https:\/\/www.facebook.com\/mexicopanelrey\/?locale=es_LA","article_modified_time":"2025-08-18T04:21:21+00:00","og_image":[{"width":1800,"height":1800,"url":"https:\/\/distribuidorpanelrey.com.mx\/wp-content\/uploads\/2025\/08\/CASCO-AMARILLO.webp","type":"image\/webp"}],"twitter_card":"summary_large_image","twitter_misc":{"Tiempo de lectura":"2 minutos"},"schema":{"@context":"https:\/\/schema.org","@graph":[{"@type":"WebPage","@id":"https:\/\/distribuidorpanelrey.com.mx\/producto\/casco-de-seguridad-ajuste-de-intervalos-amarillo\/","url":"https:\/\/distribuidorpanelrey.com.mx\/producto\/casco-de-seguridad-ajuste-de-intervalos-amarillo\/","name":"CASCO DE SEGURIDAD AJUSTE DE INTERVALOS AMARILLO - PANEL REY MEXICO","isPartOf":{"@id":"https:\/\/distribuidorpanelrey.com\/#website"},"primaryImageOfPage":{"@id":"https:\/\/distribuidorpanelrey.com.mx\/producto\/casco-de-seguridad-ajuste-de-intervalos-amarillo\/#primaryimage"},"image":{"@id":"https:\/\/distribuidorpanelrey.com.mx\/producto\/casco-de-seguridad-ajuste-de-intervalos-amarillo\/#primaryimage"},"thumbnailUrl":"https:\/\/distribuidorpanelrey.com.mx\/wp-content\/uploads\/2025\/08\/CASCO-AMARILLO.webp","datePublished":"2025-08-09T21:14:42+00:00","dateModified":"2025-08-18T04:21:21+00:00","description":"Casco de seguridad amarillo Truper, tipo cachucha con ajuste de intervalos. Cumple con la norma NOM-115-STPS y clase G (resiste hasta 2,200 V). Ideal para protecci\u00f3n en obras y actividades industriales.","breadcrumb":{"@id":"https:\/\/distribuidorpanelrey.com.mx\/producto\/casco-de-seguridad-ajuste-de-intervalos-amarillo\/#breadcrumb"},"inLanguage":"es","potentialAction":[{"@type":"ReadAction","target":["https:\/\/distribuidorpanelrey.com.mx\/producto\/casco-de-seguridad-ajuste-de-intervalos-amarillo\/"]}]},{"@type":"ImageObject","inLanguage":"es","@id":"https:\/\/distribuidorpanelrey.com.mx\/producto\/casco-de-seguridad-ajuste-de-intervalos-amarillo\/#primaryimage","url":"https:\/\/distribuidorpanelrey.com.mx\/wp-content\/uploads\/2025\/08\/CASCO-AMARILLO.webp","contentUrl":"https:\/\/distribuidorpanelrey.com.mx\/wp-content\/uploads\/2025\/08\/CASCO-AMARILLO.webp","width":1800,"height":1800},{"@type":"BreadcrumbList","@id":"https:\/\/distribuidorpanelrey.com.mx\/producto\/casco-de-seguridad-ajuste-de-intervalos-amarillo\/#breadcrumb","itemListElement":[{"@type":"ListItem","position":1,"name":"Portada","item":"https:\/\/distribuidorpanelrey.com.mx\/"},{"@type":"ListItem","position":2,"name":"Productos","item":"https:\/\/distribuidorpanelrey.com\/tienda\/"},{"@type":"ListItem","position":3,"name":"CASCO DE SEGURIDAD AJUSTE DE INTERVALOS AMARILLO"}]},{"@type":"WebSite","@id":"https:\/\/distribuidorpanelrey.com\/#website","url":"https:\/\/distribuidorpanelrey.com\/","name":"PANEL REY MEXICO","description":"DISTRIBUIDOR PANEL REY","publisher":{"@id":"https:\/\/distribuidorpanelrey.com\/#organization"},"alternateName":"DISTRIBUIDOR PANEL REY","potentialAction":[{"@type":"SearchAction","target":{"@type":"EntryPoint","urlTemplate":"https:\/\/distribuidorpanelrey.com\/?s={search_term_string}"},"query-input":{"@type":"PropertyValueSpecification","valueRequired":true,"valueName":"search_term_string"}}],"inLanguage":"es"},{"@type":"Organization","@id":"https:\/\/distribuidorpanelrey.com\/#organization","name":"PANEL REY MEXICO","url":"https:\/\/distribuidorpanelrey.com\/","logo":{"@type":"ImageObject","inLanguage":"es","@id":"https:\/\/distribuidorpanelrey.com\/#\/schema\/logo\/image\/","url":"https:\/\/distribuidorpanelrey.com.mx\/wp-content\/uploads\/2023\/11\/panelrey.webp","contentUrl":"https:\/\/distribuidorpanelrey.com.mx\/wp-content\/uploads\/2023\/11\/panelrey.webp","width":400,"height":150,"caption":"PANEL REY MEXICO"},"image":{"@id":"https:\/\/distribuidorpanelrey.com\/#\/schema\/logo\/image\/"},"sameAs":["https:\/\/www.facebook.com\/mexicopanelrey\/?locale=es_LA","https:\/\/www.instagram.com\/panel_rey_mexico\/?hl=es"]}]}},"_links":{"self":[{"href":"https:\/\/distribuidorpanelrey.com.mx\/wp-json\/wp\/v2\/product\/5451","targetHints":{"allow":["GET"]}}],"collection":[{"href":"https:\/\/distribuidorpanelrey.com.mx\/wp-json\/wp\/v2\/product"}],"about":[{"href":"https:\/\/distribuidorpanelrey.com.mx\/wp-json\/wp\/v2\/types\/product"}],"replies":[{"embeddable":true,"href":"https:\/\/distribuidorpanelrey.com.mx\/wp-json\/wp\/v2\/comments?post=5451"}],"version-history":[{"count":1,"href":"https:\/\/distribuidorpanelrey.com.mx\/wp-json\/wp\/v2\/product\/5451\/revisions"}],"predecessor-version":[{"id":5452,"href":"https:\/\/distribuidorpanelrey.com.mx\/wp-json\/wp\/v2\/product\/5451\/revisions\/5452"}],"wp:featuredmedia":[{"embeddable":true,"href":"https:\/\/distribuidorpanelrey.com.mx\/wp-json\/wp\/v2\/media\/5437"}],"wp:attachment":[{"href":"https:\/\/distribuidorpanelrey.com.mx\/wp-json\/wp\/v2\/media?parent=5451"}],"wp:term":[{"taxonomy":"product_brand","embeddable":true,"href":"https:\/\/distribuidorpanelrey.com.mx\/wp-json\/wp\/v2\/product_brand?post=5451"},{"taxonomy":"product_cat","embeddable":true,"href":"https:\/\/distribuidorpanelrey.com.mx\/wp-json\/wp\/v2\/product_cat?post=5451"},{"taxonomy":"product_tag","embeddable":true,"href":"https:\/\/distribuidorpanelrey.com.mx\/wp-json\/wp\/v2\/product_tag?post=5451"}],"curies":[{"name":"wp","href":"https:\/\/api.w.org\/{rel}","templated":true}]}}