{"id":6520,"date":"2025-09-12T01:23:46","date_gmt":"2025-09-12T01:23:46","guid":{"rendered":"https:\/\/distribuidorpanelrey.com.mx\/?post_type=product&#038;p=6520"},"modified":"2025-09-12T01:45:54","modified_gmt":"2025-09-12T01:45:54","slug":"panel-laminado-wpc-carbon-60-x-280-cm","status":"publish","type":"product","link":"https:\/\/distribuidorpanelrey.com.mx\/producto\/panel-laminado-wpc-carbon-60-x-280-cm\/","title":{"rendered":"PANEL LAMINADO WPC CARBON 60 X 280 cm"},"content":{"rendered":"<h2 data-start=\"2224\" data-end=\"2591\">PANEL LAMINADO WPC CARBON 60 X 280 cm<\/h2>\n<p data-start=\"2224\" data-end=\"2591\"><span class=\"_fadeIn_m1hgl_8\">El <\/span><span class=\"_fadeIn_m1hgl_8\">Panel <\/span><span class=\"_fadeIn_m1hgl_8\">Laminado <\/span><span class=\"_fadeIn_m1hgl_8\">WPC <\/span><span class=\"_fadeIn_m1hgl_8\">Carb\u00f3n <\/span><span class=\"_fadeIn_m1hgl_8\">aporta <\/span><span class=\"_fadeIn_m1hgl_8\">un <\/span><span class=\"_fadeIn_m1hgl_8\">estilo <\/span><span class=\"_fadeIn_m1hgl_8\">sofisticado <\/span><span class=\"_fadeIn_m1hgl_8\">y <\/span><span class=\"_fadeIn_m1hgl_8\">contempor\u00e1neo <\/span><span class=\"_fadeIn_m1hgl_8\">gracias <\/span><span class=\"_fadeIn_m1hgl_8\">a <\/span><span class=\"_fadeIn_m1hgl_8\">su <\/span><span class=\"_fadeIn_m1hgl_8\">acabado <\/span><span class=\"_fadeIn_m1hgl_8\">en <\/span><span class=\"_fadeIn_m1hgl_8\">tonos <\/span><span class=\"_fadeIn_m1hgl_8\">oscuros. <\/span><span class=\"_fadeIn_m1hgl_8\">Es <\/span><span class=\"_fadeIn_m1hgl_8\">perfecto <\/span><span class=\"_fadeIn_m1hgl_8\">para <\/span><span class=\"_fadeIn_m1hgl_8\">crear <\/span><span class=\"_fadeIn_m1hgl_8\">acentos <\/span><span class=\"_fadeIn_m1hgl_8\">decorativos <\/span><span class=\"_fadeIn_m1hgl_8\">o <\/span><span class=\"_fadeIn_m1hgl_8\">revestimientos <\/span><span class=\"_fadeIn_m1hgl_8\">con <\/span><span class=\"_fadeIn_m1hgl_8\">car\u00e1cter <\/span><span class=\"_fadeIn_m1hgl_8\">en <\/span><span class=\"_fadeIn_m1hgl_8\">interiores <\/span><span class=\"_fadeIn_m1hgl_8\">residenciales, <\/span><span class=\"_fadeIn_m1hgl_8\">oficinas <\/span><span class=\"_fadeIn_m1hgl_8\">o <\/span><span class=\"_fadeIn_m1hgl_8\">comercios. <\/span><span class=\"_fadeIn_m1hgl_8\">Su <\/span><span class=\"_fadeIn_m1hgl_8\">material <\/span><span class=\"_fadeIn_m1hgl_8\">WPC <\/span><span class=\"_fadeIn_m1hgl_8\">garantiza <\/span><span class=\"_fadeIn_m1hgl_8\">resistencia <\/span><span class=\"_fadeIn_m1hgl_8\">a <\/span><span class=\"_fadeIn_m1hgl_8\">la <\/span><span class=\"_fadeIn_m1hgl_8\">humedad <\/span><span class=\"_fadeIn_m1hgl_8\">y <\/span><span class=\"_fadeIn_m1hgl_8\">una <\/span><span class=\"_fadeIn_m1hgl_8\">larga <\/span><span class=\"_fadeIn_m1hgl_8\">vida <\/span><span class=\"_fadeIn_m1hgl_8\">\u00fatil, <\/span><span class=\"_fadeIn_m1hgl_8\">sin <\/span><span class=\"_fadeIn_m1hgl_8\">requerir <\/span><span class=\"_fadeIn_m1hgl_8\">mantenimiento <\/span><span class=\"_fadeIn_m1hgl_8\">constante.<\/span><\/p>\n<p data-start=\"248\" data-end=\"576\">es una soluci\u00f3n innovadora para revestimientos y fachadas que combina la resistencia y durabilidad de los materiales compuestos con un acabado sofisticado en color carbonizado. Ideal para proyectos tanto interiores como exteriores, este panel ofrece est\u00e9tica, funcionalidad y bajo mantenimiento.<\/p>\n<p data-start=\"578\" data-end=\"612\">\u2699\ufe0f <strong data-start=\"581\" data-end=\"612\">Caracter\u00edsticas destacadas:<\/strong><\/p>\n<ul data-start=\"613\" data-end=\"1169\">\n<li data-start=\"613\" data-end=\"724\">\n<p data-start=\"615\" data-end=\"724\">\ud83d\udccf <strong data-start=\"618\" data-end=\"634\">Dimensiones:<\/strong> 60 cm de ancho x 280 cm de largo, ideal para cubrir grandes superficies con menos cortes.<\/p>\n<\/li>\n<li data-start=\"725\" data-end=\"883\">\n<p data-start=\"727\" data-end=\"883\">\ud83e\udeb5 <strong data-start=\"730\" data-end=\"772\">Material WPC (Wood Plastic Composite):<\/strong> combinaci\u00f3n de fibras de madera y pl\u00e1stico que proporciona resistencia a la humedad, insectos y deformaciones.<\/p>\n<\/li>\n<li data-start=\"884\" data-end=\"989\">\n<p data-start=\"886\" data-end=\"989\">\ud83c\udf11 <strong data-start=\"889\" data-end=\"913\">Acabado color carbon<\/strong>, moderno y elegante, que aporta un toque contempor\u00e1neo a cualquier espacio.<\/p>\n<\/li>\n<li data-start=\"990\" data-end=\"1076\">\n<p data-start=\"992\" data-end=\"1076\">\ud83d\udca7 <strong data-start=\"995\" data-end=\"1040\">Resistente a la humedad y a la intemperie<\/strong>, apto para uso interior y exterior.<\/p>\n<\/li>\n<li data-start=\"1077\" data-end=\"1169\">\n<p data-start=\"1079\" data-end=\"1169\">\ud83d\udee0\ufe0f <strong data-start=\"1083\" data-end=\"1104\">F\u00e1cil instalaci\u00f3n<\/strong>, con sistema de encaje o fijaci\u00f3n recomendado por el fabricante.<\/p>\n<\/li>\n<\/ul>\n<hr data-start=\"1171\" data-end=\"1174\" \/>\n<h3 data-start=\"1176\" data-end=\"1201\">\ud83d\udca1 Usos recomendados:<\/h3>\n<ul data-start=\"1202\" data-end=\"1427\">\n<li data-start=\"1202\" data-end=\"1249\">\n<p data-start=\"1204\" data-end=\"1249\">Revestimiento de fachadas y muros exteriores.<\/p>\n<\/li>\n<li data-start=\"1250\" data-end=\"1310\">\n<p data-start=\"1252\" data-end=\"1310\">Paneles decorativos en interiores modernos y minimalistas.<\/p>\n<\/li>\n<li data-start=\"1311\" data-end=\"1360\">\n<p data-start=\"1313\" data-end=\"1360\">Terrazas, balcones, p\u00e9rgolas y \u00e1reas de jard\u00edn.<\/p>\n<\/li>\n<li data-start=\"1361\" data-end=\"1427\">\n<p data-start=\"1363\" data-end=\"1427\">Ambientes comerciales que buscan un estilo sobrio y sofisticado.<\/p>\n<\/li>\n<\/ul>\n<hr data-start=\"1429\" data-end=\"1432\" \/>\n<h3 data-start=\"1434\" data-end=\"1467\">\ud83d\udcd0 Especificaciones t\u00e9cnicas:<\/h3>\n<ul data-start=\"1468\" data-end=\"1744\">\n<li data-start=\"1468\" data-end=\"1509\">\n<p data-start=\"1470\" data-end=\"1509\"><strong data-start=\"1470\" data-end=\"1481\">Nombre:<\/strong> Panel Laminado WPC Carbon<\/p>\n<\/li>\n<li data-start=\"1510\" data-end=\"1541\">\n<p data-start=\"1512\" data-end=\"1541\"><strong data-start=\"1512\" data-end=\"1524\">Medidas:<\/strong> 60 cm x 280 cm<\/p>\n<\/li>\n<li data-start=\"1542\" data-end=\"1596\">\n<p data-start=\"1544\" data-end=\"1596\"><strong data-start=\"1544\" data-end=\"1557\">Material:<\/strong> Composite de madera y pl\u00e1stico (WPC)<\/p>\n<\/li>\n<li data-start=\"1597\" data-end=\"1635\">\n<p data-start=\"1599\" data-end=\"1635\"><strong data-start=\"1599\" data-end=\"1609\">Color:<\/strong> Carbon (negro gris\u00e1ceo)<\/p>\n<\/li>\n<li data-start=\"1636\" data-end=\"1668\">\n<p data-start=\"1638\" data-end=\"1668\"><strong data-start=\"1638\" data-end=\"1646\">Uso:<\/strong> Interior y exterior<\/p>\n<\/li>\n<li data-start=\"1669\" data-end=\"1744\">\n<p data-start=\"1671\" data-end=\"1744\"><strong data-start=\"1671\" data-end=\"1687\">Instalaci\u00f3n:<\/strong> Sistema de encaje o fijaci\u00f3n mec\u00e1nica (seg\u00fan fabricante)<\/p>\n<\/li>\n<\/ul>\n<p data-start=\"2593\" data-end=\"2613\"><strong data-start=\"2593\" data-end=\"2612\"><span class=\"_fadeIn_m1hgl_8\">Caracter\u00edsticas<\/span><\/strong><span class=\"_fadeIn_m1hgl_8\">:<\/span><\/p>\n<ul data-start=\"2614\" data-end=\"2927\">\n<li data-start=\"2614\" data-end=\"2639\">\n<p data-start=\"2616\" data-end=\"2639\"><span class=\"_fadeIn_m1hgl_8\">Medidas: <\/span><span class=\"_fadeIn_m1hgl_8\">60 <\/span><span class=\"_fadeIn_m1hgl_8\">x <\/span><span class=\"_fadeIn_m1hgl_8\">280 <\/span><span class=\"_fadeIn_m1hgl_8\">cm.<\/span><\/p>\n<\/li>\n<li data-start=\"2640\" data-end=\"2686\">\n<p data-start=\"2642\" data-end=\"2686\"><span class=\"_fadeIn_m1hgl_8\">Acabado <\/span><span class=\"_fadeIn_m1hgl_8\">tipo <\/span><span class=\"_fadeIn_m1hgl_8\">madera <\/span><span class=\"_fadeIn_m1hgl_8\">en <\/span><span class=\"_fadeIn_m1hgl_8\">tono <\/span><span class=\"_fadeIn_m1hgl_8\">carb\u00f3n <\/span><span class=\"_fadeIn_m1hgl_8\">oscuro.<\/span><\/p>\n<\/li>\n<li data-start=\"2687\" data-end=\"2733\">\n<p data-start=\"2689\" data-end=\"2733\"><span class=\"_fadeIn_m1hgl_8\">Ideal <\/span><span class=\"_fadeIn_m1hgl_8\">para <\/span><span class=\"_fadeIn_m1hgl_8\">ambientes <\/span><span class=\"_fadeIn_m1hgl_8\">elegantes <\/span><span class=\"_fadeIn_m1hgl_8\">y <\/span><span class=\"_fadeIn_m1hgl_8\">modernos.<\/span><\/p>\n<\/li>\n<li data-start=\"2734\" data-end=\"2776\">\n<p data-start=\"2736\" data-end=\"2776\"><span class=\"_fadeIn_m1hgl_8\">Resistente <\/span><span class=\"_fadeIn_m1hgl_8\">a <\/span><span class=\"_fadeIn_m1hgl_8\">la <\/span><span class=\"_fadeIn_m1hgl_8\">humedad <\/span><span class=\"_fadeIn_m1hgl_8\">y <\/span><span class=\"_fadeIn_m1hgl_8\">al <\/span><span class=\"_fadeIn_m1hgl_8\">desgaste.<\/span><\/p>\n<\/li>\n<li data-start=\"2777\" data-end=\"2818\">\n<p data-start=\"2779\" data-end=\"2818\"><span class=\"_fadeIn_m1hgl_8\">F\u00e1cil <\/span><span class=\"_fadeIn_m1hgl_8\">instalaci\u00f3n <\/span><span class=\"_fadeIn_m1hgl_8\">con <\/span><span class=\"_fadeIn_m1hgl_8\">sistema <\/span><span class=\"_fadeIn_m1hgl_8\">oculto.<\/span><\/p>\n<\/li>\n<li data-start=\"2819\" data-end=\"2854\">\n<p data-start=\"2821\" data-end=\"2854\"><span class=\"_fadeIn_m1hgl_8\">No <\/span><span class=\"_fadeIn_m1hgl_8\">requiere <\/span><span class=\"_fadeIn_m1hgl_8\">barniz <\/span><span class=\"_fadeIn_m1hgl_8\">ni <\/span><span class=\"_fadeIn_m1hgl_8\">sellador.<\/span><\/p>\n<\/li>\n<li data-start=\"2855\" data-end=\"2927\">\n<p data-start=\"2857\" data-end=\"2927\"><span class=\"_fadeIn_m1hgl_8\">Compatible <\/span><span class=\"_fadeIn_m1hgl_8\">con <\/span><span class=\"_fadeIn_m1hgl_8\">estilos <\/span><span class=\"_fadeIn_m1hgl_8\">industriales, <\/span><span class=\"_fadeIn_m1hgl_8\">minimalistas <\/span><span class=\"_fadeIn_m1hgl_8\">o <\/span><span class=\"_fadeIn_m1hgl_8\">de <\/span><span class=\"_fadeIn_m1hgl_8\">alto <\/span><span class=\"_fadeIn_m1hgl_8\">contraste.<\/span><\/p>\n<\/li>\n<\/ul>\n<p style=\"text-align: center;\">En\u00a0<strong data-start=\"82\" data-end=\"115\">Distribuidor Panel Rey M\u00e9xico<\/strong> encuentras calidad y confianza en productos <strong>Acero.<\/strong><br data-start=\"173\" data-end=\"176\" \/>\u2705 Env\u00edos a toda la Rep\u00fablica Mexicana. \u00a1Pregunta por nuestras promociones vigentes!<br data-start=\"259\" data-end=\"262\" data-is-only-node=\"\" \/>\u2705 Todos los precios incluyen IVA (sujetos a cambio sin previo aviso).<br data-start=\"331\" data-end=\"334\" \/>\u2705 Im\u00e1genes ilustrativas, el producto final puede presentar ligeras variaciones.<br data-start=\"413\" data-end=\"416\" \/>\ud83d\udcac \u00bfTienes dudas? Escr\u00edbenos por\u00a0<a href=\"https:\/\/www.facebook.com\/mexicopanelrey\">Facebook<\/a>\u00a0o\u00a0<a href=\"https:\/\/www.instagram.com\/panel_rey_mexico\/\">Instagram<\/a>.<br data-start=\"470\" data-end=\"473\" \/>\ud83d\udcde Tel:\u00a0<a href=\"tel:55 7397 6243\">55 7397 6243<\/a>\u00a0| WhatsApp:\u00a0<a href=\"https:\/\/api.whatsapp.com\/send?phone=525573976243\">5573976243<\/a><br data-start=\"518\" data-end=\"521\" \/>\ud83d\udce7\u00a0<a class=\"cursor-pointer\" href=\"mailto:ventas@distribuidorpanelrey.com\" rel=\"noopener\" data-start=\"524\" data-end=\"555\">ventas@distribuidorpanelrey.com<\/a><\/p>\n","protected":false},"excerpt":{"rendered":"<h4 style=\"text-align: center;\">Env\u00edos de 24 a 48 hr CDMX Y EDO MEX<\/h4>\n<p style=\"text-align: center;\">Rese\u00f1as\u00a0\u2605\u2605\u2605\u2605\u2605\u00a0 Env\u00edos Garantizados<\/p>\n<p style=\"text-align: center;\">Paga a meses o en efectivo.<\/p>\n<h4 style=\"text-align: center;\">\ud83d\udd25LOS MEJORES PRECIOS \ud83d\udd25<\/h4>\n","protected":false},"featured_media":6542,"comment_status":"open","ping_status":"closed","template":"","meta":[],"product_brand":[],"product_cat":[483],"product_tag":[1368,1360,1366,1367],"class_list":{"0":"post-6520","1":"product","2":"type-product","3":"status-publish","4":"has-post-thumbnail","6":"product_cat-plafon-y-suspension","7":"product_tag-60-x-280-cm","8":"product_tag-panel-laminado","9":"product_tag-panel-laminado-wpc-carbon-60-x-280-cm","10":"product_tag-wpc-carbon","12":"first","13":"instock","14":"shipping-taxable","15":"purchasable","16":"product-type-simple"},"yoast_head":"<!-- This site is optimized with the Yoast SEO plugin v27.1.1 - https:\/\/yoast.com\/product\/yoast-seo-wordpress\/ -->\n<title>PANEL LAMINADO WPC CARBON 60 X 280 cm - PANEL REY MEXICO<\/title>\n<meta name=\"description\" content=\"PANEL LAMINADO WPC CARB\u00d3N 60 x 280 cm, ideal para recubrimientos interiores y exteriores. Resistente, durable y de f\u00e1cil instalaci\u00f3n, con acabado tipo madera en tono carb\u00f3n que aporta modernidad y elegancia.\" \/>\n<meta name=\"robots\" content=\"index, follow, max-snippet:-1, max-image-preview:large, max-video-preview:-1\" \/>\n<link rel=\"canonical\" href=\"https:\/\/distribuidorpanelrey.com.mx\/producto\/panel-laminado-wpc-carbon-60-x-280-cm\/\" \/>\n<meta property=\"og:locale\" content=\"es_ES\" \/>\n<meta property=\"og:type\" content=\"article\" \/>\n<meta property=\"og:title\" content=\"PANEL LAMINADO WPC CARBON 60 X 280 cm - PANEL REY MEXICO\" \/>\n<meta property=\"og:description\" content=\"PANEL LAMINADO WPC CARB\u00d3N 60 x 280 cm, ideal para recubrimientos interiores y exteriores. Resistente, durable y de f\u00e1cil instalaci\u00f3n, con acabado tipo madera en tono carb\u00f3n que aporta modernidad y elegancia.\" \/>\n<meta property=\"og:url\" content=\"https:\/\/distribuidorpanelrey.com.mx\/producto\/panel-laminado-wpc-carbon-60-x-280-cm\/\" \/>\n<meta property=\"og:site_name\" content=\"PANEL REY MEXICO\" \/>\n<meta property=\"article:publisher\" content=\"https:\/\/www.facebook.com\/mexicopanelrey\/?locale=es_LA\" \/>\n<meta property=\"article:modified_time\" content=\"2025-09-12T01:45:54+00:00\" \/>\n<meta property=\"og:image\" content=\"https:\/\/distribuidorpanelrey.com.mx\/wp-content\/uploads\/2025\/09\/LAMINADO-WPC-CARBON.webp\" \/>\n\t<meta property=\"og:image:width\" content=\"1080\" \/>\n\t<meta property=\"og:image:height\" content=\"1080\" \/>\n\t<meta property=\"og:image:type\" content=\"image\/webp\" \/>\n<meta name=\"twitter:card\" content=\"summary_large_image\" \/>\n<meta name=\"twitter:label1\" content=\"Tiempo de lectura\" \/>\n\t<meta name=\"twitter:data1\" content=\"2 minutos\" \/>\n<script type=\"application\/ld+json\" class=\"yoast-schema-graph\">{\"@context\":\"https:\/\/schema.org\",\"@graph\":[{\"@type\":\"WebPage\",\"@id\":\"https:\/\/distribuidorpanelrey.com.mx\/producto\/panel-laminado-wpc-carbon-60-x-280-cm\/\",\"url\":\"https:\/\/distribuidorpanelrey.com.mx\/producto\/panel-laminado-wpc-carbon-60-x-280-cm\/\",\"name\":\"PANEL LAMINADO WPC CARBON 60 X 280 cm - PANEL REY MEXICO\",\"isPartOf\":{\"@id\":\"https:\/\/distribuidorpanelrey.com\/#website\"},\"primaryImageOfPage\":{\"@id\":\"https:\/\/distribuidorpanelrey.com.mx\/producto\/panel-laminado-wpc-carbon-60-x-280-cm\/#primaryimage\"},\"image\":{\"@id\":\"https:\/\/distribuidorpanelrey.com.mx\/producto\/panel-laminado-wpc-carbon-60-x-280-cm\/#primaryimage\"},\"thumbnailUrl\":\"https:\/\/distribuidorpanelrey.com.mx\/wp-content\/uploads\/2025\/09\/LAMINADO-WPC-CARBON.webp\",\"datePublished\":\"2025-09-12T01:23:46+00:00\",\"dateModified\":\"2025-09-12T01:45:54+00:00\",\"description\":\"PANEL LAMINADO WPC CARB\u00d3N 60 x 280 cm, ideal para recubrimientos interiores y exteriores. Resistente, durable y de f\u00e1cil instalaci\u00f3n, con acabado tipo madera en tono carb\u00f3n que aporta modernidad y elegancia.\",\"breadcrumb\":{\"@id\":\"https:\/\/distribuidorpanelrey.com.mx\/producto\/panel-laminado-wpc-carbon-60-x-280-cm\/#breadcrumb\"},\"inLanguage\":\"es\",\"potentialAction\":[{\"@type\":\"ReadAction\",\"target\":[\"https:\/\/distribuidorpanelrey.com.mx\/producto\/panel-laminado-wpc-carbon-60-x-280-cm\/\"]}]},{\"@type\":\"ImageObject\",\"inLanguage\":\"es\",\"@id\":\"https:\/\/distribuidorpanelrey.com.mx\/producto\/panel-laminado-wpc-carbon-60-x-280-cm\/#primaryimage\",\"url\":\"https:\/\/distribuidorpanelrey.com.mx\/wp-content\/uploads\/2025\/09\/LAMINADO-WPC-CARBON.webp\",\"contentUrl\":\"https:\/\/distribuidorpanelrey.com.mx\/wp-content\/uploads\/2025\/09\/LAMINADO-WPC-CARBON.webp\",\"width\":1080,\"height\":1080},{\"@type\":\"BreadcrumbList\",\"@id\":\"https:\/\/distribuidorpanelrey.com.mx\/producto\/panel-laminado-wpc-carbon-60-x-280-cm\/#breadcrumb\",\"itemListElement\":[{\"@type\":\"ListItem\",\"position\":1,\"name\":\"Portada\",\"item\":\"https:\/\/distribuidorpanelrey.com.mx\/\"},{\"@type\":\"ListItem\",\"position\":2,\"name\":\"Productos\",\"item\":\"https:\/\/distribuidorpanelrey.com\/tienda\/\"},{\"@type\":\"ListItem\",\"position\":3,\"name\":\"PANEL LAMINADO WPC CARBON 60 X 280 cm\"}]},{\"@type\":\"WebSite\",\"@id\":\"https:\/\/distribuidorpanelrey.com\/#website\",\"url\":\"https:\/\/distribuidorpanelrey.com\/\",\"name\":\"PANEL REY MEXICO\",\"description\":\"DISTRIBUIDOR PANEL REY\",\"publisher\":{\"@id\":\"https:\/\/distribuidorpanelrey.com\/#organization\"},\"alternateName\":\"DISTRIBUIDOR PANEL REY\",\"potentialAction\":[{\"@type\":\"SearchAction\",\"target\":{\"@type\":\"EntryPoint\",\"urlTemplate\":\"https:\/\/distribuidorpanelrey.com\/?s={search_term_string}\"},\"query-input\":{\"@type\":\"PropertyValueSpecification\",\"valueRequired\":true,\"valueName\":\"search_term_string\"}}],\"inLanguage\":\"es\"},{\"@type\":\"Organization\",\"@id\":\"https:\/\/distribuidorpanelrey.com\/#organization\",\"name\":\"PANEL REY MEXICO\",\"url\":\"https:\/\/distribuidorpanelrey.com\/\",\"logo\":{\"@type\":\"ImageObject\",\"inLanguage\":\"es\",\"@id\":\"https:\/\/distribuidorpanelrey.com\/#\/schema\/logo\/image\/\",\"url\":\"https:\/\/distribuidorpanelrey.com.mx\/wp-content\/uploads\/2023\/11\/panelrey.webp\",\"contentUrl\":\"https:\/\/distribuidorpanelrey.com.mx\/wp-content\/uploads\/2023\/11\/panelrey.webp\",\"width\":400,\"height\":150,\"caption\":\"PANEL REY MEXICO\"},\"image\":{\"@id\":\"https:\/\/distribuidorpanelrey.com\/#\/schema\/logo\/image\/\"},\"sameAs\":[\"https:\/\/www.facebook.com\/mexicopanelrey\/?locale=es_LA\",\"https:\/\/www.instagram.com\/panel_rey_mexico\/?hl=es\"]}]}<\/script>\n<!-- \/ Yoast SEO plugin. -->","yoast_head_json":{"title":"PANEL LAMINADO WPC CARBON 60 X 280 cm - PANEL REY MEXICO","description":"PANEL LAMINADO WPC CARB\u00d3N 60 x 280 cm, ideal para recubrimientos interiores y exteriores. Resistente, durable y de f\u00e1cil instalaci\u00f3n, con acabado tipo madera en tono carb\u00f3n que aporta modernidad y elegancia.","robots":{"index":"index","follow":"follow","max-snippet":"max-snippet:-1","max-image-preview":"max-image-preview:large","max-video-preview":"max-video-preview:-1"},"canonical":"https:\/\/distribuidorpanelrey.com.mx\/producto\/panel-laminado-wpc-carbon-60-x-280-cm\/","og_locale":"es_ES","og_type":"article","og_title":"PANEL LAMINADO WPC CARBON 60 X 280 cm - PANEL REY MEXICO","og_description":"PANEL LAMINADO WPC CARB\u00d3N 60 x 280 cm, ideal para recubrimientos interiores y exteriores. Resistente, durable y de f\u00e1cil instalaci\u00f3n, con acabado tipo madera en tono carb\u00f3n que aporta modernidad y elegancia.","og_url":"https:\/\/distribuidorpanelrey.com.mx\/producto\/panel-laminado-wpc-carbon-60-x-280-cm\/","og_site_name":"PANEL REY MEXICO","article_publisher":"https:\/\/www.facebook.com\/mexicopanelrey\/?locale=es_LA","article_modified_time":"2025-09-12T01:45:54+00:00","og_image":[{"width":1080,"height":1080,"url":"https:\/\/distribuidorpanelrey.com.mx\/wp-content\/uploads\/2025\/09\/LAMINADO-WPC-CARBON.webp","type":"image\/webp"}],"twitter_card":"summary_large_image","twitter_misc":{"Tiempo de lectura":"2 minutos"},"schema":{"@context":"https:\/\/schema.org","@graph":[{"@type":"WebPage","@id":"https:\/\/distribuidorpanelrey.com.mx\/producto\/panel-laminado-wpc-carbon-60-x-280-cm\/","url":"https:\/\/distribuidorpanelrey.com.mx\/producto\/panel-laminado-wpc-carbon-60-x-280-cm\/","name":"PANEL LAMINADO WPC CARBON 60 X 280 cm - PANEL REY MEXICO","isPartOf":{"@id":"https:\/\/distribuidorpanelrey.com\/#website"},"primaryImageOfPage":{"@id":"https:\/\/distribuidorpanelrey.com.mx\/producto\/panel-laminado-wpc-carbon-60-x-280-cm\/#primaryimage"},"image":{"@id":"https:\/\/distribuidorpanelrey.com.mx\/producto\/panel-laminado-wpc-carbon-60-x-280-cm\/#primaryimage"},"thumbnailUrl":"https:\/\/distribuidorpanelrey.com.mx\/wp-content\/uploads\/2025\/09\/LAMINADO-WPC-CARBON.webp","datePublished":"2025-09-12T01:23:46+00:00","dateModified":"2025-09-12T01:45:54+00:00","description":"PANEL LAMINADO WPC CARB\u00d3N 60 x 280 cm, ideal para recubrimientos interiores y exteriores. Resistente, durable y de f\u00e1cil instalaci\u00f3n, con acabado tipo madera en tono carb\u00f3n que aporta modernidad y elegancia.","breadcrumb":{"@id":"https:\/\/distribuidorpanelrey.com.mx\/producto\/panel-laminado-wpc-carbon-60-x-280-cm\/#breadcrumb"},"inLanguage":"es","potentialAction":[{"@type":"ReadAction","target":["https:\/\/distribuidorpanelrey.com.mx\/producto\/panel-laminado-wpc-carbon-60-x-280-cm\/"]}]},{"@type":"ImageObject","inLanguage":"es","@id":"https:\/\/distribuidorpanelrey.com.mx\/producto\/panel-laminado-wpc-carbon-60-x-280-cm\/#primaryimage","url":"https:\/\/distribuidorpanelrey.com.mx\/wp-content\/uploads\/2025\/09\/LAMINADO-WPC-CARBON.webp","contentUrl":"https:\/\/distribuidorpanelrey.com.mx\/wp-content\/uploads\/2025\/09\/LAMINADO-WPC-CARBON.webp","width":1080,"height":1080},{"@type":"BreadcrumbList","@id":"https:\/\/distribuidorpanelrey.com.mx\/producto\/panel-laminado-wpc-carbon-60-x-280-cm\/#breadcrumb","itemListElement":[{"@type":"ListItem","position":1,"name":"Portada","item":"https:\/\/distribuidorpanelrey.com.mx\/"},{"@type":"ListItem","position":2,"name":"Productos","item":"https:\/\/distribuidorpanelrey.com\/tienda\/"},{"@type":"ListItem","position":3,"name":"PANEL LAMINADO WPC CARBON 60 X 280 cm"}]},{"@type":"WebSite","@id":"https:\/\/distribuidorpanelrey.com\/#website","url":"https:\/\/distribuidorpanelrey.com\/","name":"PANEL REY MEXICO","description":"DISTRIBUIDOR PANEL REY","publisher":{"@id":"https:\/\/distribuidorpanelrey.com\/#organization"},"alternateName":"DISTRIBUIDOR PANEL REY","potentialAction":[{"@type":"SearchAction","target":{"@type":"EntryPoint","urlTemplate":"https:\/\/distribuidorpanelrey.com\/?s={search_term_string}"},"query-input":{"@type":"PropertyValueSpecification","valueRequired":true,"valueName":"search_term_string"}}],"inLanguage":"es"},{"@type":"Organization","@id":"https:\/\/distribuidorpanelrey.com\/#organization","name":"PANEL REY MEXICO","url":"https:\/\/distribuidorpanelrey.com\/","logo":{"@type":"ImageObject","inLanguage":"es","@id":"https:\/\/distribuidorpanelrey.com\/#\/schema\/logo\/image\/","url":"https:\/\/distribuidorpanelrey.com.mx\/wp-content\/uploads\/2023\/11\/panelrey.webp","contentUrl":"https:\/\/distribuidorpanelrey.com.mx\/wp-content\/uploads\/2023\/11\/panelrey.webp","width":400,"height":150,"caption":"PANEL REY MEXICO"},"image":{"@id":"https:\/\/distribuidorpanelrey.com\/#\/schema\/logo\/image\/"},"sameAs":["https:\/\/www.facebook.com\/mexicopanelrey\/?locale=es_LA","https:\/\/www.instagram.com\/panel_rey_mexico\/?hl=es"]}]}},"_links":{"self":[{"href":"https:\/\/distribuidorpanelrey.com.mx\/wp-json\/wp\/v2\/product\/6520","targetHints":{"allow":["GET"]}}],"collection":[{"href":"https:\/\/distribuidorpanelrey.com.mx\/wp-json\/wp\/v2\/product"}],"about":[{"href":"https:\/\/distribuidorpanelrey.com.mx\/wp-json\/wp\/v2\/types\/product"}],"replies":[{"embeddable":true,"href":"https:\/\/distribuidorpanelrey.com.mx\/wp-json\/wp\/v2\/comments?post=6520"}],"version-history":[{"count":3,"href":"https:\/\/distribuidorpanelrey.com.mx\/wp-json\/wp\/v2\/product\/6520\/revisions"}],"predecessor-version":[{"id":6556,"href":"https:\/\/distribuidorpanelrey.com.mx\/wp-json\/wp\/v2\/product\/6520\/revisions\/6556"}],"wp:featuredmedia":[{"embeddable":true,"href":"https:\/\/distribuidorpanelrey.com.mx\/wp-json\/wp\/v2\/media\/6542"}],"wp:attachment":[{"href":"https:\/\/distribuidorpanelrey.com.mx\/wp-json\/wp\/v2\/media?parent=6520"}],"wp:term":[{"taxonomy":"product_brand","embeddable":true,"href":"https:\/\/distribuidorpanelrey.com.mx\/wp-json\/wp\/v2\/product_brand?post=6520"},{"taxonomy":"product_cat","embeddable":true,"href":"https:\/\/distribuidorpanelrey.com.mx\/wp-json\/wp\/v2\/product_cat?post=6520"},{"taxonomy":"product_tag","embeddable":true,"href":"https:\/\/distribuidorpanelrey.com.mx\/wp-json\/wp\/v2\/product_tag?post=6520"}],"curies":[{"name":"wp","href":"https:\/\/api.w.org\/{rel}","templated":true}]}}